104.197.69.115 - - [20/Dec/2025:16:02:45 +0100] "GET /wp-content/uploads/elementor/google-fonts/css/robotoslab.css?ver=1744402420 HTTP/2.0" 200 738 "http://portfolio.jules.renauld.mmi-velizy.fr/" "Mozilla/5.0 (Linux; Android 8.0.0;) AppleWebKit/537.36 (KHTML, like Gecko) Chrome/80.0.3987.132 Mobile Safari/537.36"
104.197.69.115 - - [20/Dec/2025:16:02:45 +0100] "GET /wp-content/plugins/elementor/assets/css/widget-image.min.css?ver=3.29.0 HTTP/2.0" 200 120 "http://portfolio.jules.renauld.mmi-velizy.fr/" "Mozilla/5.0 (Linux; Android 8.0.0;) AppleWebKit/537.36 (KHTML, like Gecko) Chrome/80.0.3987.132 Mobile Safari/537.36"
104.197.69.115 - - [20/Dec/2025:16:02:45 +0100] "GET /wp-content/uploads/elementor/google-fonts/css/poppins.css?ver=1744463535 HTTP/2.0" 200 638 "http://portfolio.jules.renauld.mmi-velizy.fr/" "Mozilla/5.0 (Linux; Android 8.0.0;) AppleWebKit/537.36 (KHTML, like Gecko) Chrome/80.0.3987.132 Mobile Safari/537.36"
104.197.69.115 - - [20/Dec/2025:16:02:45 +0100] "GET /wp-content/themes/astra/assets/css/minified/main.min.css?ver=4.10.1 HTTP/2.0" 200 8490 "http://portfolio.jules.renauld.mmi-velizy.fr/" "Mozilla/5.0 (Linux; Android 8.0.0;) AppleWebKit/537.36 (KHTML, like Gecko) Chrome/80.0.3987.132 Mobile Safari/537.36"
104.197.69.115 - - [20/Dec/2025:16:02:45 +0100] "GET /wp-includes/js/jquery/jquery-migrate.min.js?ver=3.4.1 HTTP/2.0" 200 4685 "http://portfolio.jules.renauld.mmi-velizy.fr/" "Mozilla/5.0 (Linux; Android 8.0.0;) AppleWebKit/537.36 (KHTML, like Gecko) Chrome/80.0.3987.132 Mobile Safari/537.36"
104.197.69.115 - - [20/Dec/2025:16:02:45 +0100] "GET /wp-content/uploads/elementor/google-fonts/css/roboto.css?ver=1744402376 HTTP/2.0" 200 1896 "http://portfolio.jules.renauld.mmi-velizy.fr/" "Mozilla/5.0 (Linux; Android 8.0.0;) AppleWebKit/537.36 (KHTML, like Gecko) Chrome/80.0.3987.132 Mobile Safari/537.36"
104.197.69.115 - - [20/Dec/2025:16:02:45 +0100] "GET /wp-content/uploads/elementor/css/post-4255.css?ver=1765425324 HTTP/2.0" 200 3662 "http://portfolio.jules.renauld.mmi-velizy.fr/" "Mozilla/5.0 (Linux; Android 8.0.0;) AppleWebKit/537.36 (KHTML, like Gecko) Chrome/80.0.3987.132 Mobile Safari/537.36"
34.122.147.229 - - [20/Dec/2025:16:02:45 +0100] "GET /wp-content/uploads/elementor/google-fonts/fonts/poppins-pxibyp8kv8jhgfvrlgt9z1xlfq.woff2 HTTP/2.0" 200 7752 "https://portfolio.jules.renauld.mmi-velizy.fr/wp-content/uploads/elementor/google-fonts/css/poppins.css?ver=1744463535" "Mozilla/5.0 (iPhone; CPU iPhone OS 12_2 like Mac OS X) AppleWebKit/605.1.15 (KHTML, like Gecko) CriOS/73.0.3683.68 Mobile/15E148 Safari/605.1"
104.197.69.115 - - [20/Dec/2025:16:02:45 +0100] "GET /wp-content/uploads/2025/06/metro_porto_jules_renauld_portfolio-1024x889.webp HTTP/2.0" 200 68959 "http://portfolio.jules.renauld.mmi-velizy.fr/" "Mozilla/5.0 (Linux; Android 8.0.0;) AppleWebKit/537.36 (KHTML, like Gecko) Chrome/80.0.3987.132 Mobile Safari/537.36"
34.72.176.129 - - [20/Dec/2025:16:02:45 +0100] "GET /wp-content/themes/astra/assets/css/minified/main.min.css?ver=4.10.1 HTTP/2.0" 200 8490 "http://portfolio.jules.renauld.mmi-velizy.fr/" "Mozilla/5.0 (Windows NT 10.0; Win64; x64) AppleWebKit/537.36 (KHTML, like Gecko) Chrome/125.0.6422.60 Safari/537.36 Edge/12.246"
34.72.176.129 - - [20/Dec/2025:16:02:45 +0100] "GET /wp-includes/js/jquery/jquery.min.js?ver=3.7.1 HTTP/2.0" 200 29769 "http://portfolio.jules.renauld.mmi-velizy.fr/" "Mozilla/5.0 (Windows NT 10.0; Win64; x64) AppleWebKit/537.36 (KHTML, like Gecko) Chrome/125.0.6422.60 Safari/537.36 Edge/12.246"
34.72.176.129 - - [20/Dec/2025:16:02:45 +0100] "GET /wp-content/plugins/elementor-pro/assets/js/page-transitions.min.js?ver=3.28.2 HTTP/2.0" 200 12283 "http://portfolio.jules.renauld.mmi-velizy.fr/" "Mozilla/5.0 (Windows NT 10.0; Win64; x64) AppleWebKit/537.36 (KHTML, like Gecko) Chrome/125.0.6422.60 Safari/537.36 Edge/12.246"
34.72.176.129 - - [20/Dec/2025:16:02:45 +0100] "GET /wp-content/uploads/2025/05/0001-1024x576.webp HTTP/2.0" 200 10056 "http://portfolio.jules.renauld.mmi-velizy.fr/" "Mozilla/5.0 (Windows NT 10.0; Win64; x64) AppleWebKit/537.36 (KHTML, like Gecko) Chrome/125.0.6422.60 Safari/537.36 Edge/12.246"
104.197.69.115 - - [20/Dec/2025:16:02:45 +0100] "GET /wp-content/plugins/elementor/assets/css/frontend.min.css?ver=3.29.0 HTTP/2.0" 200 6476 "http://portfolio.jules.renauld.mmi-velizy.fr/" "Mozilla/5.0 (Linux; Android 8.0.0;) AppleWebKit/537.36 (KHTML, like Gecko) Chrome/80.0.3987.132 Mobile Safari/537.36"
104.197.69.115 - - [20/Dec/2025:16:02:45 +0100] "GET /wp-includes/js/jquery/jquery.min.js?ver=3.7.1 HTTP/2.0" 200 29769 "http://portfolio.jules.renauld.mmi-velizy.fr/" "Mozilla/5.0 (Linux; Android 8.0.0;) AppleWebKit/537.36 (KHTML, like Gecko) Chrome/80.0.3987.132 Mobile Safari/537.36"
104.197.69.115 - - [20/Dec/2025:16:02:45 +0100] "GET /wp-content/plugins/elementor-pro/assets/js/page-transitions.min.js?ver=3.28.2 HTTP/2.0" 200 12283 "http://portfolio.jules.renauld.mmi-velizy.fr/" "Mozilla/5.0 (Linux; Android 8.0.0;) AppleWebKit/537.36 (KHTML, like Gecko) Chrome/80.0.3987.132 Mobile Safari/537.36"
104.197.69.115 - - [20/Dec/2025:16:02:46 +0100] "GET /wp-content/uploads/2025/05/0001-1024x576.webp HTTP/2.0" 200 10056 "http://portfolio.jules.renauld.mmi-velizy.fr/" "Mozilla/5.0 (Linux; Android 8.0.0;) AppleWebKit/537.36 (KHTML, like Gecko) Chrome/80.0.3987.132 Mobile Safari/537.36"
104.197.69.115 - - [20/Dec/2025:16:02:46 +0100] "GET /wp-content/uploads/2025/05/cursed2a.webp HTTP/2.0" 200 207124 "http://portfolio.jules.renauld.mmi-velizy.fr/" "Mozilla/5.0 (Linux; Android 8.0.0;) AppleWebKit/537.36 (KHTML, like Gecko) Chrome/80.0.3987.132 Mobile Safari/537.36"
34.122.147.229 - - [20/Dec/2025:16:02:45 +0100] "GET /wp-content/uploads/2025/04/Coolvetica-Rg.otf HTTP/2.0" 200 44877 "http://portfolio.jules.renauld.mmi-velizy.fr/" "Mozilla/5.0 (iPhone; CPU iPhone OS 12_2 like Mac OS X) AppleWebKit/605.1.15 (KHTML, like Gecko) CriOS/73.0.3683.68 Mobile/15E148 Safari/605.1"
34.122.147.229 - - [20/Dec/2025:16:02:45 +0100] "GET /wp-content/uploads/elementor/google-fonts/fonts/poppins-pxidyp8kv8jhgfvrjjlmv1pvf9eo.woff2 HTTP/2.0" 200 8724 "https://portfolio.jules.renauld.mmi-velizy.fr/wp-content/uploads/elementor/google-fonts/css/poppins.css?ver=1744463535" "Mozilla/5.0 (iPhone; CPU iPhone OS 12_2 like Mac OS X) AppleWebKit/605.1.15 (KHTML, like Gecko) CriOS/73.0.3683.68 Mobile/15E148 Safari/605.1"
34.122.147.229 - - [20/Dec/2025:16:02:45 +0100] "GET /wp-content/uploads/elementor/google-fonts/fonts/roboto-kfo7cnqeu92fr1me7ksn66agldtyluama3yuba.woff2 HTTP/2.0" 200 40132 "https://portfolio.jules.renauld.mmi-velizy.fr/wp-content/uploads/elementor/google-fonts/css/roboto.css?ver=1744402376" "Mozilla/5.0 (iPhone; CPU iPhone OS 12_2 like Mac OS X) AppleWebKit/605.1.15 (KHTML, like Gecko) CriOS/73.0.3683.68 Mobile/15E148 Safari/605.1"
34.122.147.229 - - [20/Dec/2025:16:02:45 +0100] "GET /wp-content/uploads/elementor/google-fonts/fonts/poppins-pxibyp8kv8jhgfvrlcz7z1xlfq.woff2 HTTP/2.0" 200 7820 "https://portfolio.jules.renauld.mmi-velizy.fr/wp-content/uploads/elementor/google-fonts/css/poppins.css?ver=1744463535" "Mozilla/5.0 (iPhone; CPU iPhone OS 12_2 like Mac OS X) AppleWebKit/605.1.15 (KHTML, like Gecko) CriOS/73.0.3683.68 Mobile/15E148 Safari/605.1"
34.122.147.229 - - [20/Dec/2025:16:02:45 +0100] "GET /wp-content/uploads/elementor/google-fonts/fonts/poppins-pxidyp8kv8jhgfvrjjlm21lvf9eo.woff2 HTTP/2.0" 200 8714 "https://portfolio.jules.renauld.mmi-velizy.fr/wp-content/uploads/elementor/google-fonts/css/poppins.css?ver=1744463535" "Mozilla/5.0 (iPhone; CPU iPhone OS 12_2 like Mac OS X) AppleWebKit/605.1.15 (KHTML, like Gecko) CriOS/73.0.3683.68 Mobile/15E148 Safari/605.1"
34.122.147.229 - - [20/Dec/2025:16:02:45 +0100] "GET /wp-content/uploads/elementor/google-fonts/fonts/poppins-pxibyp8kv8jhgfvrldz8z1xlfq.woff2 HTTP/2.0" 200 7844 "https://portfolio.jules.renauld.mmi-velizy.fr/wp-content/uploads/elementor/google-fonts/css/poppins.css?ver=1744463535" "Mozilla/5.0 (iPhone; CPU iPhone OS 12_2 like Mac OS X) AppleWebKit/605.1.15 (KHTML, like Gecko) CriOS/73.0.3683.68 Mobile/15E148 Safari/605.1"
104.197.69.115 - - [20/Dec/2025:16:02:46 +0100] "GET /wp-content/themes/astra/assets/js/minified/frontend.min.js?ver=4.10.1 HTTP/2.0" 200 8886 "http://portfolio.jules.renauld.mmi-velizy.fr/" "Mozilla/5.0 (Linux; Android 8.0.0;) AppleWebKit/537.36 (KHTML, like Gecko) Chrome/80.0.3987.132 Mobile Safari/537.36"
34.72.176.129 - - [20/Dec/2025:16:02:46 +0100] "GET /wp-content/plugins/elementor/assets/css/widget-heading.min.css?ver=3.29.0 HTTP/2.0" 200 155 "http://portfolio.jules.renauld.mmi-velizy.fr/" "Mozilla/5.0 (Macintosh; Intel Mac OS X 10_15_7) AppleWebKit/537.36 (KHTML, like Gecko) Chrome/138.0.0.0 Safari/537.36"
34.72.176.129 - - [20/Dec/2025:16:02:46 +0100] "GET /wp-content/plugins/elementor-pro/assets/css/modules/sticky.min.css?ver=3.28.2 HTTP/2.0" 200 86 "http://portfolio.jules.renauld.mmi-velizy.fr/" "Mozilla/5.0 (Macintosh; Intel Mac OS X 10_15_7) AppleWebKit/537.36 (KHTML, like Gecko) Chrome/138.0.0.0 Safari/537.36"
34.72.176.129 - - [20/Dec/2025:16:02:46 +0100] "GET /wp-content/uploads/elementor/css/post-8.css?ver=1765425321 HTTP/2.0" 200 411 "http://portfolio.jules.renauld.mmi-velizy.fr/" "Mozilla/5.0 (Macintosh; Intel Mac OS X 10_15_7) AppleWebKit/537.36 (KHTML, like Gecko) Chrome/138.0.0.0 Safari/537.36"
34.72.176.129 - - [20/Dec/2025:16:02:46 +0100] "GET /wp-content/plugins/elementor-pro/assets/css/widget-nav-menu.min.css?ver=3.28.2 HTTP/2.0" 200 3174 "http://portfolio.jules.renauld.mmi-velizy.fr/" "Mozilla/5.0 (Macintosh; Intel Mac OS X 10_15_7) AppleWebKit/537.36 (KHTML, like Gecko) Chrome/138.0.0.0 Safari/537.36"
34.72.176.129 - - [20/Dec/2025:16:02:46 +0100] "GET /wp-content/uploads/elementor/google-fonts/css/robotoslab.css?ver=1744402420 HTTP/2.0" 200 738 "http://portfolio.jules.renauld.mmi-velizy.fr/" "Mozilla/5.0 (Macintosh; Intel Mac OS X 10_15_7) AppleWebKit/537.36 (KHTML, like Gecko) Chrome/138.0.0.0 Safari/537.36"
34.72.176.129 - - [20/Dec/2025:16:02:46 +0100] "GET /wp-content/plugins/elementor/assets/css/widget-image.min.css?ver=3.29.0 HTTP/2.0" 200 120 "http://portfolio.jules.renauld.mmi-velizy.fr/" "Mozilla/5.0 (Macintosh; Intel Mac OS X 10_15_7) AppleWebKit/537.36 (KHTML, like Gecko) Chrome/138.0.0.0 Safari/537.36"
34.72.176.129 - - [20/Dec/2025:16:02:46 +0100] "GET /wp-content/plugins/elementor/assets/css/frontend.min.css?ver=3.29.0 HTTP/2.0" 200 6476 "http://portfolio.jules.renauld.mmi-velizy.fr/" "Mozilla/5.0 (Macintosh; Intel Mac OS X 10_15_7) AppleWebKit/537.36 (KHTML, like Gecko) Chrome/138.0.0.0 Safari/537.36"
34.72.176.129 - - [20/Dec/2025:16:02:46 +0100] "GET /wp-content/uploads/elementor/google-fonts/css/poppins.css?ver=1744463535 HTTP/2.0" 200 638 "http://portfolio.jules.renauld.mmi-velizy.fr/" "Mozilla/5.0 (Macintosh; Intel Mac OS X 10_15_7) AppleWebKit/537.36 (KHTML, like Gecko) Chrome/138.0.0.0 Safari/537.36"
34.72.176.129 - - [20/Dec/2025:16:02:46 +0100] "GET /wp-content/themes/astra/assets/css/minified/main.min.css?ver=4.10.1 HTTP/2.0" 200 8490 "http://portfolio.jules.renauld.mmi-velizy.fr/" "Mozilla/5.0 (Macintosh; Intel Mac OS X 10_15_7) AppleWebKit/537.36 (KHTML, like Gecko) Chrome/138.0.0.0 Safari/537.36"
34.72.176.129 - - [20/Dec/2025:16:02:46 +0100] "GET /wp-content/uploads/elementor/css/post-4255.css?ver=1765425324 HTTP/2.0" 200 3662 "http://portfolio.jules.renauld.mmi-velizy.fr/" "Mozilla/5.0 (Macintosh; Intel Mac OS X 10_15_7) AppleWebKit/537.36 (KHTML, like Gecko) Chrome/138.0.0.0 Safari/537.36"
104.197.69.115 - - [20/Dec/2025:16:02:46 +0100] "GET /wp-content/plugins/elementor-pro/assets//lib/instant-page/instant-page.min.js?ver=3.28.2 HTTP/2.0" 200 4272 "http://portfolio.jules.renauld.mmi-velizy.fr/" "Mozilla/5.0 (Linux; Android 8.0.0;) AppleWebKit/537.36 (KHTML, like Gecko) Chrome/80.0.3987.132 Mobile Safari/537.36"
34.72.176.129 - - [20/Dec/2025:16:02:46 +0100] "GET /wp-includes/js/jquery/jquery-migrate.min.js?ver=3.4.1 HTTP/2.0" 200 4685 "http://portfolio.jules.renauld.mmi-velizy.fr/" "Mozilla/5.0 (Macintosh; Intel Mac OS X 10_15_7) AppleWebKit/537.36 (KHTML, like Gecko) Chrome/138.0.0.0 Safari/537.36"
104.197.69.115 - - [20/Dec/2025:16:02:46 +0100] "GET /wp-content/uploads/wpmss/lenis-init.min.js?ver=1748104787 HTTP/2.0" 200 3253 "http://portfolio.jules.renauld.mmi-velizy.fr/" "Mozilla/5.0 (Linux; Android 8.0.0;) AppleWebKit/537.36 (KHTML, like Gecko) Chrome/80.0.3987.132 Mobile Safari/537.36"
104.197.69.115 - - [20/Dec/2025:16:02:46 +0100] "GET /wp-content/plugins/mousewheel-smooth-scroll/js/lenis.min.js?ver=1.1.19 HTTP/2.0" 200 6965 "http://portfolio.jules.renauld.mmi-velizy.fr/" "Mozilla/5.0 (Linux; Android 8.0.0;) AppleWebKit/537.36 (KHTML, like Gecko) Chrome/80.0.3987.132 Mobile Safari/537.36"
104.197.69.115 - - [20/Dec/2025:16:02:46 +0100] "GET /wp-content/plugins/elementor/assets/js/webpack.runtime.min.js?ver=3.29.0 HTTP/2.0" 200 5511 "http://portfolio.jules.renauld.mmi-velizy.fr/" "Mozilla/5.0 (Linux; Android 8.0.0;) AppleWebKit/537.36 (KHTML, like Gecko) Chrome/80.0.3987.132 Mobile Safari/537.36"
104.197.69.115 - - [20/Dec/2025:16:02:46 +0100] "GET /wp-content/plugins/elementor-pro/assets/js/webpack-pro.runtime.min.js?ver=3.28.2 HTTP/2.0" 200 5798 "http://portfolio.jules.renauld.mmi-velizy.fr/" "Mozilla/5.0 (Linux; Android 8.0.0;) AppleWebKit/537.36 (KHTML, like Gecko) Chrome/80.0.3987.132 Mobile Safari/537.36"
104.197.69.115 - - [20/Dec/2025:16:02:46 +0100] "GET /wp-includes/js/jquery/ui/core.min.js?ver=1.13.3 HTTP/2.0" 200 6820 "http://portfolio.jules.renauld.mmi-velizy.fr/" "Mozilla/5.0 (Linux; Android 8.0.0;) AppleWebKit/537.36 (KHTML, like Gecko) Chrome/80.0.3987.132 Mobile Safari/537.36"
104.197.69.115 - - [20/Dec/2025:16:02:46 +0100] "GET /wp-content/plugins/elementor-pro/assets/lib/sticky/jquery.sticky.min.js?ver=3.28.2 HTTP/2.0" 200 4632 "http://portfolio.jules.renauld.mmi-velizy.fr/" "Mozilla/5.0 (Linux; Android 8.0.0;) AppleWebKit/537.36 (KHTML, like Gecko) Chrome/80.0.3987.132 Mobile Safari/537.36"
104.197.69.115 - - [20/Dec/2025:16:02:46 +0100] "GET /wp-content/plugins/elementor-pro/assets/lib/smartmenus/jquery.smartmenus.min.js?ver=1.2.1 HTTP/2.0" 200 10050 "http://portfolio.jules.renauld.mmi-velizy.fr/" "Mozilla/5.0 (Linux; Android 8.0.0;) AppleWebKit/537.36 (KHTML, like Gecko) Chrome/80.0.3987.132 Mobile Safari/537.36"
104.197.69.115 - - [20/Dec/2025:16:02:46 +0100] "GET /wp-content/plugins/elementor/assets/js/frontend.min.js?ver=3.29.0 HTTP/2.0" 200 13503 "http://portfolio.jules.renauld.mmi-velizy.fr/" "Mozilla/5.0 (Linux; Android 8.0.0;) AppleWebKit/537.36 (KHTML, like Gecko) Chrome/80.0.3987.132 Mobile Safari/537.36"
104.197.69.115 - - [20/Dec/2025:16:02:46 +0100] "GET /wp-content/plugins/elementor/assets/js/frontend-modules.min.js?ver=3.29.0 HTTP/2.0" 200 17669 "http://portfolio.jules.renauld.mmi-velizy.fr/" "Mozilla/5.0 (Linux; Android 8.0.0;) AppleWebKit/537.36 (KHTML, like Gecko) Chrome/80.0.3987.132 Mobile Safari/537.36"
104.197.69.115 - - [20/Dec/2025:16:02:46 +0100] "GET /wp-includes/js/dist/i18n.min.js?ver=c26c3dc7bed366793375 HTTP/2.0" 200 2118 "http://portfolio.jules.renauld.mmi-velizy.fr/" "Mozilla/5.0 (Linux; Android 8.0.0;) AppleWebKit/537.36 (KHTML, like Gecko) Chrome/80.0.3987.132 Mobile Safari/537.36"
104.197.69.115 - - [20/Dec/2025:16:02:46 +0100] "GET /wp-includes/js/dist/hooks.min.js?ver=dd5603f07f9220ed27f1 HTTP/2.0" 200 1855 "http://portfolio.jules.renauld.mmi-velizy.fr/" "Mozilla/5.0 (Linux; Android 8.0.0;) AppleWebKit/537.36 (KHTML, like Gecko) Chrome/80.0.3987.132 Mobile Safari/537.36"
104.197.69.115 - - [20/Dec/2025:16:02:46 +0100] "GET /wp-content/plugins/elementor-pro/assets/js/frontend.min.js?ver=3.28.2 HTTP/2.0" 200 9482 "http://portfolio.jules.renauld.mmi-velizy.fr/" "Mozilla/5.0 (Linux; Android 8.0.0;) AppleWebKit/537.36 (KHTML, like Gecko) Chrome/80.0.3987.132 Mobile Safari/537.36"
104.197.69.115 - - [20/Dec/2025:16:02:46 +0100] "GET /wp-content/plugins/elementor-pro/assets/js/elements-handlers.min.js?ver=3.28.2 HTTP/2.0" 200 13442 "http://portfolio.jules.renauld.mmi-velizy.fr/" "Mozilla/5.0 (Linux; Android 8.0.0;) AppleWebKit/537.36 (KHTML, like Gecko) Chrome/80.0.3987.132 Mobile Safari/537.36"
104.197.69.115 - - [20/Dec/2025:16:02:46 +0100] "GET /wp-content/uploads/2025/05/0001.webp HTTP/2.0" 200 935359 "https://portfolio.jules.renauld.mmi-velizy.fr/wp-content/uploads/elementor/css/post-4255.css?ver=1765425324" "Mozilla/5.0 (Linux; Android 8.0.0;) AppleWebKit/537.36 (KHTML, like Gecko) Chrome/80.0.3987.132 Mobile Safari/537.36"
104.197.69.115 - - [20/Dec/2025:16:02:46 +0100] "GET /wp-content/uploads/2025/05/dazadzdza-1024x655.png HTTP/2.0" 200 795456 "http://portfolio.jules.renauld.mmi-velizy.fr/" "Mozilla/5.0 (Linux; Android 8.0.0;) AppleWebKit/537.36 (KHTML, like Gecko) Chrome/80.0.3987.132 Mobile Safari/537.36"
104.197.69.115 - - [20/Dec/2025:16:02:46 +0100] "GET /wp-content/uploads/2025/05/OPIUM-FINAL-1024x655.webp HTTP/2.0" 200 84375 "http://portfolio.jules.renauld.mmi-velizy.fr/" "Mozilla/5.0 (Linux; Android 8.0.0;) AppleWebKit/537.36 (KHTML, like Gecko) Chrome/80.0.3987.132 Mobile Safari/537.36"
104.197.69.115 - - [20/Dec/2025:16:02:46 +0100] "GET /wp-content/uploads/2025/05/les-frigos-paris.webp HTTP/2.0" 200 201746 "http://portfolio.jules.renauld.mmi-velizy.fr/" "Mozilla/5.0 (Linux; Android 8.0.0;) AppleWebKit/537.36 (KHTML, like Gecko) Chrome/80.0.3987.132 Mobile Safari/537.36"
104.197.69.115 - - [20/Dec/2025:16:02:46 +0100] "GET /wp-content/uploads/2025/05/addazaz.webp HTTP/2.0" 200 398449 "http://portfolio.jules.renauld.mmi-velizy.fr/" "Mozilla/5.0 (Linux; Android 8.0.0;) AppleWebKit/537.36 (KHTML, like Gecko) Chrome/80.0.3987.132 Mobile Safari/537.36"
104.197.69.115 - - [20/Dec/2025:16:02:46 +0100] "GET /wp-content/uploads/2025/05/azddddazza-1024x655.webp HTTP/2.0" 200 101009 "http://portfolio.jules.renauld.mmi-velizy.fr/" "Mozilla/5.0 (Linux; Android 8.0.0;) AppleWebKit/537.36 (KHTML, like Gecko) Chrome/80.0.3987.132 Mobile Safari/537.36"
104.197.69.115 - - [20/Dec/2025:16:02:46 +0100] "GET /wp-content/uploads/2025/05/azddddaadazzza-1024x655.webp HTTP/2.0" 200 108831 "http://portfolio.jules.renauld.mmi-velizy.fr/" "Mozilla/5.0 (Linux; Android 8.0.0;) AppleWebKit/537.36 (KHTML, like Gecko) Chrome/80.0.3987.132 Mobile Safari/537.36"
104.197.69.115 - - [20/Dec/2025:16:02:46 +0100] "GET /wp-content/uploads/2025/05/jules-RENAULD.webp HTTP/2.0" 200 248253 "http://portfolio.jules.renauld.mmi-velizy.fr/" "Mozilla/5.0 (Linux; Android 8.0.0;) AppleWebKit/537.36 (KHTML, like Gecko) Chrome/80.0.3987.132 Mobile Safari/537.36"
34.122.147.229 - - [20/Dec/2025:16:02:46 +0100] "GET /wp-content/uploads/2025/04/Copeland.otf HTTP/2.0" 200 25659 "http://portfolio.jules.renauld.mmi-velizy.fr/" "Mozilla/5.0 (iPhone; CPU iPhone OS 12_2 like Mac OS X) AppleWebKit/605.1.15 (KHTML, like Gecko) CriOS/73.0.3683.68 Mobile/15E148 Safari/605.1"
34.123.170.104 - - [20/Dec/2025:16:02:46 +0100] "GET /wp-content/uploads/elementor/google-fonts/fonts/poppins-pxidyp8kv8jhgfvrjjlmg1hvf9eo.woff2 HTTP/2.0" 200 8508 "https://portfolio.jules.renauld.mmi-velizy.fr/wp-content/uploads/elementor/google-fonts/css/poppins.css?ver=1744463535" "Mozilla/5.0 (Windows NT 10.0; Win64; x64) AppleWebKit/537.36 (KHTML, like Gecko) Chrome/125.0.6422.60 Safari/537.36 Edge/12.246"
34.123.170.104 - - [20/Dec/2025:16:02:46 +0100] "GET /wp-content/uploads/elementor/google-fonts/fonts/poppins-pxibyp8kv8jhgfvrlgt9z1xlfq.woff2 HTTP/2.0" 200 7752 "https://portfolio.jules.renauld.mmi-velizy.fr/wp-content/uploads/elementor/google-fonts/css/poppins.css?ver=1744463535" "Mozilla/5.0 (Windows NT 10.0; Win64; x64) AppleWebKit/537.36 (KHTML, like Gecko) Chrome/125.0.6422.60 Safari/537.36 Edge/12.246"
34.123.170.104 - - [20/Dec/2025:16:02:46 +0100] "GET /wp-content/uploads/elementor/google-fonts/fonts/poppins-pxibyp8kv8jhgfvrlej6z1xlfq.woff2 HTTP/2.0" 200 8004 "https://portfolio.jules.renauld.mmi-velizy.fr/wp-content/uploads/elementor/google-fonts/css/poppins.css?ver=1744463535" "Mozilla/5.0 (Windows NT 10.0; Win64; x64) AppleWebKit/537.36 (KHTML, like Gecko) Chrome/125.0.6422.60 Safari/537.36 Edge/12.246"
34.123.170.104 - - [20/Dec/2025:16:02:46 +0100] "GET /wp-content/uploads/elementor/google-fonts/fonts/poppins-pxigyp8kv8jhgfvrjjluchta.woff2 HTTP/2.0" 200 8672 "https://portfolio.jules.renauld.mmi-velizy.fr/wp-content/uploads/elementor/google-fonts/css/poppins.css?ver=1744463535" "Mozilla/5.0 (Windows NT 10.0; Win64; x64) AppleWebKit/537.36 (KHTML, like Gecko) Chrome/125.0.6422.60 Safari/537.36 Edge/12.246"
34.72.176.129 - - [20/Dec/2025:16:02:45 +0100] "GET /wp-content/uploads/2025/05/cursed2a.webp HTTP/2.0" 200 207124 "http://portfolio.jules.renauld.mmi-velizy.fr/" "Mozilla/5.0 (Windows NT 10.0; Win64; x64) AppleWebKit/537.36 (KHTML, like Gecko) Chrome/125.0.6422.60 Safari/537.36 Edge/12.246"
34.123.170.104 - - [20/Dec/2025:16:02:46 +0100] "GET /wp-content/uploads/elementor/google-fonts/fonts/poppins-pxibyp8kv8jhgfvrlcz7z1xlfq.woff2 HTTP/2.0" 200 7820 "https://portfolio.jules.renauld.mmi-velizy.fr/wp-content/uploads/elementor/google-fonts/css/poppins.css?ver=1744463535" "Mozilla/5.0 (Windows NT 10.0; Win64; x64) AppleWebKit/537.36 (KHTML, like Gecko) Chrome/125.0.6422.60 Safari/537.36 Edge/12.246"
34.123.170.104 - - [20/Dec/2025:16:02:46 +0100] "GET /wp-content/uploads/elementor/google-fonts/fonts/poppins-pxieyp8kv8jhgfvrjjfecg.woff2 HTTP/2.0" 200 7886 "https://portfolio.jules.renauld.mmi-velizy.fr/wp-content/uploads/elementor/google-fonts/css/poppins.css?ver=1744463535" "Mozilla/5.0 (Windows NT 10.0; Win64; x64) AppleWebKit/537.36 (KHTML, like Gecko) Chrome/125.0.6422.60 Safari/537.36 Edge/12.246"
34.123.170.104 - - [20/Dec/2025:16:02:46 +0100] "GET /wp-content/uploads/elementor/google-fonts/fonts/poppins-pxidyp8kv8jhgfvrjjlmv1pvf9eo.woff2 HTTP/2.0" 200 8724 "https://portfolio.jules.renauld.mmi-velizy.fr/wp-content/uploads/elementor/google-fonts/css/poppins.css?ver=1744463535" "Mozilla/5.0 (Windows NT 10.0; Win64; x64) AppleWebKit/537.36 (KHTML, like Gecko) Chrome/125.0.6422.60 Safari/537.36 Edge/12.246"
34.123.170.104 - - [20/Dec/2025:16:02:46 +0100] "GET /wp-content/uploads/2025/04/Coolvetica-Rg.otf HTTP/2.0" 200 44877 "http://portfolio.jules.renauld.mmi-velizy.fr/" "Mozilla/5.0 (Windows NT 10.0; Win64; x64) AppleWebKit/537.36 (KHTML, like Gecko) Chrome/125.0.6422.60 Safari/537.36 Edge/12.246"
34.123.170.104 - - [20/Dec/2025:16:02:46 +0100] "GET /wp-content/uploads/elementor/google-fonts/fonts/roboto-kfo7cnqeu92fr1me7ksn66agldtyluama3yuba.woff2 HTTP/2.0" 200 40132 "https://portfolio.jules.renauld.mmi-velizy.fr/wp-content/uploads/elementor/google-fonts/css/roboto.css?ver=1744402376" "Mozilla/5.0 (Windows NT 10.0; Win64; x64) AppleWebKit/537.36 (KHTML, like Gecko) Chrome/125.0.6422.60 Safari/537.36 Edge/12.246"
34.123.170.104 - - [20/Dec/2025:16:02:46 +0100] "GET /wp-content/uploads/elementor/google-fonts/fonts/poppins-pxidyp8kv8jhgfvrjjlm21lvf9eo.woff2 HTTP/2.0" 200 8714 "https://portfolio.jules.renauld.mmi-velizy.fr/wp-content/uploads/elementor/google-fonts/css/poppins.css?ver=1744463535" "Mozilla/5.0 (Windows NT 10.0; Win64; x64) AppleWebKit/537.36 (KHTML, like Gecko) Chrome/125.0.6422.60 Safari/537.36 Edge/12.246"
34.123.170.104 - - [20/Dec/2025:16:02:46 +0100] "GET /wp-content/uploads/elementor/google-fonts/fonts/poppins-pxibyp8kv8jhgfvrldz8z1xlfq.woff2 HTTP/2.0" 200 7844 "https://portfolio.jules.renauld.mmi-velizy.fr/wp-content/uploads/elementor/google-fonts/css/poppins.css?ver=1744463535" "Mozilla/5.0 (Windows NT 10.0; Win64; x64) AppleWebKit/537.36 (KHTML, like Gecko) Chrome/125.0.6422.60 Safari/537.36 Edge/12.246"
34.72.176.129 - - [20/Dec/2025:16:02:46 +0100] "GET /wp-content/uploads/2025/06/metro_porto_jules_renauld_portfolio-1024x889.webp HTTP/2.0" 200 68959 "http://portfolio.jules.renauld.mmi-velizy.fr/" "Mozilla/5.0 (Macintosh; Intel Mac OS X 10_15_7) AppleWebKit/537.36 (KHTML, like Gecko) Chrome/138.0.0.0 Safari/537.36"
34.122.147.229 - - [20/Dec/2025:16:02:46 +0100] "GET /wp-content/uploads/elementor/google-fonts/fonts/poppins-pxigyp8kv8jhgfvrjjluchta.woff2 HTTP/2.0" 200 8672 "https://portfolio.jules.renauld.mmi-velizy.fr/wp-content/uploads/elementor/google-fonts/css/poppins.css?ver=1744463535" "Mozilla/5.0 (Linux; Android 8.0.0;) AppleWebKit/537.36 (KHTML, like Gecko) Chrome/80.0.3987.132 Mobile Safari/537.36"
34.122.147.229 - - [20/Dec/2025:16:02:46 +0100] "GET /wp-content/uploads/elementor/google-fonts/fonts/poppins-pxibyp8kv8jhgfvrlgt9z1xlfq.woff2 HTTP/2.0" 200 7752 "https://portfolio.jules.renauld.mmi-velizy.fr/wp-content/uploads/elementor/google-fonts/css/poppins.css?ver=1744463535" "Mozilla/5.0 (Linux; Android 8.0.0;) AppleWebKit/537.36 (KHTML, like Gecko) Chrome/80.0.3987.132 Mobile Safari/537.36"
34.122.147.229 - - [20/Dec/2025:16:02:46 +0100] "GET /wp-content/uploads/elementor/google-fonts/fonts/poppins-pxidyp8kv8jhgfvrjjlm21lvf9eo.woff2 HTTP/2.0" 200 8714 "https://portfolio.jules.renauld.mmi-velizy.fr/wp-content/uploads/elementor/google-fonts/css/poppins.css?ver=1744463535" "Mozilla/5.0 (Linux; Android 8.0.0;) AppleWebKit/537.36 (KHTML, like Gecko) Chrome/80.0.3987.132 Mobile Safari/537.36"
34.122.147.229 - - [20/Dec/2025:16:02:46 +0100] "GET /wp-content/uploads/elementor/google-fonts/fonts/poppins-pxibyp8kv8jhgfvrlej6z1xlfq.woff2 HTTP/2.0" 200 8004 "https://portfolio.jules.renauld.mmi-velizy.fr/wp-content/uploads/elementor/google-fonts/css/poppins.css?ver=1744463535" "Mozilla/5.0 (Linux; Android 8.0.0;) AppleWebKit/537.36 (KHTML, like Gecko) Chrome/80.0.3987.132 Mobile Safari/537.36"
34.123.170.104 - - [20/Dec/2025:16:02:47 +0100] "GET /wp-content/uploads/2025/04/Copeland.otf HTTP/2.0" 200 25659 "http://portfolio.jules.renauld.mmi-velizy.fr/" "Mozilla/5.0 (Windows NT 10.0; Win64; x64) AppleWebKit/537.36 (KHTML, like Gecko) Chrome/125.0.6422.60 Safari/537.36 Edge/12.246"
104.197.69.115 - - [20/Dec/2025:16:02:47 +0100] "GET /wp-content/plugins/elementor-pro/assets/js/nav-menu.a23fbd67486c5bedf26c.bundle.min.js HTTP/2.0" 200 4922 "http://portfolio.jules.renauld.mmi-velizy.fr/" "Mozilla/5.0 (Linux; Android 8.0.0;) AppleWebKit/537.36 (KHTML, like Gecko) Chrome/80.0.3987.132 Mobile Safari/537.36"
104.197.69.115 - - [20/Dec/2025:16:02:47 +0100] "GET /wp-content/plugins/elementor/assets/js/shared-frontend-handlers.30dc2f9c080845a413a6.bundle.min.js HTTP/2.0" 200 5778 "http://portfolio.jules.renauld.mmi-velizy.fr/" "Mozilla/5.0 (Linux; Android 8.0.0;) AppleWebKit/537.36 (KHTML, like Gecko) Chrome/80.0.3987.132 Mobile Safari/537.36"
34.122.147.229 - - [20/Dec/2025:16:02:46 +0100] "GET /wp-content/uploads/elementor/google-fonts/fonts/poppins-pxibyp8kv8jhgfvrldz8z1xlfq.woff2 HTTP/2.0" 200 7844 "https://portfolio.jules.renauld.mmi-velizy.fr/wp-content/uploads/elementor/google-fonts/css/poppins.css?ver=1744463535" "Mozilla/5.0 (Linux; Android 8.0.0;) AppleWebKit/537.36 (KHTML, like Gecko) Chrome/80.0.3987.132 Mobile Safari/537.36"
104.197.69.115 - - [20/Dec/2025:16:02:47 +0100] "GET /wp-content/plugins/elementor/assets/js/text-editor.c084ef86600b6f11690d.bundle.min.js HTTP/2.0" 200 3809 "http://portfolio.jules.renauld.mmi-velizy.fr/" "Mozilla/5.0 (Linux; Android 8.0.0;) AppleWebKit/537.36 (KHTML, like Gecko) Chrome/80.0.3987.132 Mobile Safari/537.36"
34.72.176.129 - - [20/Dec/2025:16:02:46 +0100] "GET /wp-content/uploads/elementor/google-fonts/css/roboto.css?ver=1744402376 HTTP/2.0" 200 1896 "http://portfolio.jules.renauld.mmi-velizy.fr/" "Mozilla/5.0 (Macintosh; Intel Mac OS X 10_15_7) AppleWebKit/537.36 (KHTML, like Gecko) Chrome/138.0.0.0 Safari/537.36"
34.72.176.129 - - [20/Dec/2025:16:02:46 +0100] "GET /wp-includes/js/jquery/jquery.min.js?ver=3.7.1 HTTP/2.0" 200 29769 "http://portfolio.jules.renauld.mmi-velizy.fr/" "Mozilla/5.0 (Macintosh; Intel Mac OS X 10_15_7) AppleWebKit/537.36 (KHTML, like Gecko) Chrome/138.0.0.0 Safari/537.36"
34.72.176.129 - - [20/Dec/2025:16:02:46 +0100] "GET /wp-content/plugins/elementor-pro/assets/js/page-transitions.min.js?ver=3.28.2 HTTP/2.0" 200 12283 "http://portfolio.jules.renauld.mmi-velizy.fr/" "Mozilla/5.0 (Macintosh; Intel Mac OS X 10_15_7) AppleWebKit/537.36 (KHTML, like Gecko) Chrome/138.0.0.0 Safari/537.36"
34.72.176.129 - - [20/Dec/2025:16:02:47 +0100] "GET /wp-content/uploads/2025/05/0001-1024x576.webp HTTP/2.0" 200 10056 "http://portfolio.jules.renauld.mmi-velizy.fr/" "Mozilla/5.0 (Macintosh; Intel Mac OS X 10_15_7) AppleWebKit/537.36 (KHTML, like Gecko) Chrome/138.0.0.0 Safari/537.36"
104.197.69.115 - - [20/Dec/2025:16:02:47 +0100] "GET /wp-includes/js/wp-emoji-release.min.js?ver=6.9 HTTP/2.0" 200 4940 "http://portfolio.jules.renauld.mmi-velizy.fr/" "Mozilla/5.0 (Linux; Android 8.0.0;) AppleWebKit/537.36 (KHTML, like Gecko) Chrome/80.0.3987.132 Mobile Safari/537.36"
104.197.69.115 - - [20/Dec/2025:16:02:47 +0100] "GET /wp-content/uploads/2025/05/carpe.mp4 HTTP/2.0" 206 1494680 "http://portfolio.jules.renauld.mmi-velizy.fr/" "Mozilla/5.0 (Linux; Android 8.0.0;) AppleWebKit/537.36 (KHTML, like Gecko) Chrome/80.0.3987.132 Mobile Safari/537.36"
104.197.69.115 - - [20/Dec/2025:16:02:47 +0100] "GET /wp-content/uploads/2025/05/carpe.mp4 HTTP/2.0" 206 20120 "http://portfolio.jules.renauld.mmi-velizy.fr/" "Mozilla/5.0 (Linux; Android 8.0.0;) AppleWebKit/537.36 (KHTML, like Gecko) Chrome/80.0.3987.132 Mobile Safari/537.36"
34.122.147.229 - - [20/Dec/2025:16:02:46 +0100] "GET /wp-content/uploads/2025/04/Coolvetica-Rg.otf HTTP/2.0" 200 44877 "http://portfolio.jules.renauld.mmi-velizy.fr/" "Mozilla/5.0 (Linux; Android 8.0.0;) AppleWebKit/537.36 (KHTML, like Gecko) Chrome/80.0.3987.132 Mobile Safari/537.36"
34.122.147.229 - - [20/Dec/2025:16:02:46 +0100] "GET /wp-content/uploads/elementor/google-fonts/fonts/poppins-pxieyp8kv8jhgfvrjjfecg.woff2 HTTP/2.0" 200 7886 "https://portfolio.jules.renauld.mmi-velizy.fr/wp-content/uploads/elementor/google-fonts/css/poppins.css?ver=1744463535" "Mozilla/5.0 (Linux; Android 8.0.0;) AppleWebKit/537.36 (KHTML, like Gecko) Chrome/80.0.3987.132 Mobile Safari/537.36"
34.122.147.229 - - [20/Dec/2025:16:02:46 +0100] "GET /wp-content/uploads/elementor/google-fonts/fonts/roboto-kfo7cnqeu92fr1me7ksn66agldtyluama3yuba.woff2 HTTP/2.0" 200 40132 "https://portfolio.jules.renauld.mmi-velizy.fr/wp-content/uploads/elementor/google-fonts/css/roboto.css?ver=1744402376" "Mozilla/5.0 (Linux; Android 8.0.0;) AppleWebKit/537.36 (KHTML, like Gecko) Chrome/80.0.3987.132 Mobile Safari/537.36"
34.122.147.229 - - [20/Dec/2025:16:02:46 +0100] "GET /wp-content/uploads/elementor/google-fonts/fonts/poppins-pxidyp8kv8jhgfvrjjlmv1pvf9eo.woff2 HTTP/2.0" 200 8724 "https://portfolio.jules.renauld.mmi-velizy.fr/wp-content/uploads/elementor/google-fonts/css/poppins.css?ver=1744463535" "Mozilla/5.0 (Linux; Android 8.0.0;) AppleWebKit/537.36 (KHTML, like Gecko) Chrome/80.0.3987.132 Mobile Safari/537.36"
34.122.147.229 - - [20/Dec/2025:16:02:46 +0100] "GET /wp-content/uploads/elementor/google-fonts/fonts/poppins-pxidyp8kv8jhgfvrjjlmg1hvf9eo.woff2 HTTP/2.0" 200 8508 "https://portfolio.jules.renauld.mmi-velizy.fr/wp-content/uploads/elementor/google-fonts/css/poppins.css?ver=1744463535" "Mozilla/5.0 (Linux; Android 8.0.0;) AppleWebKit/537.36 (KHTML, like Gecko) Chrome/80.0.3987.132 Mobile Safari/537.36"
34.122.147.229 - - [20/Dec/2025:16:02:46 +0100] "GET /wp-content/uploads/elementor/google-fonts/fonts/poppins-pxibyp8kv8jhgfvrlcz7z1xlfq.woff2 HTTP/2.0" 200 7820 "https://portfolio.jules.renauld.mmi-velizy.fr/wp-content/uploads/elementor/google-fonts/css/poppins.css?ver=1744463535" "Mozilla/5.0 (Linux; Android 8.0.0;) AppleWebKit/537.36 (KHTML, like Gecko) Chrome/80.0.3987.132 Mobile Safari/537.36"
34.122.147.229 - - [20/Dec/2025:16:02:47 +0100] "GET /wp-content/uploads/2025/04/Copeland.otf HTTP/2.0" 200 25659 "http://portfolio.jules.renauld.mmi-velizy.fr/" "Mozilla/5.0 (Linux; Android 8.0.0;) AppleWebKit/537.36 (KHTML, like Gecko) Chrome/80.0.3987.132 Mobile Safari/537.36"
104.197.69.115 - - [20/Dec/2025:16:02:47 +0100] "GET /wp-content/uploads/2025/05/carpe.mp4 HTTP/2.0" 206 1232536 "http://portfolio.jules.renauld.mmi-velizy.fr/" "Mozilla/5.0 (Linux; Android 8.0.0;) AppleWebKit/537.36 (KHTML, like Gecko) Chrome/80.0.3987.132 Mobile Safari/537.36"
34.122.147.229 - - [20/Dec/2025:16:02:47 +0100] "GET /wp-content/uploads/elementor/google-fonts/fonts/poppins-pxidyp8kv8jhgfvrjjlmg1hvf9eo.woff2 HTTP/2.0" 200 8508 "https://portfolio.jules.renauld.mmi-velizy.fr/wp-content/uploads/elementor/google-fonts/css/poppins.css?ver=1744463535" "Mozilla/5.0 (Macintosh; Intel Mac OS X 10_15_7) AppleWebKit/537.36 (KHTML, like Gecko) Chrome/138.0.0.0 Safari/537.36"
34.122.147.229 - - [20/Dec/2025:16:02:47 +0100] "GET /wp-content/uploads/elementor/google-fonts/fonts/poppins-pxigyp8kv8jhgfvrjjluchta.woff2 HTTP/2.0" 200 8672 "https://portfolio.jules.renauld.mmi-velizy.fr/wp-content/uploads/elementor/google-fonts/css/poppins.css?ver=1744463535" "Mozilla/5.0 (Macintosh; Intel Mac OS X 10_15_7) AppleWebKit/537.36 (KHTML, like Gecko) Chrome/138.0.0.0 Safari/537.36"
34.122.147.229 - - [20/Dec/2025:16:02:47 +0100] "GET /wp-content/uploads/elementor/google-fonts/fonts/poppins-pxibyp8kv8jhgfvrlej6z1xlfq.woff2 HTTP/2.0" 200 8004 "https://portfolio.jules.renauld.mmi-velizy.fr/wp-content/uploads/elementor/google-fonts/css/poppins.css?ver=1744463535" "Mozilla/5.0 (Macintosh; Intel Mac OS X 10_15_7) AppleWebKit/537.36 (KHTML, like Gecko) Chrome/138.0.0.0 Safari/537.36"
34.122.147.229 - - [20/Dec/2025:16:02:47 +0100] "GET /wp-content/uploads/elementor/google-fonts/fonts/poppins-pxieyp8kv8jhgfvrjjfecg.woff2 HTTP/2.0" 200 7886 "https://portfolio.jules.renauld.mmi-velizy.fr/wp-content/uploads/elementor/google-fonts/css/poppins.css?ver=1744463535" "Mozilla/5.0 (Macintosh; Intel Mac OS X 10_15_7) AppleWebKit/537.36 (KHTML, like Gecko) Chrome/138.0.0.0 Safari/537.36"
34.122.147.229 - - [20/Dec/2025:16:02:47 +0100] "GET /wp-content/uploads/elementor/google-fonts/fonts/poppins-pxidyp8kv8jhgfvrjjlmv1pvf9eo.woff2 HTTP/2.0" 200 8724 "https://portfolio.jules.renauld.mmi-velizy.fr/wp-content/uploads/elementor/google-fonts/css/poppins.css?ver=1744463535" "Mozilla/5.0 (Macintosh; Intel Mac OS X 10_15_7) AppleWebKit/537.36 (KHTML, like Gecko) Chrome/138.0.0.0 Safari/537.36"
34.72.176.129 - - [20/Dec/2025:16:02:47 +0100] "GET /wp-content/uploads/2025/05/cursed2a.webp HTTP/2.0" 200 207124 "http://portfolio.jules.renauld.mmi-velizy.fr/" "Mozilla/5.0 (Macintosh; Intel Mac OS X 10_15_7) AppleWebKit/537.36 (KHTML, like Gecko) Chrome/138.0.0.0 Safari/537.36"
34.72.176.129 - - [20/Dec/2025:16:02:48 +0100] "GET /wp-content/uploads/wpmss/lenis-init.min.js?ver=1748104787 HTTP/2.0" 200 3253 "http://portfolio.jules.renauld.mmi-velizy.fr/" "Mozilla/5.0 (Macintosh; Intel Mac OS X 10_15_7) AppleWebKit/537.36 (KHTML, like Gecko) Chrome/138.0.0.0 Safari/537.36"
34.72.176.129 - - [20/Dec/2025:16:02:48 +0100] "GET /wp-content/plugins/elementor-pro/assets//lib/instant-page/instant-page.min.js?ver=3.28.2 HTTP/2.0" 200 4272 "http://portfolio.jules.renauld.mmi-velizy.fr/" "Mozilla/5.0 (Macintosh; Intel Mac OS X 10_15_7) AppleWebKit/537.36 (KHTML, like Gecko) Chrome/138.0.0.0 Safari/537.36"
34.72.176.129 - - [20/Dec/2025:16:02:48 +0100] "GET /wp-content/uploads/2025/05/azddddazza-1024x655.webp HTTP/2.0" 200 101009 "http://portfolio.jules.renauld.mmi-velizy.fr/" "Mozilla/5.0 (Macintosh; Intel Mac OS X 10_15_7) AppleWebKit/537.36 (KHTML, like Gecko) Chrome/138.0.0.0 Safari/537.36"
34.122.147.229 - - [20/Dec/2025:16:02:47 +0100] "GET /wp-content/uploads/2025/04/Coolvetica-Rg.otf HTTP/2.0" 200 44877 "http://portfolio.jules.renauld.mmi-velizy.fr/" "Mozilla/5.0 (Macintosh; Intel Mac OS X 10_15_7) AppleWebKit/537.36 (KHTML, like Gecko) Chrome/138.0.0.0 Safari/537.36"
34.122.147.229 - - [20/Dec/2025:16:02:47 +0100] "GET /wp-content/uploads/elementor/google-fonts/fonts/poppins-pxibyp8kv8jhgfvrlgt9z1xlfq.woff2 HTTP/2.0" 200 7752 "https://portfolio.jules.renauld.mmi-velizy.fr/wp-content/uploads/elementor/google-fonts/css/poppins.css?ver=1744463535" "Mozilla/5.0 (Macintosh; Intel Mac OS X 10_15_7) AppleWebKit/537.36 (KHTML, like Gecko) Chrome/138.0.0.0 Safari/537.36"
34.122.147.229 - - [20/Dec/2025:16:02:47 +0100] "GET /wp-content/uploads/elementor/google-fonts/fonts/roboto-kfo7cnqeu92fr1me7ksn66agldtyluama3yuba.woff2 HTTP/2.0" 200 40132 "https://portfolio.jules.renauld.mmi-velizy.fr/wp-content/uploads/elementor/google-fonts/css/roboto.css?ver=1744402376" "Mozilla/5.0 (Macintosh; Intel Mac OS X 10_15_7) AppleWebKit/537.36 (KHTML, like Gecko) Chrome/138.0.0.0 Safari/537.36"
34.122.147.229 - - [20/Dec/2025:16:02:47 +0100] "GET /wp-content/uploads/elementor/google-fonts/fonts/poppins-pxibyp8kv8jhgfvrlcz7z1xlfq.woff2 HTTP/2.0" 200 7820 "https://portfolio.jules.renauld.mmi-velizy.fr/wp-content/uploads/elementor/google-fonts/css/poppins.css?ver=1744463535" "Mozilla/5.0 (Macintosh; Intel Mac OS X 10_15_7) AppleWebKit/537.36 (KHTML, like Gecko) Chrome/138.0.0.0 Safari/537.36"
34.122.147.229 - - [20/Dec/2025:16:02:47 +0100] "GET /wp-content/uploads/elementor/google-fonts/fonts/poppins-pxidyp8kv8jhgfvrjjlm21lvf9eo.woff2 HTTP/2.0" 200 8714 "https://portfolio.jules.renauld.mmi-velizy.fr/wp-content/uploads/elementor/google-fonts/css/poppins.css?ver=1744463535" "Mozilla/5.0 (Macintosh; Intel Mac OS X 10_15_7) AppleWebKit/537.36 (KHTML, like Gecko) Chrome/138.0.0.0 Safari/537.36"
34.122.147.229 - - [20/Dec/2025:16:02:47 +0100] "GET /wp-content/uploads/elementor/google-fonts/fonts/poppins-pxibyp8kv8jhgfvrldz8z1xlfq.woff2 HTTP/2.0" 200 7844 "https://portfolio.jules.renauld.mmi-velizy.fr/wp-content/uploads/elementor/google-fonts/css/poppins.css?ver=1744463535" "Mozilla/5.0 (Macintosh; Intel Mac OS X 10_15_7) AppleWebKit/537.36 (KHTML, like Gecko) Chrome/138.0.0.0 Safari/537.36"
34.72.176.129 - - [20/Dec/2025:16:02:46 +0100] "GET /wp-content/uploads/2025/05/dazadzdza-1024x655.png HTTP/2.0" 200 795456 "http://portfolio.jules.renauld.mmi-velizy.fr/" "Mozilla/5.0 (Windows NT 10.0; Win64; x64) AppleWebKit/537.36 (KHTML, like Gecko) Chrome/125.0.6422.60 Safari/537.36 Edge/12.246"
34.122.147.229 - - [20/Dec/2025:16:02:48 +0100] "GET /wp-content/uploads/2025/04/Copeland.otf HTTP/2.0" 200 25659 "http://portfolio.jules.renauld.mmi-velizy.fr/" "Mozilla/5.0 (Macintosh; Intel Mac OS X 10_15_7) AppleWebKit/537.36 (KHTML, like Gecko) Chrome/138.0.0.0 Safari/537.36"
34.122.147.229 - - [20/Dec/2025:16:02:45 +0100] "GET /wp-content/uploads/elementor/google-fonts/fonts/poppins-pxibyp8kv8jhgfvrlej6z1xlfq.woff2 HTTP/2.0" 200 8004 "https://portfolio.jules.renauld.mmi-velizy.fr/wp-content/uploads/elementor/google-fonts/css/poppins.css?ver=1744463535" "Mozilla/5.0 (Windows NT 10.0; Win64; x64) AppleWebKit/537.36 (KHTML, like Gecko) Chrome/138.0.0.0 Safari/537.36"
34.122.147.229 - - [20/Dec/2025:16:02:45 +0100] "GET /wp-content/uploads/2025/04/Coolvetica-Rg.otf HTTP/2.0" 200 44877 "https://portfolio.jules.renauld.mmi-velizy.fr/" "Mozilla/5.0 (Windows NT 10.0; Win64; x64) AppleWebKit/537.36 (KHTML, like Gecko) Chrome/138.0.0.0 Safari/537.36"
34.122.147.229 - - [20/Dec/2025:16:02:45 +0100] "GET /wp-content/uploads/elementor/google-fonts/fonts/poppins-pxidyp8kv8jhgfvrjjlmg1hvf9eo.woff2 HTTP/2.0" 200 8508 "https://portfolio.jules.renauld.mmi-velizy.fr/wp-content/uploads/elementor/google-fonts/css/poppins.css?ver=1744463535" "Mozilla/5.0 (Windows NT 10.0; Win64; x64) AppleWebKit/537.36 (KHTML, like Gecko) Chrome/138.0.0.0 Safari/537.36"
34.122.147.229 - - [20/Dec/2025:16:02:45 +0100] "GET /wp-content/uploads/elementor/google-fonts/fonts/poppins-pxidyp8kv8jhgfvrjjlmv1pvf9eo.woff2 HTTP/2.0" 200 8724 "https://portfolio.jules.renauld.mmi-velizy.fr/wp-content/uploads/elementor/google-fonts/css/poppins.css?ver=1744463535" "Mozilla/5.0 (Windows NT 10.0; Win64; x64) AppleWebKit/537.36 (KHTML, like Gecko) Chrome/138.0.0.0 Safari/537.36"
34.122.147.229 - - [20/Dec/2025:16:02:45 +0100] "GET /wp-content/uploads/elementor/google-fonts/fonts/poppins-pxieyp8kv8jhgfvrjjfecg.woff2 HTTP/2.0" 200 7886 "https://portfolio.jules.renauld.mmi-velizy.fr/wp-content/uploads/elementor/google-fonts/css/poppins.css?ver=1744463535" "Mozilla/5.0 (Windows NT 10.0; Win64; x64) AppleWebKit/537.36 (KHTML, like Gecko) Chrome/138.0.0.0 Safari/537.36"
34.122.147.229 - - [20/Dec/2025:16:02:45 +0100] "GET /wp-content/uploads/elementor/google-fonts/fonts/poppins-pxibyp8kv8jhgfvrldz8z1xlfq.woff2 HTTP/2.0" 200 7844 "https://portfolio.jules.renauld.mmi-velizy.fr/wp-content/uploads/elementor/google-fonts/css/poppins.css?ver=1744463535" "Mozilla/5.0 (Windows NT 10.0; Win64; x64) AppleWebKit/537.36 (KHTML, like Gecko) Chrome/138.0.0.0 Safari/537.36"
34.122.147.229 - - [20/Dec/2025:16:02:45 +0100] "GET /wp-content/uploads/elementor/google-fonts/fonts/poppins-pxidyp8kv8jhgfvrjjlm21lvf9eo.woff2 HTTP/2.0" 200 8714 "https://portfolio.jules.renauld.mmi-velizy.fr/wp-content/uploads/elementor/google-fonts/css/poppins.css?ver=1744463535" "Mozilla/5.0 (Windows NT 10.0; Win64; x64) AppleWebKit/537.36 (KHTML, like Gecko) Chrome/138.0.0.0 Safari/537.36"
34.122.147.229 - - [20/Dec/2025:16:02:45 +0100] "GET /wp-content/uploads/elementor/google-fonts/fonts/poppins-pxibyp8kv8jhgfvrlcz7z1xlfq.woff2 HTTP/2.0" 200 7820 "https://portfolio.jules.renauld.mmi-velizy.fr/wp-content/uploads/elementor/google-fonts/css/poppins.css?ver=1744463535" "Mozilla/5.0 (Windows NT 10.0; Win64; x64) AppleWebKit/537.36 (KHTML, like Gecko) Chrome/138.0.0.0 Safari/537.36"
34.122.147.229 - - [20/Dec/2025:16:02:45 +0100] "GET /wp-content/uploads/elementor/google-fonts/fonts/roboto-kfo7cnqeu92fr1me7ksn66agldtyluama3yuba.woff2 HTTP/2.0" 200 40132 "https://portfolio.jules.renauld.mmi-velizy.fr/wp-content/uploads/elementor/google-fonts/css/roboto.css?ver=1744402376" "Mozilla/5.0 (Windows NT 10.0; Win64; x64) AppleWebKit/537.36 (KHTML, like Gecko) Chrome/138.0.0.0 Safari/537.36"
34.122.147.229 - - [20/Dec/2025:16:02:45 +0100] "GET /wp-content/uploads/2025/05/0001.webp HTTP/2.0" 200 935359 "https://portfolio.jules.renauld.mmi-velizy.fr/wp-content/uploads/elementor/css/post-4255.css?ver=1765425324" "Mozilla/5.0 (Windows NT 10.0; Win64; x64) AppleWebKit/537.36 (KHTML, like Gecko) Chrome/138.0.0.0 Safari/537.36"
34.122.147.229 - - [20/Dec/2025:16:02:45 +0100] "GET /wp-content/themes/astra/assets/js/minified/frontend.min.js?ver=4.10.1 HTTP/2.0" 200 8886 "https://portfolio.jules.renauld.mmi-velizy.fr/" "Mozilla/5.0 (Windows NT 10.0; Win64; x64) AppleWebKit/537.36 (KHTML, like Gecko) Chrome/138.0.0.0 Safari/537.36"
34.122.147.229 - - [20/Dec/2025:16:02:45 +0100] "GET /wp-content/uploads/2025/05/OPIUM-FINAL-1024x655.webp HTTP/2.0" 200 84375 "https://portfolio.jules.renauld.mmi-velizy.fr/" "Mozilla/5.0 (Windows NT 10.0; Win64; x64) AppleWebKit/537.36 (KHTML, like Gecko) Chrome/138.0.0.0 Safari/537.36"
34.122.147.229 - - [20/Dec/2025:16:02:45 +0100] "GET /wp-content/uploads/2025/05/les-frigos-paris.webp HTTP/2.0" 200 201746 "https://portfolio.jules.renauld.mmi-velizy.fr/" "Mozilla/5.0 (Windows NT 10.0; Win64; x64) AppleWebKit/537.36 (KHTML, like Gecko) Chrome/138.0.0.0 Safari/537.36"
34.122.147.229 - - [20/Dec/2025:16:02:45 +0100] "GET /wp-content/uploads/2025/05/addazaz.webp HTTP/2.0" 200 398449 "https://portfolio.jules.renauld.mmi-velizy.fr/" "Mozilla/5.0 (Windows NT 10.0; Win64; x64) AppleWebKit/537.36 (KHTML, like Gecko) Chrome/138.0.0.0 Safari/537.36"
34.122.147.229 - - [20/Dec/2025:16:02:45 +0100] "GET /wp-content/plugins/elementor-pro/assets//lib/instant-page/instant-page.min.js?ver=3.28.2 HTTP/2.0" 200 4272 "https://portfolio.jules.renauld.mmi-velizy.fr/" "Mozilla/5.0 (Windows NT 10.0; Win64; x64) AppleWebKit/537.36 (KHTML, like Gecko) Chrome/138.0.0.0 Safari/537.36"
34.122.147.229 - - [20/Dec/2025:16:02:45 +0100] "GET /wp-content/plugins/mousewheel-smooth-scroll/js/lenis.min.js?ver=1.1.19 HTTP/2.0" 200 6965 "https://portfolio.jules.renauld.mmi-velizy.fr/" "Mozilla/5.0 (Windows NT 10.0; Win64; x64) AppleWebKit/537.36 (KHTML, like Gecko) Chrome/138.0.0.0 Safari/537.36"
34.122.147.229 - - [20/Dec/2025:16:02:45 +0100] "GET /wp-content/plugins/elementor/assets/js/webpack.runtime.min.js?ver=3.29.0 HTTP/2.0" 200 5511 "https://portfolio.jules.renauld.mmi-velizy.fr/" "Mozilla/5.0 (Windows NT 10.0; Win64; x64) AppleWebKit/537.36 (KHTML, like Gecko) Chrome/138.0.0.0 Safari/537.36"
34.122.147.229 - - [20/Dec/2025:16:02:45 +0100] "GET /wp-content/plugins/elementor/assets/js/frontend-modules.min.js?ver=3.29.0 HTTP/2.0" 200 17669 "https://portfolio.jules.renauld.mmi-velizy.fr/" "Mozilla/5.0 (Windows NT 10.0; Win64; x64) AppleWebKit/537.36 (KHTML, like Gecko) Chrome/138.0.0.0 Safari/537.36"
34.122.147.229 - - [20/Dec/2025:16:02:45 +0100] "GET /wp-includes/js/jquery/ui/core.min.js?ver=1.13.3 HTTP/2.0" 200 6820 "https://portfolio.jules.renauld.mmi-velizy.fr/" "Mozilla/5.0 (Windows NT 10.0; Win64; x64) AppleWebKit/537.36 (KHTML, like Gecko) Chrome/138.0.0.0 Safari/537.36"
34.122.147.229 - - [20/Dec/2025:16:02:45 +0100] "GET /wp-content/plugins/elementor/assets/js/frontend.min.js?ver=3.29.0 HTTP/2.0" 200 13503 "https://portfolio.jules.renauld.mmi-velizy.fr/" "Mozilla/5.0 (Windows NT 10.0; Win64; x64) AppleWebKit/537.36 (KHTML, like Gecko) Chrome/138.0.0.0 Safari/537.36"
34.122.147.229 - - [20/Dec/2025:16:02:45 +0100] "GET /wp-content/plugins/elementor-pro/assets/lib/smartmenus/jquery.smartmenus.min.js?ver=1.2.1 HTTP/2.0" 200 10050 "https://portfolio.jules.renauld.mmi-velizy.fr/" "Mozilla/5.0 (Windows NT 10.0; Win64; x64) AppleWebKit/537.36 (KHTML, like Gecko) Chrome/138.0.0.0 Safari/537.36"
34.122.147.229 - - [20/Dec/2025:16:02:45 +0100] "GET /wp-content/plugins/elementor-pro/assets/lib/sticky/jquery.sticky.min.js?ver=3.28.2 HTTP/2.0" 200 4632 "https://portfolio.jules.renauld.mmi-velizy.fr/" "Mozilla/5.0 (Windows NT 10.0; Win64; x64) AppleWebKit/537.36 (KHTML, like Gecko) Chrome/138.0.0.0 Safari/537.36"
34.122.147.229 - - [20/Dec/2025:16:02:45 +0100] "GET /wp-content/plugins/elementor-pro/assets/js/webpack-pro.runtime.min.js?ver=3.28.2 HTTP/2.0" 200 5798 "https://portfolio.jules.renauld.mmi-velizy.fr/" "Mozilla/5.0 (Windows NT 10.0; Win64; x64) AppleWebKit/537.36 (KHTML, like Gecko) Chrome/138.0.0.0 Safari/537.36"
34.122.147.229 - - [20/Dec/2025:16:02:45 +0100] "GET /wp-includes/js/dist/hooks.min.js?ver=dd5603f07f9220ed27f1 HTTP/2.0" 200 1855 "https://portfolio.jules.renauld.mmi-velizy.fr/" "Mozilla/5.0 (Windows NT 10.0; Win64; x64) AppleWebKit/537.36 (KHTML, like Gecko) Chrome/138.0.0.0 Safari/537.36"
34.122.147.229 - - [20/Dec/2025:16:02:45 +0100] "GET /wp-includes/js/dist/i18n.min.js?ver=c26c3dc7bed366793375 HTTP/2.0" 200 2118 "https://portfolio.jules.renauld.mmi-velizy.fr/" "Mozilla/5.0 (Windows NT 10.0; Win64; x64) AppleWebKit/537.36 (KHTML, like Gecko) Chrome/138.0.0.0 Safari/537.36"
34.122.147.229 - - [20/Dec/2025:16:02:45 +0100] "GET /wp-content/plugins/elementor-pro/assets/js/frontend.min.js?ver=3.28.2 HTTP/2.0" 200 9482 "https://portfolio.jules.renauld.mmi-velizy.fr/" "Mozilla/5.0 (Windows NT 10.0; Win64; x64) AppleWebKit/537.36 (KHTML, like Gecko) Chrome/138.0.0.0 Safari/537.36"
34.122.147.229 - - [20/Dec/2025:16:02:45 +0100] "GET /wp-content/plugins/elementor-pro/assets/js/elements-handlers.min.js?ver=3.28.2 HTTP/2.0" 200 13442 "https://portfolio.jules.renauld.mmi-velizy.fr/" "Mozilla/5.0 (Windows NT 10.0; Win64; x64) AppleWebKit/537.36 (KHTML, like Gecko) Chrome/138.0.0.0 Safari/537.36"
34.122.147.229 - - [20/Dec/2025:16:02:45 +0100] "GET /wp-content/uploads/2025/05/dazadzdza-1024x655.png HTTP/2.0" 200 795456 "https://portfolio.jules.renauld.mmi-velizy.fr/" "Mozilla/5.0 (Windows NT 10.0; Win64; x64) AppleWebKit/537.36 (KHTML, like Gecko) Chrome/138.0.0.0 Safari/537.36"
34.122.147.229 - - [20/Dec/2025:16:02:45 +0100] "GET /wp-content/uploads/2025/05/azddddaadazzza-1024x655.webp HTTP/2.0" 200 108831 "https://portfolio.jules.renauld.mmi-velizy.fr/" "Mozilla/5.0 (Windows NT 10.0; Win64; x64) AppleWebKit/537.36 (KHTML, like Gecko) Chrome/138.0.0.0 Safari/537.36"
34.122.147.229 - - [20/Dec/2025:16:02:45 +0100] "GET /wp-content/uploads/2025/05/azddddazza-1024x655.webp HTTP/2.0" 200 101009 "https://portfolio.jules.renauld.mmi-velizy.fr/" "Mozilla/5.0 (Windows NT 10.0; Win64; x64) AppleWebKit/537.36 (KHTML, like Gecko) Chrome/138.0.0.0 Safari/537.36"
34.122.147.229 - - [20/Dec/2025:16:02:49 +0100] "GET /wp-content/plugins/elementor/assets/js/text-editor.c084ef86600b6f11690d.bundle.min.js HTTP/2.0" 200 3809 "https://portfolio.jules.renauld.mmi-velizy.fr/" "Mozilla/5.0 (Windows NT 10.0; Win64; x64) AppleWebKit/537.36 (KHTML, like Gecko) Chrome/138.0.0.0 Safari/537.36"
34.122.147.229 - - [20/Dec/2025:16:02:49 +0100] "GET /wp-includes/js/wp-emoji-release.min.js?ver=6.9 HTTP/2.0" 200 4940 "https://portfolio.jules.renauld.mmi-velizy.fr/" "Mozilla/5.0 (Windows NT 10.0; Win64; x64) AppleWebKit/537.36 (KHTML, like Gecko) Chrome/138.0.0.0 Safari/537.36"
34.122.147.229 - - [20/Dec/2025:16:02:49 +0100] "GET /wp-content/plugins/elementor-pro/assets/js/nav-menu.a23fbd67486c5bedf26c.bundle.min.js HTTP/2.0" 200 4922 "https://portfolio.jules.renauld.mmi-velizy.fr/" "Mozilla/5.0 (Windows NT 10.0; Win64; x64) AppleWebKit/537.36 (KHTML, like Gecko) Chrome/138.0.0.0 Safari/537.36"
34.122.147.229 - - [20/Dec/2025:16:02:49 +0100] "GET /wp-content/plugins/elementor/assets/js/shared-frontend-handlers.30dc2f9c080845a413a6.bundle.min.js HTTP/2.0" 200 5778 "https://portfolio.jules.renauld.mmi-velizy.fr/" "Mozilla/5.0 (Windows NT 10.0; Win64; x64) AppleWebKit/537.36 (KHTML, like Gecko) Chrome/138.0.0.0 Safari/537.36"
34.122.147.229 - - [20/Dec/2025:16:02:49 +0100] "GET /wp-content/uploads/2025/05/carpe.mp4 HTTP/2.0" 206 1494680 "https://portfolio.jules.renauld.mmi-velizy.fr/" "Mozilla/5.0 (Windows NT 10.0; Win64; x64) AppleWebKit/537.36 (KHTML, like Gecko) Chrome/138.0.0.0 Safari/537.36"
34.122.147.229 - - [20/Dec/2025:16:02:50 +0100] "GET /wp-content/uploads/2025/05/carpe.mp4 HTTP/2.0" 206 20120 "https://portfolio.jules.renauld.mmi-velizy.fr/" "Mozilla/5.0 (Windows NT 10.0; Win64; x64) AppleWebKit/537.36 (KHTML, like Gecko) Chrome/138.0.0.0 Safari/537.36"
