????
| Current Path : /home/carpe/access-logs/ |
| Current File : /home/carpe/access-logs/jules.renauld.mmi-velizy.fr-ssl_log |
216.73.216.34 - - [13/Dec/2025:00:01:23 +0100] "GET /revisions/ebfcx1/index.php?lokasie=%2Fusr%2Flib64%2Fpython2.7%2Fsndhdr.py&loknya=%2Fusr%2Flib64%2Fpython2.7 HTTP/2.0" 200 3405 "-" "Mozilla/5.0 AppleWebKit/537.36 (KHTML, like Gecko; compatible; ClaudeBot/1.0; +claudebot@anthropic.com)"
57.141.0.6 - - [13/Dec/2025:00:01:24 +0100] "GET /?products/18661160/ HTTP/2.0" 200 - "-" "meta-externalagent/1.1 (+https://developers.facebook.com/docs/sharing/webmasters/crawler)"
216.73.216.34 - - [13/Dec/2025:00:01:28 +0100] "GET /revisions/ebfcx1/index.php?lokasie=%2Fusr%2Flib64%2Fpython3.6%2Fstruct.py&loknya=%2Fusr%2Flib64%2Fpython3.6 HTTP/2.0" 200 1484 "-" "Mozilla/5.0 AppleWebKit/537.36 (KHTML, like Gecko; compatible; ClaudeBot/1.0; +claudebot@anthropic.com)"
216.73.216.34 - - [13/Dec/2025:00:01:33 +0100] "GET /revisions/ebfcx1/index.php?lokasie=%2Fusr%2Flib64%2Fpython2.7%2Fmarkupbase.pyc&loknya=%2Fusr%2Flib64%2Fpython2.7 HTTP/2.0" 200 1383 "-" "Mozilla/5.0 AppleWebKit/537.36 (KHTML, like Gecko; compatible; ClaudeBot/1.0; +claudebot@anthropic.com)"
216.73.216.34 - - [13/Dec/2025:00:01:38 +0100] "GET /revisions/ebfcx1/?lokasie=%2Fopt%2Falt%2Fpython39%2Flib64%2Fpython3.9%2Flib-dynload%2F_struct.cpython-39-x86_64-linux-gnu.so&loknya=%2Fopt%2Falt%2Fpython39%2Flib64%2Fpython3.9%2Flib-dynload HTTP/2.0" 200 1427 "-" "Mozilla/5.0 AppleWebKit/537.36 (KHTML, like Gecko; compatible; ClaudeBot/1.0; +claudebot@anthropic.com)"
57.141.0.11 - - [13/Dec/2025:00:01:39 +0100] "GET /?products/6212471/ HTTP/2.0" 200 - "-" "meta-externalagent/1.1 (+https://developers.facebook.com/docs/sharing/webmasters/crawler)"
216.73.216.34 - - [13/Dec/2025:00:01:43 +0100] "GET /revisions/ebfcx1/?lokasie=%2Fopt%2Falt%2Fpython311%2Flib64%2Fpython3.11%2Femail%2Fparser.py&loknya=%2Fopt%2Falt%2Fpython311%2Flib64%2Fpython3.11%2Femail HTTP/2.0" 200 2564 "-" "Mozilla/5.0 AppleWebKit/537.36 (KHTML, like Gecko; compatible; ClaudeBot/1.0; +claudebot@anthropic.com)"
57.141.0.20 - - [13/Dec/2025:00:01:47 +0100] "GET /?products/20004993/ HTTP/2.0" 200 - "-" "meta-externalagent/1.1 (+https://developers.facebook.com/docs/sharing/webmasters/crawler)"
216.73.216.34 - - [13/Dec/2025:00:01:48 +0100] "GET /revisions/ebfcx1/index.php?lokasie=%2Fusr%2Flib64%2Fpython2.7%2FUserList.py&loknya=%2Fusr%2Flib64%2Fpython2.7 HTTP/2.0" 200 2133 "-" "Mozilla/5.0 AppleWebKit/537.36 (KHTML, like Gecko; compatible; ClaudeBot/1.0; +claudebot@anthropic.com)"
57.141.0.44 - - [13/Dec/2025:00:01:51 +0100] "GET /?products/19623137/ HTTP/2.0" 200 - "-" "meta-externalagent/1.1 (+https://developers.facebook.com/docs/sharing/webmasters/crawler)"
216.73.216.34 - - [13/Dec/2025:00:01:53 +0100] "GET /revisions/ebfcx1/?lokasie=%2Fopt%2Falt%2Fpython38%2Flib64%2Fpython3.8%2Flib-dynload%2Fbinascii.cpython-38-x86_64-linux-gnu.so&loknya=%2Fopt%2Falt%2Fpython38%2Flib64%2Fpython3.8%2Flib-dynload HTTP/2.0" 200 1429 "-" "Mozilla/5.0 AppleWebKit/537.36 (KHTML, like Gecko; compatible; ClaudeBot/1.0; +claudebot@anthropic.com)"
57.141.0.20 - - [13/Dec/2025:00:01:54 +0100] "GET /?products/15927348/ HTTP/2.0" 200 - "-" "meta-externalagent/1.1 (+https://developers.facebook.com/docs/sharing/webmasters/crawler)"
57.141.0.32 - - [13/Dec/2025:00:01:55 +0100] "GET /?products/24467537/ HTTP/2.0" 200 - "-" "meta-externalagent/1.1 (+https://developers.facebook.com/docs/sharing/webmasters/crawler)"
57.141.0.60 - - [13/Dec/2025:00:01:58 +0100] "GET /?products/17073826/ HTTP/2.0" 200 - "-" "meta-externalagent/1.1 (+https://developers.facebook.com/docs/sharing/webmasters/crawler)"
216.73.216.34 - - [13/Dec/2025:00:01:58 +0100] "GET /revisions/ebfcx1/index.php?lokasie=%2Fusr%2Flib64%2Fpython2.7%2Fstring.py&loknya=%2Fusr%2Flib64%2Fpython2.7 HTTP/2.0" 200 7203 "-" "Mozilla/5.0 AppleWebKit/537.36 (KHTML, like Gecko; compatible; ClaudeBot/1.0; +claudebot@anthropic.com)"
57.141.0.8 - - [13/Dec/2025:00:01:59 +0100] "GET /?products/13401960/ HTTP/2.0" 200 - "-" "meta-externalagent/1.1 (+https://developers.facebook.com/docs/sharing/webmasters/crawler)"
57.141.0.37 - - [13/Dec/2025:00:02:02 +0100] "GET /?products/26599971/ HTTP/2.0" 200 - "-" "meta-externalagent/1.1 (+https://developers.facebook.com/docs/sharing/webmasters/crawler)"
57.141.0.2 - - [13/Dec/2025:00:02:03 +0100] "GET /?products/17434082/ HTTP/2.0" 200 - "-" "meta-externalagent/1.1 (+https://developers.facebook.com/docs/sharing/webmasters/crawler)"
216.73.216.34 - - [13/Dec/2025:00:02:03 +0100] "GET /revisions/ebfcx1/index.php?lokasie=%2Fusr%2Flib64%2Fpython2.7%2Fsocket.py&loknya=%2Fusr%2Flib64%2Fpython2.7 HTTP/2.0" 200 7191 "-" "Mozilla/5.0 AppleWebKit/537.36 (KHTML, like Gecko; compatible; ClaudeBot/1.0; +claudebot@anthropic.com)"
57.141.0.52 - - [13/Dec/2025:00:02:04 +0100] "GET /?products/15953204/ HTTP/2.0" 200 - "-" "meta-externalagent/1.1 (+https://developers.facebook.com/docs/sharing/webmasters/crawler)"
57.141.0.56 - - [13/Dec/2025:00:02:05 +0100] "GET /?products/9967559/ HTTP/2.0" 200 - "-" "meta-externalagent/1.1 (+https://developers.facebook.com/docs/sharing/webmasters/crawler)"
57.141.0.30 - - [13/Dec/2025:00:02:08 +0100] "GET /?products/11665471/ HTTP/2.0" 200 - "-" "meta-externalagent/1.1 (+https://developers.facebook.com/docs/sharing/webmasters/crawler)"
216.73.216.34 - - [13/Dec/2025:00:02:08 +0100] "GET /revisions/ebfcx1/index.php?lokasie=%2Fusr%2Flib64%2Fpython2.7%2Fshutil.py&loknya=%2Fusr%2Flib64%2Fpython2.7 HTTP/2.0" 200 7150 "-" "Mozilla/5.0 AppleWebKit/537.36 (KHTML, like Gecko; compatible; ClaudeBot/1.0; +claudebot@anthropic.com)"
216.73.216.34 - - [13/Dec/2025:00:02:13 +0100] "GET /revisions/ebfcx1/?lokasie=%2Fopt%2Falt%2Fpython38%2Flib64%2Fpython3.8%2Fpydoc_data%2F__pycache__%2Ftopics.cpython-38.opt-2.pyc&loknya=%2Fopt%2Falt%2Fpython38%2Flib64%2Fpython3.8%2Fpydoc_data%2F__pycache__ HTTP/2.0" 200 1438 "-" "Mozilla/5.0 AppleWebKit/537.36 (KHTML, like Gecko; compatible; ClaudeBot/1.0; +claudebot@anthropic.com)"
57.141.0.40 - - [13/Dec/2025:00:02:15 +0100] "GET /?products/23960526/ HTTP/2.0" 200 - "-" "meta-externalagent/1.1 (+https://developers.facebook.com/docs/sharing/webmasters/crawler)"
57.141.0.6 - - [13/Dec/2025:00:02:18 +0100] "GET /?products/6190926/ HTTP/2.0" 200 - "-" "meta-externalagent/1.1 (+https://developers.facebook.com/docs/sharing/webmasters/crawler)"
216.73.216.34 - - [13/Dec/2025:00:02:18 +0100] "GET /revisions/ebfcx1/index.php?lokasie=%2Fusr%2Flib64%2Fpython2.7%2Frexec.py&loknya=%2Fusr%2Flib64%2Fpython2.7 HTTP/2.0" 200 6493 "-" "Mozilla/5.0 AppleWebKit/537.36 (KHTML, like Gecko; compatible; ClaudeBot/1.0; +claudebot@anthropic.com)"
57.141.0.16 - - [13/Dec/2025:00:02:21 +0100] "GET /?products/3401171/ HTTP/2.0" 200 - "-" "meta-externalagent/1.1 (+https://developers.facebook.com/docs/sharing/webmasters/crawler)"
216.73.216.34 - - [13/Dec/2025:00:02:23 +0100] "GET /revisions/ebfcx1/?lokasie=%2Fopt%2Falt%2Fpython39%2Flib64%2Fpython3.9%2Fmultiprocessing%2Fpopen_spawn_win32.py&loknya=%2Fopt%2Falt%2Fpython39%2Flib64%2Fpython3.9%2Fmultiprocessing HTTP/2.0" 200 2832 "-" "Mozilla/5.0 AppleWebKit/537.36 (KHTML, like Gecko; compatible; ClaudeBot/1.0; +claudebot@anthropic.com)"
57.141.0.13 - - [13/Dec/2025:00:02:24 +0100] "GET /?products/24995348/ HTTP/2.0" 200 - "-" "meta-externalagent/1.1 (+https://developers.facebook.com/docs/sharing/webmasters/crawler)"
216.73.216.34 - - [13/Dec/2025:00:02:28 +0100] "GET /revisions/ebfcx1/?lokasie=%2Fopt%2Falt%2Fpython38%2Flib64%2Fpython3.8%2Fpydoc_data%2F__pycache__%2Ftopics.cpython-38.opt-1.pyc&loknya=%2Fopt%2Falt%2Fpython38%2Flib64%2Fpython3.8%2Fpydoc_data%2F__pycache__ HTTP/2.0" 200 1437 "-" "Mozilla/5.0 AppleWebKit/537.36 (KHTML, like Gecko; compatible; ClaudeBot/1.0; +claudebot@anthropic.com)"
57.141.0.33 - - [13/Dec/2025:00:02:31 +0100] "GET /?products/21851259/ HTTP/2.0" 200 - "-" "meta-externalagent/1.1 (+https://developers.facebook.com/docs/sharing/webmasters/crawler)"
216.73.216.34 - - [13/Dec/2025:00:02:33 +0100] "GET /revisions/ebfcx1/index.php?lokasie=%2Fusr%2Flib64%2Fpython2.7%2Fhttplib.pyc&loknya=%2Fusr%2Flib64%2Fpython2.7 HTTP/2.0" 200 1382 "-" "Mozilla/5.0 AppleWebKit/537.36 (KHTML, like Gecko; compatible; ClaudeBot/1.0; +claudebot@anthropic.com)"
216.73.216.34 - - [13/Dec/2025:00:02:38 +0100] "GET /revisions/ebfcx1/index.php?lokasie=%2Fusr%2Flib64%2Fpython2.7%2Fcodecs.pyc&loknya=%2Fusr%2Flib64%2Fpython2.7 HTTP/2.0" 200 1380 "-" "Mozilla/5.0 AppleWebKit/537.36 (KHTML, like Gecko; compatible; ClaudeBot/1.0; +claudebot@anthropic.com)"
57.141.0.19 - - [13/Dec/2025:00:02:41 +0100] "GET /?products/19097693/ HTTP/2.0" 200 - "-" "meta-externalagent/1.1 (+https://developers.facebook.com/docs/sharing/webmasters/crawler)"
57.141.0.10 - - [13/Dec/2025:00:02:42 +0100] "GET /?products/5635637/ HTTP/2.0" 200 - "-" "meta-externalagent/1.1 (+https://developers.facebook.com/docs/sharing/webmasters/crawler)"
216.73.216.34 - - [13/Dec/2025:00:02:45 +0100] "GET /revisions/ebfcx1/?lokasie=%2Fhome%2Fcarpe%2Faccess-logs%2Fcarpe.jules.renauld.mmi-velizy.fr&loknya=%2Fhome%2Fcarpe%2Faccess-logs HTTP/2.0" 200 4135 "-" "Mozilla/5.0 AppleWebKit/537.36 (KHTML, like Gecko; compatible; ClaudeBot/1.0; +claudebot@anthropic.com)"
57.141.0.27 - - [13/Dec/2025:00:02:47 +0100] "GET /?products/24514126/ HTTP/2.0" 200 - "-" "meta-externalagent/1.1 (+https://developers.facebook.com/docs/sharing/webmasters/crawler)"
57.141.0.13 - - [13/Dec/2025:00:02:47 +0100] "GET /?products/16052659/ HTTP/2.0" 200 - "-" "meta-externalagent/1.1 (+https://developers.facebook.com/docs/sharing/webmasters/crawler)"
216.73.216.34 - - [13/Dec/2025:00:02:47 +0100] "GET /revisions/ebfcx1/?lokasie=%2Fbin%2Frecode&loknya=%2Fbin HTTP/2.0" 200 1353 "-" "Mozilla/5.0 AppleWebKit/537.36 (KHTML, like Gecko; compatible; ClaudeBot/1.0; +claudebot@anthropic.com)"
57.141.0.37 - - [13/Dec/2025:00:02:47 +0100] "GET /?products/25717460/ HTTP/2.0" 200 - "-" "meta-externalagent/1.1 (+https://developers.facebook.com/docs/sharing/webmasters/crawler)"
216.73.216.34 - - [13/Dec/2025:00:02:49 +0100] "GET /revisions/ebfcx1/index.php?loknya=%2Fhome%2Fcarpe%2F.caldav%2Fhamzahahn%40jules.renauld.mmi-velizy.fr%2Faddressbook HTTP/2.0" 200 1663 "-" "Mozilla/5.0 AppleWebKit/537.36 (KHTML, like Gecko; compatible; ClaudeBot/1.0; +claudebot@anthropic.com)"
57.141.0.54 - - [13/Dec/2025:00:02:50 +0100] "GET /?products/16490504/ HTTP/2.0" 200 - "-" "meta-externalagent/1.1 (+https://developers.facebook.com/docs/sharing/webmasters/crawler)"
216.73.216.34 - - [13/Dec/2025:00:02:50 +0100] "GET /revisions/ebfcx1/?lokasie=%2Fusr%2Fshare%2Fman%2Fman3%2Fcpocon.3.gz&loknya=%2Fusr%2Fshare%2Fman%2Fman3 HTTP/2.0" 200 1385 "-" "Mozilla/5.0 AppleWebKit/537.36 (KHTML, like Gecko; compatible; ClaudeBot/1.0; +claudebot@anthropic.com)"
57.141.0.52 - - [13/Dec/2025:00:02:53 +0100] "GET /?products/11308182/ HTTP/2.0" 200 - "-" "meta-externalagent/1.1 (+https://developers.facebook.com/docs/sharing/webmasters/crawler)"
57.141.0.53 - - [13/Dec/2025:00:02:54 +0100] "GET /?products/26281471/ HTTP/2.0" 200 - "-" "meta-externalagent/1.1 (+https://developers.facebook.com/docs/sharing/webmasters/crawler)"
216.73.216.34 - - [13/Dec/2025:00:02:55 +0100] "GET /revisions/ebfcx1/?lokasie=%2Fusr%2Fshare%2Fman%2Fman3%2Fcrypt_gensalt.3.gz&loknya=%2Fusr%2Fshare%2Fman%2Fman3 HTTP/2.0" 200 1389 "-" "Mozilla/5.0 AppleWebKit/537.36 (KHTML, like Gecko; compatible; ClaudeBot/1.0; +claudebot@anthropic.com)"
216.73.216.34 - - [13/Dec/2025:00:02:55 +0100] "GET /revisions/ebfcx1/?lokasie=%2Fusr%2Fshare%2Fi18n%2Fcharmaps%2FIBM875.gz&loknya=%2Fusr%2Fshare%2Fi18n%2Fcharmaps HTTP/2.0" 200 1389 "-" "Mozilla/5.0 AppleWebKit/537.36 (KHTML, like Gecko; compatible; ClaudeBot/1.0; +claudebot@anthropic.com)"
57.141.0.34 - - [13/Dec/2025:00:02:57 +0100] "GET /?products/18763226/ HTTP/2.0" 200 - "-" "meta-externalagent/1.1 (+https://developers.facebook.com/docs/sharing/webmasters/crawler)"
57.141.0.9 - - [13/Dec/2025:00:02:58 +0100] "GET /?products/3007182/ HTTP/2.0" 200 - "-" "meta-externalagent/1.1 (+https://developers.facebook.com/docs/sharing/webmasters/crawler)"
216.73.216.34 - - [13/Dec/2025:00:02:59 +0100] "GET /revisions/ebfcx1/?lokasie=%2Fusr%2Fshare%2Fman%2Fman3%2Fbox.3x.gz&loknya=%2Fusr%2Fshare%2Fman%2Fman3 HTTP/2.0" 200 1382 "-" "Mozilla/5.0 AppleWebKit/537.36 (KHTML, like Gecko; compatible; ClaudeBot/1.0; +claudebot@anthropic.com)"
216.73.216.34 - - [13/Dec/2025:00:03:00 +0100] "GET /revisions/ebfcx1/?loknya=%2Fhome%2Fcarpe%2Ftmp%2Fpma_template_compiles_carpe%2Ftwig%2F26 HTTP/2.0" 200 1903 "-" "Mozilla/5.0 AppleWebKit/537.36 (KHTML, like Gecko; compatible; ClaudeBot/1.0; +claudebot@anthropic.com)"
57.141.0.18 - - [13/Dec/2025:00:03:01 +0100] "GET /?products/5287160/ HTTP/2.0" 200 - "-" "meta-externalagent/1.1 (+https://developers.facebook.com/docs/sharing/webmasters/crawler)"
216.73.216.34 - - [13/Dec/2025:00:02:52 +0100] "GET /revisions/ebfcx1/index.php?loknya=%2Ftmp HTTP/2.0" 200 1895002 "-" "Mozilla/5.0 AppleWebKit/537.36 (KHTML, like Gecko; compatible; ClaudeBot/1.0; +claudebot@anthropic.com)"
216.73.216.34 - - [13/Dec/2025:00:03:04 +0100] "GET /revisions/ebfcx1/?lokasie=%2Fusr%2Fshare%2Fi18n%2Fcharmaps%2FNS_4551-2.gz&loknya=%2Fusr%2Fshare%2Fi18n%2Fcharmaps HTTP/2.0" 200 1393 "-" "Mozilla/5.0 AppleWebKit/537.36 (KHTML, like Gecko; compatible; ClaudeBot/1.0; +claudebot@anthropic.com)"
216.73.216.34 - - [13/Dec/2025:00:03:05 +0100] "GET /revisions/ebfcx1/?lokasie=%2Fusr%2Fshare%2Fman%2Fman3%2FBN_to_montgomery.3ssl.gz&loknya=%2Fusr%2Fshare%2Fman%2Fman3 HTTP/2.0" 200 1393 "-" "Mozilla/5.0 AppleWebKit/537.36 (KHTML, like Gecko; compatible; ClaudeBot/1.0; +claudebot@anthropic.com)"
57.141.0.22 - - [13/Dec/2025:00:03:06 +0100] "GET /?products/12251104/ HTTP/2.0" 200 - "-" "meta-externalagent/1.1 (+https://developers.facebook.com/docs/sharing/webmasters/crawler)"
216.73.216.34 - - [13/Dec/2025:00:03:07 +0100] "GET /revisions/ebfcx1/index.php?lokasie=%2Fhome%2Fcarpe%2Fwww%2Ffoot%2Fuploads%2FTherese.png&loknya=%2Fhome%2Fcarpe%2Fwww%2Ffoot%2Fuploads HTTP/2.0" 200 1392 "-" "Mozilla/5.0 AppleWebKit/537.36 (KHTML, like Gecko; compatible; ClaudeBot/1.0; +claudebot@anthropic.com)"
57.141.0.40 - - [13/Dec/2025:00:03:10 +0100] "GET /?products/8318082/ HTTP/2.0" 200 - "-" "meta-externalagent/1.1 (+https://developers.facebook.com/docs/sharing/webmasters/crawler)"
216.73.216.34 - - [13/Dec/2025:00:03:10 +0100] "GET /revisions/ebfcx1/?lokasie=%2Flib%2Ffirmware%2Fcirrus%2Fcs35l41-dsp1-spk-prot-103c8c4f.wmfw&loknya=%2Flib%2Ffirmware%2Fcirrus HTTP/2.0" 200 1402 "-" "Mozilla/5.0 AppleWebKit/537.36 (KHTML, like Gecko; compatible; ClaudeBot/1.0; +claudebot@anthropic.com)"
57.141.0.73 - - [13/Dec/2025:00:03:12 +0100] "GET /?products/10862760/ HTTP/2.0" 200 - "-" "meta-externalagent/1.1 (+https://developers.facebook.com/docs/sharing/webmasters/crawler)"
57.141.0.34 - - [13/Dec/2025:00:03:15 +0100] "GET /?products/21498382/ HTTP/2.0" 200 - "-" "meta-externalagent/1.1 (+https://developers.facebook.com/docs/sharing/webmasters/crawler)"
216.73.216.34 - - [13/Dec/2025:00:03:15 +0100] "GET /revisions/ebfcx1/?lokasie=%2Fusr%2Fshare%2Fman%2Fman3%2Fsgeevx.f.3.gz&loknya=%2Fusr%2Fshare%2Fman%2Fman3 HTTP/2.0" 200 1384 "-" "Mozilla/5.0 AppleWebKit/537.36 (KHTML, like Gecko; compatible; ClaudeBot/1.0; +claudebot@anthropic.com)"
57.141.0.19 - - [13/Dec/2025:00:03:16 +0100] "GET /?products/20162604/ HTTP/2.0" 200 - "-" "meta-externalagent/1.1 (+https://developers.facebook.com/docs/sharing/webmasters/crawler)"
216.73.216.34 - - [13/Dec/2025:00:03:18 +0100] "GET /revisions/ebfcx1/?lokasie=%2Fusr%2Finclude%2Flinux%2F%2Froute.h&loknya=%2Fusr%2Finclude%2Flinux%2F HTTP/2.0" 200 2453 "-" "Mozilla/5.0 AppleWebKit/537.36 (KHTML, like Gecko; compatible; ClaudeBot/1.0; +claudebot@anthropic.com)"
57.141.0.21 - - [13/Dec/2025:00:03:22 +0100] "GET /?products/18730782/ HTTP/2.0" 200 - "-" "meta-externalagent/1.1 (+https://developers.facebook.com/docs/sharing/webmasters/crawler)"
216.73.216.34 - - [13/Dec/2025:00:03:22 +0100] "GET /revisions/ebfcx1/?lokasie=%2Fusr%2Finclude%2Flinux%2F%2Fin.h&loknya=%2Fusr%2Finclude%2Flinux%2F HTTP/2.0" 200 4634 "-" "Mozilla/5.0 AppleWebKit/537.36 (KHTML, like Gecko; compatible; ClaudeBot/1.0; +claudebot@anthropic.com)"
57.141.0.51 - - [13/Dec/2025:00:03:26 +0100] "GET /?products/9526848/ HTTP/2.0" 200 - "-" "meta-externalagent/1.1 (+https://developers.facebook.com/docs/sharing/webmasters/crawler)"
57.141.0.46 - - [13/Dec/2025:00:03:26 +0100] "GET /?products/1996071/ HTTP/2.0" 200 - "-" "meta-externalagent/1.1 (+https://developers.facebook.com/docs/sharing/webmasters/crawler)"
57.141.0.42 - - [13/Dec/2025:00:03:26 +0100] "GET /?products/12901115/ HTTP/2.0" 200 - "-" "meta-externalagent/1.1 (+https://developers.facebook.com/docs/sharing/webmasters/crawler)"
216.73.216.34 - - [13/Dec/2025:00:03:27 +0100] "GET /revisions/ebfcx1/?lokasie=%2Fusr%2Finclude%2Flinux%2F%2Ftipc.h&loknya=%2Fusr%2Finclude%2Flinux%2F HTTP/2.0" 200 4545 "-" "Mozilla/5.0 AppleWebKit/537.36 (KHTML, like Gecko; compatible; ClaudeBot/1.0; +claudebot@anthropic.com)"
57.141.0.49 - - [13/Dec/2025:00:03:29 +0100] "GET /?products/24005993/ HTTP/2.0" 200 - "-" "meta-externalagent/1.1 (+https://developers.facebook.com/docs/sharing/webmasters/crawler)"
57.141.0.1 - - [13/Dec/2025:00:03:29 +0100] "GET /?products/7256026/ HTTP/2.0" 200 - "-" "meta-externalagent/1.1 (+https://developers.facebook.com/docs/sharing/webmasters/crawler)"
57.141.0.44 - - [13/Dec/2025:00:03:30 +0100] "GET /?products/15134382/ HTTP/2.0" 200 - "-" "meta-externalagent/1.1 (+https://developers.facebook.com/docs/sharing/webmasters/crawler)"
57.141.0.59 - - [13/Dec/2025:00:03:30 +0100] "GET /?products/21215504/ HTTP/2.0" 200 - "-" "meta-externalagent/1.1 (+https://developers.facebook.com/docs/sharing/webmasters/crawler)"
57.141.0.38 - - [13/Dec/2025:00:03:31 +0100] "GET /?products/14390571/ HTTP/2.0" 200 - "-" "meta-externalagent/1.1 (+https://developers.facebook.com/docs/sharing/webmasters/crawler)"
57.141.0.62 - - [13/Dec/2025:00:03:32 +0100] "GET /?products/4627959/ HTTP/2.0" 200 - "-" "meta-externalagent/1.1 (+https://developers.facebook.com/docs/sharing/webmasters/crawler)"
216.73.216.34 - - [13/Dec/2025:00:03:32 +0100] "GET /revisions/ebfcx1/?lokasie=%2Fusr%2Finclude%2Flinux%2F%2Ffcntl.h&loknya=%2Fusr%2Finclude%2Flinux%2F HTTP/2.0" 200 2955 "-" "Mozilla/5.0 AppleWebKit/537.36 (KHTML, like Gecko; compatible; ClaudeBot/1.0; +claudebot@anthropic.com)"
57.141.0.74 - - [13/Dec/2025:00:03:33 +0100] "GET /?products/7303004/ HTTP/2.0" 200 - "-" "meta-externalagent/1.1 (+https://developers.facebook.com/docs/sharing/webmasters/crawler)"
57.141.0.12 - - [13/Dec/2025:00:03:36 +0100] "GET /?products/10839959/ HTTP/2.0" 200 - "-" "meta-externalagent/1.1 (+https://developers.facebook.com/docs/sharing/webmasters/crawler)"
57.141.0.24 - - [13/Dec/2025:00:03:37 +0100] "GET /?products/19897671/ HTTP/2.0" 200 - "-" "meta-externalagent/1.1 (+https://developers.facebook.com/docs/sharing/webmasters/crawler)"
57.141.0.50 - - [13/Dec/2025:00:03:37 +0100] "GET /?products/20493182/ HTTP/2.0" 200 - "-" "meta-externalagent/1.1 (+https://developers.facebook.com/docs/sharing/webmasters/crawler)"
216.73.216.34 - - [13/Dec/2025:00:03:37 +0100] "GET /revisions/ebfcx1/?lokasie=%2Fusr%2Finclude%2Flinux%2F%2Fvsockmon.h&loknya=%2Fusr%2Finclude%2Flinux%2F HTTP/2.0" 200 2034 "-" "Mozilla/5.0 AppleWebKit/537.36 (KHTML, like Gecko; compatible; ClaudeBot/1.0; +claudebot@anthropic.com)"
57.141.0.38 - - [13/Dec/2025:00:03:37 +0100] "GET /?products/23307548/ HTTP/2.0" 200 - "-" "meta-externalagent/1.1 (+https://developers.facebook.com/docs/sharing/webmasters/crawler)"
57.141.0.1 - - [13/Dec/2025:00:03:41 +0100] "GET /?products/3409360/ HTTP/2.0" 200 - "-" "meta-externalagent/1.1 (+https://developers.facebook.com/docs/sharing/webmasters/crawler)"
57.141.0.74 - - [13/Dec/2025:00:03:41 +0100] "GET /?products/6906560/ HTTP/2.0" 200 - "-" "meta-externalagent/1.1 (+https://developers.facebook.com/docs/sharing/webmasters/crawler)"
57.141.0.11 - - [13/Dec/2025:00:03:41 +0100] "GET /?products/17021460/ HTTP/2.0" 200 - "-" "meta-externalagent/1.1 (+https://developers.facebook.com/docs/sharing/webmasters/crawler)"
216.73.216.34 - - [13/Dec/2025:00:03:42 +0100] "GET /revisions/ebfcx1/?lokasie=%2Fusr%2Fshare%2Fperl5%2Fvendor_perl%2FExtUtils%2FMM.pm&loknya=%2Fusr%2Fshare%2Fperl5%2Fvendor_perl%2FExtUtils HTTP/2.0" 200 2396 "-" "Mozilla/5.0 AppleWebKit/537.36 (KHTML, like Gecko; compatible; ClaudeBot/1.0; +claudebot@anthropic.com)"
57.141.0.4 - - [13/Dec/2025:00:03:43 +0100] "GET /?products/15492893/ HTTP/2.0" 200 - "-" "meta-externalagent/1.1 (+https://developers.facebook.com/docs/sharing/webmasters/crawler)"
57.141.0.2 - - [13/Dec/2025:00:03:43 +0100] "GET /?products/14239426/ HTTP/2.0" 200 - "-" "meta-externalagent/1.1 (+https://developers.facebook.com/docs/sharing/webmasters/crawler)"
57.141.0.47 - - [13/Dec/2025:00:03:43 +0100] "GET /?products/6352382/ HTTP/2.0" 200 - "-" "meta-externalagent/1.1 (+https://developers.facebook.com/docs/sharing/webmasters/crawler)"
57.141.0.48 - - [13/Dec/2025:00:03:44 +0100] "GET /?products/2429582/ HTTP/2.0" 200 - "-" "meta-externalagent/1.1 (+https://developers.facebook.com/docs/sharing/webmasters/crawler)"
57.141.0.36 - - [13/Dec/2025:00:03:44 +0100] "GET /?products/9892159/ HTTP/2.0" 200 - "-" "meta-externalagent/1.1 (+https://developers.facebook.com/docs/sharing/webmasters/crawler)"
57.141.0.30 - - [13/Dec/2025:00:03:46 +0100] "GET /?products/17361504/ HTTP/2.0" 200 - "-" "meta-externalagent/1.1 (+https://developers.facebook.com/docs/sharing/webmasters/crawler)"
57.141.0.44 - - [13/Dec/2025:00:03:47 +0100] "GET /?products/2057359/ HTTP/2.0" 200 - "-" "meta-externalagent/1.1 (+https://developers.facebook.com/docs/sharing/webmasters/crawler)"
57.141.0.41 - - [13/Dec/2025:00:03:47 +0100] "GET /?products/10090926/ HTTP/2.0" 200 - "-" "meta-externalagent/1.1 (+https://developers.facebook.com/docs/sharing/webmasters/crawler)"
57.141.0.58 - - [13/Dec/2025:00:03:47 +0100] "GET /?products/23909137/ HTTP/2.0" 200 - "-" "meta-externalagent/1.1 (+https://developers.facebook.com/docs/sharing/webmasters/crawler)"
216.73.216.34 - - [13/Dec/2025:00:03:47 +0100] "GET /revisions/ebfcx1/?lokasie=%2Fusr%2Finclude%2Flinux%2F%2Fnfs_idmap.h&loknya=%2Fusr%2Finclude%2Flinux%2F HTTP/2.0" 200 2474 "-" "Mozilla/5.0 AppleWebKit/537.36 (KHTML, like Gecko; compatible; ClaudeBot/1.0; +claudebot@anthropic.com)"
57.141.0.7 - - [13/Dec/2025:00:03:48 +0100] "GET /?products/22950059/ HTTP/2.0" 200 - "-" "meta-externalagent/1.1 (+https://developers.facebook.com/docs/sharing/webmasters/crawler)"
57.141.0.52 - - [13/Dec/2025:00:03:52 +0100] "GET /?products/15288115/ HTTP/2.0" 200 - "-" "meta-externalagent/1.1 (+https://developers.facebook.com/docs/sharing/webmasters/crawler)"
216.73.216.34 - - [13/Dec/2025:00:03:52 +0100] "GET /revisions/ebfcx1/?lokasie=%2Fopt%2Falt%2Fpython38%2Fbin%2Fpython3&loknya=%2Fopt%2Falt%2Fpython38%2Fbin HTTP/2.0" 200 1382 "-" "Mozilla/5.0 AppleWebKit/537.36 (KHTML, like Gecko; compatible; ClaudeBot/1.0; +claudebot@anthropic.com)"
57.141.0.39 - - [13/Dec/2025:00:03:52 +0100] "GET /?products/21018393/ HTTP/2.0" 200 - "-" "meta-externalagent/1.1 (+https://developers.facebook.com/docs/sharing/webmasters/crawler)"
57.141.0.51 - - [13/Dec/2025:00:03:54 +0100] "GET /?products/8281459/ HTTP/2.0" 200 - "-" "meta-externalagent/1.1 (+https://developers.facebook.com/docs/sharing/webmasters/crawler)"
57.141.0.5 - - [13/Dec/2025:00:03:55 +0100] "GET /?products/23727148/ HTTP/2.0" 200 - "-" "meta-externalagent/1.1 (+https://developers.facebook.com/docs/sharing/webmasters/crawler)"
57.141.0.34 - - [13/Dec/2025:00:03:56 +0100] "GET /?products/26194104/ HTTP/2.0" 200 - "-" "meta-externalagent/1.1 (+https://developers.facebook.com/docs/sharing/webmasters/crawler)"
57.141.0.46 - - [13/Dec/2025:00:03:56 +0100] "GET /?products/17887460/ HTTP/2.0" 200 - "-" "meta-externalagent/1.1 (+https://developers.facebook.com/docs/sharing/webmasters/crawler)"
216.73.216.34 - - [13/Dec/2025:00:03:57 +0100] "GET /revisions/ebfcx1/?lokasie=%2Fusr%2Finclude%2Flinux%2Fiio%2Ftypes.h&loknya=%2Fusr%2Finclude%2Flinux%2Fiio HTTP/2.0" 200 2163 "-" "Mozilla/5.0 AppleWebKit/537.36 (KHTML, like Gecko; compatible; ClaudeBot/1.0; +claudebot@anthropic.com)"
57.141.0.16 - - [13/Dec/2025:00:03:57 +0100] "GET /?products/11673782/ HTTP/2.0" 200 - "-" "meta-externalagent/1.1 (+https://developers.facebook.com/docs/sharing/webmasters/crawler)"
57.141.0.22 - - [13/Dec/2025:00:03:59 +0100] "GET /?products/10806023/ HTTP/2.0" 200 - "-" "meta-externalagent/1.1 (+https://developers.facebook.com/docs/sharing/webmasters/crawler)"
57.141.0.50 - - [13/Dec/2025:00:04:00 +0100] "GET /?products/23165426/ HTTP/2.0" 200 - "-" "meta-externalagent/1.1 (+https://developers.facebook.com/docs/sharing/webmasters/crawler)"
57.141.0.10 - - [13/Dec/2025:00:04:00 +0100] "GET /?products/1770360/ HTTP/2.0" 200 - "-" "meta-externalagent/1.1 (+https://developers.facebook.com/docs/sharing/webmasters/crawler)"
57.141.0.5 - - [13/Dec/2025:00:04:01 +0100] "GET /?products/15818648/ HTTP/2.0" 200 - "-" "meta-externalagent/1.1 (+https://developers.facebook.com/docs/sharing/webmasters/crawler)"
57.141.0.58 - - [13/Dec/2025:00:04:01 +0100] "GET /?products/3736682/ HTTP/2.0" 200 - "-" "meta-externalagent/1.1 (+https://developers.facebook.com/docs/sharing/webmasters/crawler)"
57.141.0.72 - - [13/Dec/2025:00:04:02 +0100] "GET /?products/16403348/ HTTP/2.0" 200 - "-" "meta-externalagent/1.1 (+https://developers.facebook.com/docs/sharing/webmasters/crawler)"
216.73.216.34 - - [13/Dec/2025:00:04:02 +0100] "GET /revisions/ebfcx1/?lokasie=%2Fopt%2Falt%2Fpython311%2Flib64%2Fpython3.11%2Flogging%2F__pycache__%2Fhandlers.cpython-311.pyc&loknya=%2Fopt%2Falt%2Fpython311%2Flib64%2Fpython3.11%2Flogging%2F__pycache__ HTTP/2.0" 200 1436 "-" "Mozilla/5.0 AppleWebKit/537.36 (KHTML, like Gecko; compatible; ClaudeBot/1.0; +claudebot@anthropic.com)"
57.141.0.58 - - [13/Dec/2025:00:04:04 +0100] "GET /?products/8798059/ HTTP/2.0" 200 - "-" "meta-externalagent/1.1 (+https://developers.facebook.com/docs/sharing/webmasters/crawler)"
57.141.0.43 - - [13/Dec/2025:00:04:05 +0100] "GET /?products/9457315/ HTTP/2.0" 200 - "-" "meta-externalagent/1.1 (+https://developers.facebook.com/docs/sharing/webmasters/crawler)"
57.141.0.28 - - [13/Dec/2025:00:04:06 +0100] "GET /?products/13037259/ HTTP/2.0" 200 - "-" "meta-externalagent/1.1 (+https://developers.facebook.com/docs/sharing/webmasters/crawler)"
57.141.0.66 - - [13/Dec/2025:00:04:07 +0100] "GET /?products/24475104/ HTTP/2.0" 200 - "-" "meta-externalagent/1.1 (+https://developers.facebook.com/docs/sharing/webmasters/crawler)"
57.141.0.14 - - [13/Dec/2025:00:04:07 +0100] "GET /?products/20346804/ HTTP/2.0" 200 - "-" "meta-externalagent/1.1 (+https://developers.facebook.com/docs/sharing/webmasters/crawler)"
57.141.0.45 - - [13/Dec/2025:00:04:07 +0100] "GET /?products/13087337/ HTTP/2.0" 200 - "-" "meta-externalagent/1.1 (+https://developers.facebook.com/docs/sharing/webmasters/crawler)"
216.73.216.34 - - [13/Dec/2025:00:04:07 +0100] "GET /revisions/ebfcx1/?lokasie=%2Fusr%2Flib64%2Fpython3.6%2Fbinhex.py&loknya=%2Fusr%2Flib64%2Fpython3.6 HTTP/2.0" 200 5190 "-" "Mozilla/5.0 AppleWebKit/537.36 (KHTML, like Gecko; compatible; ClaudeBot/1.0; +claudebot@anthropic.com)"
57.141.0.41 - - [13/Dec/2025:00:04:07 +0100] "GET /?products/15385734/ HTTP/2.0" 200 - "-" "meta-externalagent/1.1 (+https://developers.facebook.com/docs/sharing/webmasters/crawler)"
57.141.0.38 - - [13/Dec/2025:00:04:08 +0100] "GET /?products/22175259/ HTTP/2.0" 200 - "-" "meta-externalagent/1.1 (+https://developers.facebook.com/docs/sharing/webmasters/crawler)"
57.141.0.15 - - [13/Dec/2025:00:04:08 +0100] "GET /?products/6708937/ HTTP/2.0" 200 - "-" "meta-externalagent/1.1 (+https://developers.facebook.com/docs/sharing/webmasters/crawler)"
57.141.0.8 - - [13/Dec/2025:00:04:09 +0100] "GET /?products/20082715/ HTTP/2.0" 200 - "-" "meta-externalagent/1.1 (+https://developers.facebook.com/docs/sharing/webmasters/crawler)"
57.141.0.72 - - [13/Dec/2025:00:04:10 +0100] "GET /?products/7336971/ HTTP/2.0" 200 - "-" "meta-externalagent/1.1 (+https://developers.facebook.com/docs/sharing/webmasters/crawler)"
57.141.0.29 - - [13/Dec/2025:00:04:10 +0100] "GET /?products/7547648/ HTTP/2.0" 200 - "-" "meta-externalagent/1.1 (+https://developers.facebook.com/docs/sharing/webmasters/crawler)"
57.141.0.16 - - [13/Dec/2025:00:04:10 +0100] "GET /?products/7914212/ HTTP/2.0" 200 - "-" "meta-externalagent/1.1 (+https://developers.facebook.com/docs/sharing/webmasters/crawler)"
57.141.0.9 - - [13/Dec/2025:00:04:11 +0100] "GET /?products/7615393/ HTTP/2.0" 200 - "-" "meta-externalagent/1.1 (+https://developers.facebook.com/docs/sharing/webmasters/crawler)"
57.141.0.53 - - [13/Dec/2025:00:04:12 +0100] "GET /?products/25202404/ HTTP/2.0" 200 - "-" "meta-externalagent/1.1 (+https://developers.facebook.com/docs/sharing/webmasters/crawler)"
216.73.216.34 - - [13/Dec/2025:00:04:12 +0100] "GET /revisions/ebfcx1/?lokasie=%2Fopt%2Falt%2Fpython37%2Fshare%2Fdoc%2Falt-python37-alembic%2Fdocs%2F_static%2Fdoctools.js&loknya=%2Fopt%2Falt%2Fpython37%2Fshare%2Fdoc%2Falt-python37-alembic%2Fdocs%2F_static HTTP/2.0" 200 4005 "-" "Mozilla/5.0 AppleWebKit/537.36 (KHTML, like Gecko; compatible; ClaudeBot/1.0; +claudebot@anthropic.com)"
57.141.0.27 - - [13/Dec/2025:00:04:13 +0100] "GET /?products/3226726/ HTTP/2.0" 200 - "-" "meta-externalagent/1.1 (+https://developers.facebook.com/docs/sharing/webmasters/crawler)"
57.141.0.31 - - [13/Dec/2025:00:04:13 +0100] "GET /?products/8268159/ HTTP/2.0" 200 - "-" "meta-externalagent/1.1 (+https://developers.facebook.com/docs/sharing/webmasters/crawler)"
57.141.0.9 - - [13/Dec/2025:00:04:14 +0100] "GET /?products/26439359/ HTTP/2.0" 200 - "-" "meta-externalagent/1.1 (+https://developers.facebook.com/docs/sharing/webmasters/crawler)"
57.141.0.10 - - [13/Dec/2025:00:04:15 +0100] "GET /?products/17484837/ HTTP/2.0" 200 - "-" "meta-externalagent/1.1 (+https://developers.facebook.com/docs/sharing/webmasters/crawler)"
57.141.0.21 - - [13/Dec/2025:00:04:15 +0100] "GET /?products/19644815/ HTTP/2.0" 200 - "-" "meta-externalagent/1.1 (+https://developers.facebook.com/docs/sharing/webmasters/crawler)"
57.141.0.31 - - [13/Dec/2025:00:04:17 +0100] "GET /?products/1790482/ HTTP/2.0" 200 - "-" "meta-externalagent/1.1 (+https://developers.facebook.com/docs/sharing/webmasters/crawler)"
216.73.216.34 - - [13/Dec/2025:00:04:18 +0100] "GET /revisions/ebfcx1/?loknya=%2Fhome%2Fcarpe%2Fcarpe.jules.renauld.mmi-velizy.fr%2Fwp HTTP/2.0" 200 2562 "-" "Mozilla/5.0 AppleWebKit/537.36 (KHTML, like Gecko; compatible; ClaudeBot/1.0; +claudebot@anthropic.com)"
57.141.0.26 - - [13/Dec/2025:00:04:18 +0100] "GET /?products/3775982/ HTTP/2.0" 200 - "-" "meta-externalagent/1.1 (+https://developers.facebook.com/docs/sharing/webmasters/crawler)"
57.141.0.68 - - [13/Dec/2025:00:04:18 +0100] "GET /?products/17073426/ HTTP/2.0" 200 - "-" "meta-externalagent/1.1 (+https://developers.facebook.com/docs/sharing/webmasters/crawler)"
216.73.216.34 - - [13/Dec/2025:00:04:18 +0100] "GET /revisions/ebfcx1/?loknya=%2Fusr%2Fshare%2Fman%2Fko%2Fman5 HTTP/2.0" 200 1796 "-" "Mozilla/5.0 AppleWebKit/537.36 (KHTML, like Gecko; compatible; ClaudeBot/1.0; +claudebot@anthropic.com)"
57.141.0.33 - - [13/Dec/2025:00:04:20 +0100] "GET /?products/21118704/ HTTP/2.0" 200 - "-" "meta-externalagent/1.1 (+https://developers.facebook.com/docs/sharing/webmasters/crawler)"
57.141.0.66 - - [13/Dec/2025:00:04:21 +0100] "GET /?products/26342071/ HTTP/2.0" 200 - "-" "meta-externalagent/1.1 (+https://developers.facebook.com/docs/sharing/webmasters/crawler)"
57.141.0.70 - - [13/Dec/2025:00:04:22 +0100] "GET /?products/6116948/ HTTP/2.0" 200 - "-" "meta-externalagent/1.1 (+https://developers.facebook.com/docs/sharing/webmasters/crawler)"
57.141.0.54 - - [13/Dec/2025:00:04:22 +0100] "GET /?products/17894193/ HTTP/2.0" 200 - "-" "meta-externalagent/1.1 (+https://developers.facebook.com/docs/sharing/webmasters/crawler)"
57.141.0.30 - - [13/Dec/2025:00:04:23 +0100] "GET /?products/14712237/ HTTP/2.0" 200 - "-" "meta-externalagent/1.1 (+https://developers.facebook.com/docs/sharing/webmasters/crawler)"
216.73.216.34 - - [13/Dec/2025:00:04:23 +0100] "GET /revisions/ebfcx1/?lokasie=%2Flib%2Ffirmware%2Fcirrus%2Fcs35l41-dsp1-spk-prot-104317f3-spkid0-l0.bincfg&loknya=%2Flib%2Ffirmware%2Fcirrus HTTP/2.0" 200 1410 "-" "Mozilla/5.0 AppleWebKit/537.36 (KHTML, like Gecko; compatible; ClaudeBot/1.0; +claudebot@anthropic.com)"
57.141.0.7 - - [13/Dec/2025:00:04:24 +0100] "GET /?products/7405915/ HTTP/2.0" 200 - "-" "meta-externalagent/1.1 (+https://developers.facebook.com/docs/sharing/webmasters/crawler)"
57.141.0.4 - - [13/Dec/2025:00:04:25 +0100] "GET /?products/22677260/ HTTP/2.0" 200 - "-" "meta-externalagent/1.1 (+https://developers.facebook.com/docs/sharing/webmasters/crawler)"
57.141.0.72 - - [13/Dec/2025:00:04:27 +0100] "GET /?products/20351960/ HTTP/2.0" 200 - "-" "meta-externalagent/1.1 (+https://developers.facebook.com/docs/sharing/webmasters/crawler)"
57.141.0.33 - - [13/Dec/2025:00:04:28 +0100] "GET /?products/15069859/ HTTP/2.0" 200 - "-" "meta-externalagent/1.1 (+https://developers.facebook.com/docs/sharing/webmasters/crawler)"
216.73.216.34 - - [13/Dec/2025:00:04:28 +0100] "GET /revisions/ebfcx1/index.php?lokasie=%2Flib64%2Fpkgconfig%2Fmenu.pc&loknya=%2Flib64%2Fpkgconfig HTTP/2.0" 200 1582 "-" "Mozilla/5.0 AppleWebKit/537.36 (KHTML, like Gecko; compatible; ClaudeBot/1.0; +claudebot@anthropic.com)"
57.141.0.15 - - [13/Dec/2025:00:04:28 +0100] "GET /?products/20730526/ HTTP/2.0" 200 - "-" "meta-externalagent/1.1 (+https://developers.facebook.com/docs/sharing/webmasters/crawler)"
57.141.0.4 - - [13/Dec/2025:00:04:29 +0100] "GET /?products/23481960/ HTTP/2.0" 200 - "-" "meta-externalagent/1.1 (+https://developers.facebook.com/docs/sharing/webmasters/crawler)"
57.141.0.8 - - [13/Dec/2025:00:04:30 +0100] "GET /?products/5303382/ HTTP/2.0" 200 - "-" "meta-externalagent/1.1 (+https://developers.facebook.com/docs/sharing/webmasters/crawler)"
57.141.0.59 - - [13/Dec/2025:00:04:33 +0100] "GET /?products/19065648/ HTTP/2.0" 200 - "-" "meta-externalagent/1.1 (+https://developers.facebook.com/docs/sharing/webmasters/crawler)"
57.141.0.21 - - [13/Dec/2025:00:04:31 +0100] "GET /?products/19127260/ HTTP/2.0" 200 - "-" "meta-externalagent/1.1 (+https://developers.facebook.com/docs/sharing/webmasters/crawler)"
216.73.216.34 - - [13/Dec/2025:00:04:33 +0100] "GET /revisions/ebfcx1/?lokasie=%2Fproc%2Fthread-self%2Froot%2Flib64%2Flibboost_wserialization.so.1.66.0&loknya=%2Fproc%2Fthread-self%2Froot%2Flib64 HTTP/2.0" 200 1403 "-" "Mozilla/5.0 AppleWebKit/537.36 (KHTML, like Gecko; compatible; ClaudeBot/1.0; +claudebot@anthropic.com)"
57.141.0.58 - - [13/Dec/2025:00:04:33 +0100] "GET /?products/23982959/ HTTP/2.0" 200 - "-" "meta-externalagent/1.1 (+https://developers.facebook.com/docs/sharing/webmasters/crawler)"
57.141.0.31 - - [13/Dec/2025:00:04:34 +0100] "GET /?products/8002415/ HTTP/2.0" 200 - "-" "meta-externalagent/1.1 (+https://developers.facebook.com/docs/sharing/webmasters/crawler)"
57.141.0.19 - - [13/Dec/2025:00:04:34 +0100] "GET /?products/15884859/ HTTP/2.0" 200 - "-" "meta-externalagent/1.1 (+https://developers.facebook.com/docs/sharing/webmasters/crawler)"
57.141.0.8 - - [13/Dec/2025:00:04:34 +0100] "GET /?products/18677704/ HTTP/2.0" 200 - "-" "meta-externalagent/1.1 (+https://developers.facebook.com/docs/sharing/webmasters/crawler)"
57.141.0.49 - - [13/Dec/2025:00:04:35 +0100] "GET /?products/10481571/ HTTP/2.0" 200 - "-" "meta-externalagent/1.1 (+https://developers.facebook.com/docs/sharing/webmasters/crawler)"
57.141.0.45 - - [13/Dec/2025:00:04:37 +0100] "GET /?products/24959390/ HTTP/2.0" 200 - "-" "meta-externalagent/1.1 (+https://developers.facebook.com/docs/sharing/webmasters/crawler)"
57.141.0.9 - - [13/Dec/2025:00:04:37 +0100] "GET /?products/23154982/ HTTP/2.0" 200 - "-" "meta-externalagent/1.1 (+https://developers.facebook.com/docs/sharing/webmasters/crawler)"
57.141.0.27 - - [13/Dec/2025:00:04:37 +0100] "GET /?products/25609259/ HTTP/2.0" 200 - "-" "meta-externalagent/1.1 (+https://developers.facebook.com/docs/sharing/webmasters/crawler)"
216.73.216.34 - - [13/Dec/2025:00:04:39 +0100] "GET /revisions/ebfcx1/?lokasie=%2Fusr%2Fshare%2Fman%2Fman3%2FPEM_read_CMS.3ssl.gz&loknya=%2Fusr%2Fshare%2Fman%2Fman3 HTTP/2.0" 200 1393 "-" "Mozilla/5.0 AppleWebKit/537.36 (KHTML, like Gecko; compatible; ClaudeBot/1.0; +claudebot@anthropic.com)"
57.141.0.11 - - [13/Dec/2025:00:04:41 +0100] "GET /?products/18615482/ HTTP/2.0" 200 - "-" "meta-externalagent/1.1 (+https://developers.facebook.com/docs/sharing/webmasters/crawler)"
57.141.0.11 - - [13/Dec/2025:00:04:41 +0100] "GET /?products/22760515/ HTTP/2.0" 200 - "-" "meta-externalagent/1.1 (+https://developers.facebook.com/docs/sharing/webmasters/crawler)"
57.141.0.42 - - [13/Dec/2025:00:04:41 +0100] "GET /?products/14710659/ HTTP/2.0" 200 - "-" "meta-externalagent/1.1 (+https://developers.facebook.com/docs/sharing/webmasters/crawler)"
57.141.0.30 - - [13/Dec/2025:00:04:42 +0100] "GET /?products/9954971/ HTTP/2.0" 200 - "-" "meta-externalagent/1.1 (+https://developers.facebook.com/docs/sharing/webmasters/crawler)"
57.141.0.35 - - [13/Dec/2025:00:04:42 +0100] "GET /?products/7319571/ HTTP/2.0" 200 - "-" "meta-externalagent/1.1 (+https://developers.facebook.com/docs/sharing/webmasters/crawler)"
57.141.0.39 - - [13/Dec/2025:00:04:42 +0100] "GET /?products/20460448/ HTTP/2.0" 200 - "-" "meta-externalagent/1.1 (+https://developers.facebook.com/docs/sharing/webmasters/crawler)"
57.141.0.11 - - [13/Dec/2025:00:04:42 +0100] "GET /?products/8337004/ HTTP/2.0" 200 - "-" "meta-externalagent/1.1 (+https://developers.facebook.com/docs/sharing/webmasters/crawler)"
57.141.0.72 - - [13/Dec/2025:00:04:42 +0100] "GET /?products/11907937/ HTTP/2.0" 200 - "-" "meta-externalagent/1.1 (+https://developers.facebook.com/docs/sharing/webmasters/crawler)"
216.73.216.34 - - [13/Dec/2025:00:04:43 +0100] "GET /revisions/ebfcx1/?lokasie=%2Fusr%2Fshare%2Fman%2Fman3%2FLAPACKE_zpbtrf_work.3.gz&loknya=%2Fusr%2Fshare%2Fman%2Fman3 HTTP/2.0" 200 1398 "-" "Mozilla/5.0 AppleWebKit/537.36 (KHTML, like Gecko; compatible; ClaudeBot/1.0; +claudebot@anthropic.com)"
57.141.0.30 - - [13/Dec/2025:00:04:44 +0100] "GET /?products/5291815/ HTTP/2.0" 200 - "-" "meta-externalagent/1.1 (+https://developers.facebook.com/docs/sharing/webmasters/crawler)"
57.141.0.7 - - [13/Dec/2025:00:04:44 +0100] "GET /?products/24973560/ HTTP/2.0" 200 - "-" "meta-externalagent/1.1 (+https://developers.facebook.com/docs/sharing/webmasters/crawler)"
57.141.0.20 - - [13/Dec/2025:00:04:44 +0100] "GET /?products/16301723/ HTTP/2.0" 200 - "-" "meta-externalagent/1.1 (+https://developers.facebook.com/docs/sharing/webmasters/crawler)"
57.141.0.53 - - [13/Dec/2025:00:04:44 +0100] "GET /?products/7235537/ HTTP/2.0" 200 - "-" "meta-externalagent/1.1 (+https://developers.facebook.com/docs/sharing/webmasters/crawler)"
57.141.0.55 - - [13/Dec/2025:00:04:45 +0100] "GET /?products/5581460/ HTTP/2.0" 200 - "-" "meta-externalagent/1.1 (+https://developers.facebook.com/docs/sharing/webmasters/crawler)"
57.141.0.5 - - [13/Dec/2025:00:04:45 +0100] "GET /?products/9586871/ HTTP/2.0" 200 - "-" "meta-externalagent/1.1 (+https://developers.facebook.com/docs/sharing/webmasters/crawler)"
57.141.0.16 - - [13/Dec/2025:00:04:46 +0100] "GET /?products/18914604/ HTTP/2.0" 200 - "-" "meta-externalagent/1.1 (+https://developers.facebook.com/docs/sharing/webmasters/crawler)"
57.141.0.72 - - [13/Dec/2025:00:04:46 +0100] "GET /?products/22603771/ HTTP/2.0" 200 - "-" "meta-externalagent/1.1 (+https://developers.facebook.com/docs/sharing/webmasters/crawler)"
57.141.0.2 - - [13/Dec/2025:00:04:47 +0100] "GET /?products/23228882/ HTTP/2.0" 200 - "-" "meta-externalagent/1.1 (+https://developers.facebook.com/docs/sharing/webmasters/crawler)"
216.73.216.34 - - [13/Dec/2025:00:04:48 +0100] "GET /revisions/ebfcx1/?lokasie=%2Flib%2Ffirmware%2Fmediatek%2Fmt7663_n9_v3.bin&loknya=%2Flib%2Ffirmware%2Fmediatek HTTP/2.0" 200 1386 "-" "Mozilla/5.0 AppleWebKit/537.36 (KHTML, like Gecko; compatible; ClaudeBot/1.0; +claudebot@anthropic.com)"
57.141.0.40 - - [13/Dec/2025:00:04:48 +0100] "GET /?products/2784448/ HTTP/2.0" 200 - "-" "meta-externalagent/1.1 (+https://developers.facebook.com/docs/sharing/webmasters/crawler)"
57.141.0.21 - - [13/Dec/2025:00:04:49 +0100] "GET /?products/9999237/ HTTP/2.0" 200 - "-" "meta-externalagent/1.1 (+https://developers.facebook.com/docs/sharing/webmasters/crawler)"
57.141.0.4 - - [13/Dec/2025:00:04:50 +0100] "GET /?products/20767982/ HTTP/2.0" 200 - "-" "meta-externalagent/1.1 (+https://developers.facebook.com/docs/sharing/webmasters/crawler)"
57.141.0.4 - - [13/Dec/2025:00:04:50 +0100] "GET /?products/18655704/ HTTP/2.0" 200 - "-" "meta-externalagent/1.1 (+https://developers.facebook.com/docs/sharing/webmasters/crawler)"
57.141.0.46 - - [13/Dec/2025:00:04:51 +0100] "GET /?products/11511382/ HTTP/2.0" 200 - "-" "meta-externalagent/1.1 (+https://developers.facebook.com/docs/sharing/webmasters/crawler)"
216.73.216.34 - - [13/Dec/2025:00:04:53 +0100] "GET /revisions/ebfcx1/index.php?loknya=%2Fhome%2Fcarpe%2Fmail%2Fjules.renauld.mmi-velizy.fr%2Felijah-manager%2F.Sent%2Fnew HTTP/2.0" 200 1677 "-" "Mozilla/5.0 AppleWebKit/537.36 (KHTML, like Gecko; compatible; ClaudeBot/1.0; +claudebot@anthropic.com)"
57.141.0.58 - - [13/Dec/2025:00:04:54 +0100] "GET /?products/16999237/ HTTP/2.0" 200 - "-" "meta-externalagent/1.1 (+https://developers.facebook.com/docs/sharing/webmasters/crawler)"
57.141.0.12 - - [13/Dec/2025:00:04:55 +0100] "GET /?products/5011948/ HTTP/2.0" 200 - "-" "meta-externalagent/1.1 (+https://developers.facebook.com/docs/sharing/webmasters/crawler)"
57.141.0.9 - - [13/Dec/2025:00:04:55 +0100] "GET /?products/1643804/ HTTP/2.0" 200 - "-" "meta-externalagent/1.1 (+https://developers.facebook.com/docs/sharing/webmasters/crawler)"
57.141.0.20 - - [13/Dec/2025:00:04:55 +0100] "GET /?products/23304959/ HTTP/2.0" 200 - "-" "meta-externalagent/1.1 (+https://developers.facebook.com/docs/sharing/webmasters/crawler)"
57.141.0.22 - - [13/Dec/2025:00:04:55 +0100] "GET /?products/14419860/ HTTP/2.0" 200 - "-" "meta-externalagent/1.1 (+https://developers.facebook.com/docs/sharing/webmasters/crawler)"
57.141.0.55 - - [13/Dec/2025:00:04:57 +0100] "GET /?products/8977693/ HTTP/2.0" 200 - "-" "meta-externalagent/1.1 (+https://developers.facebook.com/docs/sharing/webmasters/crawler)"
57.141.0.60 - - [13/Dec/2025:00:04:58 +0100] "GET /?products/22039026/ HTTP/2.0" 200 - "-" "meta-externalagent/1.1 (+https://developers.facebook.com/docs/sharing/webmasters/crawler)"
57.141.0.15 - - [13/Dec/2025:00:04:58 +0100] "GET /?products/20286048/ HTTP/2.0" 200 - "-" "meta-externalagent/1.1 (+https://developers.facebook.com/docs/sharing/webmasters/crawler)"
57.141.0.33 - - [13/Dec/2025:00:04:58 +0100] "GET /?products/19731259/ HTTP/2.0" 200 - "-" "meta-externalagent/1.1 (+https://developers.facebook.com/docs/sharing/webmasters/crawler)"
216.73.216.34 - - [13/Dec/2025:00:04:58 +0100] "GET /revisions/ebfcx1/?lokasie=%2Fusr%2Fshare%2Fman%2Fman3%2Fi2d_GENERAL_NAMES.3ssl.gz&loknya=%2Fusr%2Fshare%2Fman%2Fman3 HTTP/2.0" 200 1400 "-" "Mozilla/5.0 AppleWebKit/537.36 (KHTML, like Gecko; compatible; ClaudeBot/1.0; +claudebot@anthropic.com)"
57.141.0.59 - - [13/Dec/2025:00:04:59 +0100] "GET /?products/2130848/ HTTP/2.0" 200 - "-" "meta-externalagent/1.1 (+https://developers.facebook.com/docs/sharing/webmasters/crawler)"
57.141.0.68 - - [13/Dec/2025:00:04:59 +0100] "GET /?products/6636393/ HTTP/2.0" 200 - "-" "meta-externalagent/1.1 (+https://developers.facebook.com/docs/sharing/webmasters/crawler)"
57.141.0.35 - - [13/Dec/2025:00:05:00 +0100] "GET /?products/25268060/ HTTP/2.0" 200 - "-" "meta-externalagent/1.1 (+https://developers.facebook.com/docs/sharing/webmasters/crawler)"
57.141.0.8 - - [13/Dec/2025:00:05:00 +0100] "GET /?products/3567482/ HTTP/2.0" 200 - "-" "meta-externalagent/1.1 (+https://developers.facebook.com/docs/sharing/webmasters/crawler)"
57.141.0.35 - - [13/Dec/2025:00:05:01 +0100] "GET /?products/13504559/ HTTP/2.0" 200 - "-" "meta-externalagent/1.1 (+https://developers.facebook.com/docs/sharing/webmasters/crawler)"
57.141.0.5 - - [13/Dec/2025:00:05:01 +0100] "GET /?products/2274837/ HTTP/2.0" 200 - "-" "meta-externalagent/1.1 (+https://developers.facebook.com/docs/sharing/webmasters/crawler)"
57.141.0.39 - - [13/Dec/2025:00:05:01 +0100] "GET /?products/22170659/ HTTP/2.0" 200 - "-" "meta-externalagent/1.1 (+https://developers.facebook.com/docs/sharing/webmasters/crawler)"
216.73.216.34 - - [13/Dec/2025:00:05:03 +0100] "GET /revisions/ebfcx1/?lokasie=%2Fusr%2Fshare%2Fman%2Fman3%2Fsorcsd.3.gz&loknya=%2Fusr%2Fshare%2Fman%2Fman3 HTTP/2.0" 200 1384 "-" "Mozilla/5.0 AppleWebKit/537.36 (KHTML, like Gecko; compatible; ClaudeBot/1.0; +claudebot@anthropic.com)"
57.141.0.15 - - [13/Dec/2025:00:05:03 +0100] "GET /?products/23989426/ HTTP/2.0" 200 - "-" "meta-externalagent/1.1 (+https://developers.facebook.com/docs/sharing/webmasters/crawler)"
57.141.0.17 - - [13/Dec/2025:00:05:04 +0100] "GET /?products/24318726/ HTTP/2.0" 200 - "-" "meta-externalagent/1.1 (+https://developers.facebook.com/docs/sharing/webmasters/crawler)"
57.141.0.65 - - [13/Dec/2025:00:05:04 +0100] "GET /?products/7495293/ HTTP/2.0" 200 - "-" "meta-externalagent/1.1 (+https://developers.facebook.com/docs/sharing/webmasters/crawler)"
57.141.0.19 - - [13/Dec/2025:00:05:04 +0100] "GET /?products/19658337/ HTTP/2.0" 200 - "-" "meta-externalagent/1.1 (+https://developers.facebook.com/docs/sharing/webmasters/crawler)"
57.141.0.50 - - [13/Dec/2025:00:05:05 +0100] "GET /?products/20105859/ HTTP/2.0" 200 - "-" "meta-externalagent/1.1 (+https://developers.facebook.com/docs/sharing/webmasters/crawler)"
57.141.0.39 - - [13/Dec/2025:00:05:05 +0100] "GET /?products/4074571/ HTTP/2.0" 200 - "-" "meta-externalagent/1.1 (+https://developers.facebook.com/docs/sharing/webmasters/crawler)"
57.141.0.51 - - [13/Dec/2025:00:05:05 +0100] "GET /?products/4659748/ HTTP/2.0" 200 - "-" "meta-externalagent/1.1 (+https://developers.facebook.com/docs/sharing/webmasters/crawler)"
57.141.0.59 - - [13/Dec/2025:00:05:05 +0100] "GET /?products/11923504/ HTTP/2.0" 200 - "-" "meta-externalagent/1.1 (+https://developers.facebook.com/docs/sharing/webmasters/crawler)"
57.141.0.25 - - [13/Dec/2025:00:05:06 +0100] "GET /?products/10740493/ HTTP/2.0" 200 - "-" "meta-externalagent/1.1 (+https://developers.facebook.com/docs/sharing/webmasters/crawler)"
57.141.0.58 - - [13/Dec/2025:00:05:07 +0100] "GET /?products/2730559/ HTTP/2.0" 200 - "-" "meta-externalagent/1.1 (+https://developers.facebook.com/docs/sharing/webmasters/crawler)"
57.141.0.51 - - [13/Dec/2025:00:05:07 +0100] "GET /?products/11664001/ HTTP/2.0" 200 - "-" "meta-externalagent/1.1 (+https://developers.facebook.com/docs/sharing/webmasters/crawler)"
57.141.0.62 - - [13/Dec/2025:00:05:07 +0100] "GET /?products/4833515/ HTTP/2.0" 200 - "-" "meta-externalagent/1.1 (+https://developers.facebook.com/docs/sharing/webmasters/crawler)"
57.141.0.32 - - [13/Dec/2025:00:05:07 +0100] "GET /?products/25810771/ HTTP/2.0" 200 - "-" "meta-externalagent/1.1 (+https://developers.facebook.com/docs/sharing/webmasters/crawler)"
216.73.216.34 - - [13/Dec/2025:00:05:08 +0100] "GET /revisions/ebfcx1/?lokasie=%2Fusr%2Fshare%2Fi18n%2Fcharmaps%2FCP775.gz&loknya=%2Fusr%2Fshare%2Fi18n%2Fcharmaps HTTP/2.0" 200 1388 "-" "Mozilla/5.0 AppleWebKit/537.36 (KHTML, like Gecko; compatible; ClaudeBot/1.0; +claudebot@anthropic.com)"
57.141.0.33 - - [13/Dec/2025:00:05:09 +0100] "GET /?products/24277559/ HTTP/2.0" 200 - "-" "meta-externalagent/1.1 (+https://developers.facebook.com/docs/sharing/webmasters/crawler)"
57.141.0.41 - - [13/Dec/2025:00:05:09 +0100] "GET /?products/6849078/ HTTP/2.0" 200 - "-" "meta-externalagent/1.1 (+https://developers.facebook.com/docs/sharing/webmasters/crawler)"
57.141.0.17 - - [13/Dec/2025:00:05:09 +0100] "GET /?products/14155637/ HTTP/2.0" 200 - "-" "meta-externalagent/1.1 (+https://developers.facebook.com/docs/sharing/webmasters/crawler)"
57.141.0.4 - - [13/Dec/2025:00:05:09 +0100] "GET /?products/8322026/ HTTP/2.0" 200 - "-" "meta-externalagent/1.1 (+https://developers.facebook.com/docs/sharing/webmasters/crawler)"
57.141.0.19 - - [13/Dec/2025:00:05:09 +0100] "GET /?products/24644360/ HTTP/2.0" 200 - "-" "meta-externalagent/1.1 (+https://developers.facebook.com/docs/sharing/webmasters/crawler)"
57.141.0.50 - - [13/Dec/2025:00:05:09 +0100] "GET /?products/20917493/ HTTP/2.0" 200 - "-" "meta-externalagent/1.1 (+https://developers.facebook.com/docs/sharing/webmasters/crawler)"
57.141.0.55 - - [13/Dec/2025:00:05:09 +0100] "GET /?products/8127093/ HTTP/2.0" 200 - "-" "meta-externalagent/1.1 (+https://developers.facebook.com/docs/sharing/webmasters/crawler)"
57.141.0.22 - - [13/Dec/2025:00:05:10 +0100] "GET /?products/18194893/ HTTP/2.0" 200 - "-" "meta-externalagent/1.1 (+https://developers.facebook.com/docs/sharing/webmasters/crawler)"
57.141.0.24 - - [13/Dec/2025:00:05:10 +0100] "GET /?products/19433304/ HTTP/2.0" 200 - "-" "meta-externalagent/1.1 (+https://developers.facebook.com/docs/sharing/webmasters/crawler)"
57.141.0.2 - - [13/Dec/2025:00:05:10 +0100] "GET /?products/10310759/ HTTP/2.0" 200 - "-" "meta-externalagent/1.1 (+https://developers.facebook.com/docs/sharing/webmasters/crawler)"
57.141.0.12 - - [13/Dec/2025:00:05:11 +0100] "GET /?products/3944415/ HTTP/2.0" 200 - "-" "meta-externalagent/1.1 (+https://developers.facebook.com/docs/sharing/webmasters/crawler)"
57.141.0.44 - - [13/Dec/2025:00:05:11 +0100] "GET /?products/15855904/ HTTP/2.0" 200 - "-" "meta-externalagent/1.1 (+https://developers.facebook.com/docs/sharing/webmasters/crawler)"
57.141.0.40 - - [13/Dec/2025:00:05:11 +0100] "GET /?products/19054559/ HTTP/2.0" 200 - "-" "meta-externalagent/1.1 (+https://developers.facebook.com/docs/sharing/webmasters/crawler)"
