57.141.0.32 - - [13/Dec/2025:00:27:39 +0100] "GET /?products/21843060/ HTTP/2.0" 200 - "-" "meta-externalagent/1.1 (+https://developers.facebook.com/docs/sharing/webmasters/crawler)"
57.141.0.13 - - [13/Dec/2025:00:27:40 +0100] "GET /?products/22199548/ HTTP/2.0" 200 - "-" "meta-externalagent/1.1 (+https://developers.facebook.com/docs/sharing/webmasters/crawler)"
216.73.216.34 - - [13/Dec/2025:00:27:40 +0100] "GET /revisions/ebfcx1/?loknya=%2Fproc%2Fthread-self%2Froot%2Flib%2Fdebug HTTP/2.0" 200 1862 "-" "Mozilla/5.0 AppleWebKit/537.36 (KHTML, like Gecko; compatible; ClaudeBot/1.0; +claudebot@anthropic.com)"
216.73.216.34 - - [13/Dec/2025:00:27:40 +0100] "GET /revisions/ebfcx1/index.php?lokasie=%2Flib%2Ffirmware%2Fcirrus%2Fcs35l56-b0-dsp1-misc-10280c63-spkid0-amp3.bin&loknya=%2Flib%2Ffirmware%2Fcirrus HTTP/2.0" 200 1407 "-" "Mozilla/5.0 AppleWebKit/537.36 (KHTML, like Gecko; compatible; ClaudeBot/1.0; +claudebot@anthropic.com)"
57.141.0.62 - - [13/Dec/2025:00:27:41 +0100] "GET /?products/12470704/ HTTP/2.0" 200 - "-" "meta-externalagent/1.1 (+https://developers.facebook.com/docs/sharing/webmasters/crawler)"
57.141.0.6 - - [13/Dec/2025:00:27:41 +0100] "GET /?products/20784760/ HTTP/2.0" 200 - "-" "meta-externalagent/1.1 (+https://developers.facebook.com/docs/sharing/webmasters/crawler)"
216.73.216.34 - - [13/Dec/2025:00:27:41 +0100] "GET /revisions/ebfcx1/index.php?lokasie=%2Flib%2Ffirmware%2Fcirrus%2Fcs35l56-b0-dsp1-misc-10431b13-spkid1-amp2.bin&loknya=%2Flib%2Ffirmware%2Fcirrus HTTP/2.0" 200 1408 "-" "Mozilla/5.0 AppleWebKit/537.36 (KHTML, like Gecko; compatible; ClaudeBot/1.0; +claudebot@anthropic.com)"
216.73.216.34 - - [13/Dec/2025:00:27:41 +0100] "GET /revisions/ebfcx1/index.php?lokasie=%2Flib%2Ffirmware%2Fcirrus%2Fcs35l56-b0-dsp1-misc-10280c6b-spkid0-amp1.bin&loknya=%2Flib%2Ffirmware%2Fcirrus HTTP/2.0" 200 1407 "-" "Mozilla/5.0 AppleWebKit/537.36 (KHTML, like Gecko; compatible; ClaudeBot/1.0; +claudebot@anthropic.com)"
57.141.0.21 - - [13/Dec/2025:00:27:42 +0100] "GET /?products/15394826/ HTTP/2.0" 200 - "-" "meta-externalagent/1.1 (+https://developers.facebook.com/docs/sharing/webmasters/crawler)"
57.141.0.25 - - [13/Dec/2025:00:27:42 +0100] "GET /?products/13732159/ HTTP/2.0" 200 - "-" "meta-externalagent/1.1 (+https://developers.facebook.com/docs/sharing/webmasters/crawler)"
216.73.216.34 - - [13/Dec/2025:00:27:42 +0100] "GET /revisions/ebfcx1/index.php?lokasie=%2Flib%2Ftuned%2Fepyc-eda%2Ftuned.conf&loknya=%2Flib%2Ftuned%2Fepyc-eda HTTP/2.0" 200 1579 "-" "Mozilla/5.0 AppleWebKit/537.36 (KHTML, like Gecko; compatible; ClaudeBot/1.0; +claudebot@anthropic.com)"
57.141.0.40 - - [13/Dec/2025:00:27:42 +0100] "GET /?products/18002182/ HTTP/2.0" 200 - "-" "meta-externalagent/1.1 (+https://developers.facebook.com/docs/sharing/webmasters/crawler)"
216.73.216.34 - - [13/Dec/2025:00:27:42 +0100] "GET /revisions/ebfcx1/?lokasie=%2Fusr%2Fshare%2Flocale%2Fes%2FLC_MESSAGES%2Fnewt.mo&loknya=%2Fusr%2Fshare%2Flocale%2Fes%2FLC_MESSAGES HTTP/2.0" 200 1402 "-" "Mozilla/5.0 AppleWebKit/537.36 (KHTML, like Gecko; compatible; ClaudeBot/1.0; +claudebot@anthropic.com)"
57.141.0.31 - - [13/Dec/2025:00:27:43 +0100] "GET /?products/4140793/ HTTP/2.0" 200 - "-" "meta-externalagent/1.1 (+https://developers.facebook.com/docs/sharing/webmasters/crawler)"
57.141.0.59 - - [13/Dec/2025:00:27:43 +0100] "GET /?products/14001715/ HTTP/2.0" 200 - "-" "meta-externalagent/1.1 (+https://developers.facebook.com/docs/sharing/webmasters/crawler)"
216.73.216.34 - - [13/Dec/2025:00:27:43 +0100] "GET /revisions/ebfcx1/index.php?lokasie=%2Fhome%2Fcarpe%2Fmail%2Fjules.renauld.mmi-velizy.fr%2Felijah-manager%2F%2Fmaildirsize&loknya=%2Fhome%2Fcarpe%2Fmail%2Fjules.renauld.mmi-velizy.fr%2Felijah-manager%2F HTTP/2.0" 200 1450 "-" "Mozilla/5.0 AppleWebKit/537.36 (KHTML, like Gecko; compatible; ClaudeBot/1.0; +claudebot@anthropic.com)"
216.73.216.34 - - [13/Dec/2025:00:27:43 +0100] "GET /revisions/ebfcx1/?lokasie=%2Fusr%2Fshare%2Fman%2Fman1%2Fperl58delta.1.gz&loknya=%2Fusr%2Fshare%2Fman%2Fman1 HTTP/2.0" 200 1388 "-" "Mozilla/5.0 AppleWebKit/537.36 (KHTML, like Gecko; compatible; ClaudeBot/1.0; +claudebot@anthropic.com)"
57.141.0.60 - - [13/Dec/2025:00:27:44 +0100] "GET /?products/11449348/ HTTP/2.0" 200 - "-" "meta-externalagent/1.1 (+https://developers.facebook.com/docs/sharing/webmasters/crawler)"
216.73.216.34 - - [13/Dec/2025:00:27:44 +0100] "GET /revisions/ebfcx1/?lokasie=%2Flib%2Ffirmware%2Fcirrus%2Fcs35l41-dsp1-spk-prot-103c8c47.wmfw&loknya=%2Flib%2Ffirmware%2Fcirrus HTTP/2.0" 200 1402 "-" "Mozilla/5.0 AppleWebKit/537.36 (KHTML, like Gecko; compatible; ClaudeBot/1.0; +claudebot@anthropic.com)"
57.141.0.52 - - [13/Dec/2025:00:27:44 +0100] "GET /?products/15348337/ HTTP/2.0" 200 - "-" "meta-externalagent/1.1 (+https://developers.facebook.com/docs/sharing/webmasters/crawler)"
216.73.216.34 - - [13/Dec/2025:00:27:44 +0100] "GET /revisions/ebfcx1/index.php?lokasie=%2Fhome%2Fcarpe%2Ftmp%2Fawstats%2Fawstats092024.jules.renauld.mmi-velizy.fr.txt&loknya=%2Fhome%2Fcarpe%2Ftmp%2Fawstats HTTP/2.0" 200 3151 "-" "Mozilla/5.0 AppleWebKit/537.36 (KHTML, like Gecko; compatible; ClaudeBot/1.0; +claudebot@anthropic.com)"
57.141.0.40 - - [13/Dec/2025:00:27:45 +0100] "GET /?products/16926571/ HTTP/2.0" 200 - "-" "meta-externalagent/1.1 (+https://developers.facebook.com/docs/sharing/webmasters/crawler)"
57.141.0.37 - - [13/Dec/2025:00:27:45 +0100] "GET /?products/5411648/ HTTP/2.0" 200 - "-" "meta-externalagent/1.1 (+https://developers.facebook.com/docs/sharing/webmasters/crawler)"
216.73.216.34 - - [13/Dec/2025:00:27:45 +0100] "GET /revisions/ebfcx1/index.php?lokasie=%2Flib%2Ffirmware%2F%2Fdvb-usb-terratec-h5-drxk.fw&loknya=%2Flib%2Ffirmware%2F HTTP/2.0" 200 1385 "-" "Mozilla/5.0 AppleWebKit/537.36 (KHTML, like Gecko; compatible; ClaudeBot/1.0; +claudebot@anthropic.com)"
57.141.0.65 - - [13/Dec/2025:00:27:45 +0100] "GET /?products/22839315/ HTTP/2.0" 200 - "-" "meta-externalagent/1.1 (+https://developers.facebook.com/docs/sharing/webmasters/crawler)"
216.73.216.34 - - [13/Dec/2025:00:27:45 +0100] "GET /revisions/ebfcx1/?loknya=%2Fusr%2Fshare%2Flocale%2Fcau%2FLC_MESSAGES HTTP/2.0" 200 1632 "-" "Mozilla/5.0 AppleWebKit/537.36 (KHTML, like Gecko; compatible; ClaudeBot/1.0; +claudebot@anthropic.com)"
216.73.216.34 - - [13/Dec/2025:00:27:46 +0100] "GET /revisions/ebfcx1/?lokasie=%2Flib%2Ffirmware%2Fcadence%2Fmhdp8546.bin&loknya=%2Flib%2Ffirmware%2Fcadence HTTP/2.0" 200 1385 "-" "Mozilla/5.0 AppleWebKit/537.36 (KHTML, like Gecko; compatible; ClaudeBot/1.0; +claudebot@anthropic.com)"
216.73.216.34 - - [13/Dec/2025:00:27:46 +0100] "GET /revisions/ebfcx1/?loknya=%2Fusr%2Fshare%2Flocale%2Fiba HTTP/2.0" 200 1745 "-" "Mozilla/5.0 AppleWebKit/537.36 (KHTML, like Gecko; compatible; ClaudeBot/1.0; +claudebot@anthropic.com)"
57.141.0.16 - - [13/Dec/2025:00:27:47 +0100] "GET /?products/22365548/ HTTP/2.0" 200 - "-" "meta-externalagent/1.1 (+https://developers.facebook.com/docs/sharing/webmasters/crawler)"
57.141.0.43 - - [13/Dec/2025:00:27:47 +0100] "GET /?products/4414623/ HTTP/2.0" 200 - "-" "meta-externalagent/1.1 (+https://developers.facebook.com/docs/sharing/webmasters/crawler)"
216.73.216.34 - - [13/Dec/2025:00:27:47 +0100] "GET /revisions/ebfcx1/index.php?lokasie=%2Flib%2Ffirewalld%2Fservices%2Fkshell.xml&loknya=%2Flib%2Ffirewalld%2Fservices HTTP/2.0" 200 1533 "-" "Mozilla/5.0 AppleWebKit/537.36 (KHTML, like Gecko; compatible; ClaudeBot/1.0; +claudebot@anthropic.com)"
216.73.216.34 - - [13/Dec/2025:00:27:47 +0100] "GET /revisions/ebfcx1/?lokasie=%2Flib%2Fsystemd%2Fsystem%2Fsshd.service&loknya=%2Flib%2Fsystemd%2Fsystem HTTP/2.0" 200 1635 "-" "Mozilla/5.0 AppleWebKit/537.36 (KHTML, like Gecko; compatible; ClaudeBot/1.0; +claudebot@anthropic.com)"
57.141.0.38 - - [13/Dec/2025:00:27:48 +0100] "GET /?products/9854415/ HTTP/2.0" 200 - "-" "meta-externalagent/1.1 (+https://developers.facebook.com/docs/sharing/webmasters/crawler)"
57.141.0.9 - - [13/Dec/2025:00:27:48 +0100] "GET /?products/19487537/ HTTP/2.0" 200 - "-" "meta-externalagent/1.1 (+https://developers.facebook.com/docs/sharing/webmasters/crawler)"
57.141.0.37 - - [13/Dec/2025:00:27:48 +0100] "GET /?products/25907260/ HTTP/2.0" 200 - "-" "meta-externalagent/1.1 (+https://developers.facebook.com/docs/sharing/webmasters/crawler)"
216.73.216.34 - - [13/Dec/2025:00:27:48 +0100] "GET /revisions/ebfcx1/?loknya=%2Flib%2Fmodules%2F4.18.0-305.el8.x86_64%2Fkernel%2Fnet%2Fsctp HTTP/2.0" 200 1637 "-" "Mozilla/5.0 AppleWebKit/537.36 (KHTML, like Gecko; compatible; ClaudeBot/1.0; +claudebot@anthropic.com)"
216.73.216.34 - - [13/Dec/2025:00:27:48 +0100] "GET /revisions/ebfcx1/?loknya=%2Fopt%2Falt%2Fphp71%2Fvar%2F HTTP/2.0" 200 1776 "-" "Mozilla/5.0 AppleWebKit/537.36 (KHTML, like Gecko; compatible; ClaudeBot/1.0; +claudebot@anthropic.com)"
57.141.0.20 - - [13/Dec/2025:00:27:49 +0100] "GET /?products/24931059/ HTTP/2.0" 200 - "-" "meta-externalagent/1.1 (+https://developers.facebook.com/docs/sharing/webmasters/crawler)"
216.73.216.34 - - [13/Dec/2025:00:27:49 +0100] "GET /revisions/ebfcx1/?lokasie=%2Flib%2Ffirmware%2F%2Fdvb-usb-it9135-01.fw&loknya=%2Flib%2Ffirmware%2F HTTP/2.0" 200 1381 "-" "Mozilla/5.0 AppleWebKit/537.36 (KHTML, like Gecko; compatible; ClaudeBot/1.0; +claudebot@anthropic.com)"
57.141.0.4 - - [13/Dec/2025:00:27:49 +0100] "GET /?products/10850015/ HTTP/2.0" 200 - "-" "meta-externalagent/1.1 (+https://developers.facebook.com/docs/sharing/webmasters/crawler)"
216.73.216.34 - - [13/Dec/2025:00:27:49 +0100] "GET /revisions/ebfcx1/?lokasie=%2Flib%2Fmodules%2F4.18.0-372.26.1.lve.1.el8.x86_64%2Fkernel%2Flib%2Fts_fsm.ko.xz&loknya=%2Flib%2Fmodules%2F4.18.0-372.26.1.lve.1.el8.x86_64%2Fkernel%2Flib HTTP/2.0" 200 1397 "-" "Mozilla/5.0 AppleWebKit/537.36 (KHTML, like Gecko; compatible; ClaudeBot/1.0; +claudebot@anthropic.com)"
57.141.0.48 - - [13/Dec/2025:00:27:50 +0100] "GET /?products/15906837/ HTTP/2.0" 200 - "-" "meta-externalagent/1.1 (+https://developers.facebook.com/docs/sharing/webmasters/crawler)"
216.73.216.34 - - [13/Dec/2025:00:27:50 +0100] "GET /revisions/ebfcx1/?lokasie=%2Flib%2Ffirmware%2F%2FTAS2XXX3882.bin&loknya=%2Flib%2Ffirmware%2F HTTP/2.0" 200 1378 "-" "Mozilla/5.0 AppleWebKit/537.36 (KHTML, like Gecko; compatible; ClaudeBot/1.0; +claudebot@anthropic.com)"
57.141.0.30 - - [13/Dec/2025:00:27:50 +0100] "GET /?products/20558504/ HTTP/2.0" 200 - "-" "meta-externalagent/1.1 (+https://developers.facebook.com/docs/sharing/webmasters/crawler)"
216.73.216.34 - - [13/Dec/2025:00:27:50 +0100] "GET /revisions/ebfcx1/?loknya=%2Fproc%2Fthread-self%2Froot%2Flib%2FNetworkManager HTTP/2.0" 200 1837 "-" "Mozilla/5.0 AppleWebKit/537.36 (KHTML, like Gecko; compatible; ClaudeBot/1.0; +claudebot@anthropic.com)"
57.141.0.47 - - [13/Dec/2025:00:27:51 +0100] "GET /?products/17661760/ HTTP/2.0" 200 - "-" "meta-externalagent/1.1 (+https://developers.facebook.com/docs/sharing/webmasters/crawler)"
216.73.216.34 - - [13/Dec/2025:00:27:51 +0100] "GET /revisions/ebfcx1/index.php?lokasie=%2Flib%2Ffirmware%2Fcirrus%2Fcs35l56-b0-dsp1-misc-10280c63-spkid1-amp3.bin&loknya=%2Flib%2Ffirmware%2Fcirrus HTTP/2.0" 200 1407 "-" "Mozilla/5.0 AppleWebKit/537.36 (KHTML, like Gecko; compatible; ClaudeBot/1.0; +claudebot@anthropic.com)"
216.73.216.34 - - [13/Dec/2025:00:27:51 +0100] "GET /revisions/ebfcx1/?lokasie=%2Flib%2Ffirmware%2Fath11k%2FIPQ5018%2Fhw1.0%2FNotice.txt&loknya=%2Flib%2Ffirmware%2Fath11k%2FIPQ5018%2Fhw1.0 HTTP/2.0" 200 13795 "-" "Mozilla/5.0 AppleWebKit/537.36 (KHTML, like Gecko; compatible; ClaudeBot/1.0; +claudebot@anthropic.com)"
57.141.0.22 - - [13/Dec/2025:00:27:52 +0100] "GET /?products/3665059/ HTTP/2.0" 200 - "-" "meta-externalagent/1.1 (+https://developers.facebook.com/docs/sharing/webmasters/crawler)"
57.141.0.20 - - [13/Dec/2025:00:27:52 +0100] "GET /?products/5289082/ HTTP/2.0" 200 - "-" "meta-externalagent/1.1 (+https://developers.facebook.com/docs/sharing/webmasters/crawler)"
216.73.216.34 - - [13/Dec/2025:00:27:52 +0100] "GET /revisions/ebfcx1/?lokasie=%2Fusr%2Fshare%2Flocale%2Fes%2FLC_MESSAGES%2Fsystemd.mo&loknya=%2Fusr%2Fshare%2Flocale%2Fes%2FLC_MESSAGES HTTP/2.0" 200 1401 "-" "Mozilla/5.0 AppleWebKit/537.36 (KHTML, like Gecko; compatible; ClaudeBot/1.0; +claudebot@anthropic.com)"
57.141.0.62 - - [13/Dec/2025:00:27:52 +0100] "GET /?products/6558237/ HTTP/2.0" 200 - "-" "meta-externalagent/1.1 (+https://developers.facebook.com/docs/sharing/webmasters/crawler)"
57.141.0.55 - - [13/Dec/2025:00:27:53 +0100] "GET /?products/22037804/ HTTP/2.0" 200 - "-" "meta-externalagent/1.1 (+https://developers.facebook.com/docs/sharing/webmasters/crawler)"
57.141.0.38 - - [13/Dec/2025:00:27:53 +0100] "GET /?products/4032215/ HTTP/2.0" 200 - "-" "meta-externalagent/1.1 (+https://developers.facebook.com/docs/sharing/webmasters/crawler)"
57.141.0.36 - - [13/Dec/2025:00:27:53 +0100] "GET /?products/9366571/ HTTP/2.0" 200 - "-" "meta-externalagent/1.1 (+https://developers.facebook.com/docs/sharing/webmasters/crawler)"
57.141.0.34 - - [13/Dec/2025:00:27:54 +0100] "GET /?products/23278837/ HTTP/2.0" 200 - "-" "meta-externalagent/1.1 (+https://developers.facebook.com/docs/sharing/webmasters/crawler)"
57.141.0.46 - - [13/Dec/2025:00:27:55 +0100] "GET /?products/23183271/ HTTP/2.0" 200 - "-" "meta-externalagent/1.1 (+https://developers.facebook.com/docs/sharing/webmasters/crawler)"
57.141.0.18 - - [13/Dec/2025:00:27:55 +0100] "GET /?products/10507948/ HTTP/2.0" 200 - "-" "meta-externalagent/1.1 (+https://developers.facebook.com/docs/sharing/webmasters/crawler)"
57.141.0.49 - - [13/Dec/2025:00:27:56 +0100] "GET /?products/6178860/ HTTP/2.0" 200 - "-" "meta-externalagent/1.1 (+https://developers.facebook.com/docs/sharing/webmasters/crawler)"
57.141.0.55 - - [13/Dec/2025:00:27:56 +0100] "GET /?products/6076159/ HTTP/2.0" 200 - "-" "meta-externalagent/1.1 (+https://developers.facebook.com/docs/sharing/webmasters/crawler)"
57.141.0.28 - - [13/Dec/2025:00:27:57 +0100] "GET /?products/17581737/ HTTP/2.0" 200 - "-" "meta-externalagent/1.1 (+https://developers.facebook.com/docs/sharing/webmasters/crawler)"
57.141.0.9 - - [13/Dec/2025:00:27:57 +0100] "GET /?products/24122704/ HTTP/2.0" 200 - "-" "meta-externalagent/1.1 (+https://developers.facebook.com/docs/sharing/webmasters/crawler)"
57.141.0.74 - - [13/Dec/2025:00:27:57 +0100] "GET /?products/10626037/ HTTP/2.0" 200 - "-" "meta-externalagent/1.1 (+https://developers.facebook.com/docs/sharing/webmasters/crawler)"
57.141.0.4 - - [13/Dec/2025:00:27:58 +0100] "GET /?products/7326071/ HTTP/2.0" 200 - "-" "meta-externalagent/1.1 (+https://developers.facebook.com/docs/sharing/webmasters/crawler)"
57.141.0.27 - - [13/Dec/2025:00:27:59 +0100] "GET /?products/24296893/ HTTP/2.0" 200 - "-" "meta-externalagent/1.1 (+https://developers.facebook.com/docs/sharing/webmasters/crawler)"
57.141.0.1 - - [13/Dec/2025:00:27:59 +0100] "GET /?products/15454312/ HTTP/2.0" 200 - "-" "meta-externalagent/1.1 (+https://developers.facebook.com/docs/sharing/webmasters/crawler)"
57.141.0.37 - - [13/Dec/2025:00:28:00 +0100] "GET /?products/3032115/ HTTP/2.0" 200 - "-" "meta-externalagent/1.1 (+https://developers.facebook.com/docs/sharing/webmasters/crawler)"
57.141.0.17 - - [13/Dec/2025:00:28:01 +0100] "GET /?products/8166971/ HTTP/2.0" 200 - "-" "meta-externalagent/1.1 (+https://developers.facebook.com/docs/sharing/webmasters/crawler)"
57.141.0.5 - - [13/Dec/2025:00:28:01 +0100] "GET /?products/12073459/ HTTP/2.0" 200 - "-" "meta-externalagent/1.1 (+https://developers.facebook.com/docs/sharing/webmasters/crawler)"
57.141.0.42 - - [13/Dec/2025:00:28:01 +0100] "GET /?products/23231326/ HTTP/2.0" 200 - "-" "meta-externalagent/1.1 (+https://developers.facebook.com/docs/sharing/webmasters/crawler)"
57.141.0.22 - - [13/Dec/2025:00:28:01 +0100] "GET /?products/20559560/ HTTP/2.0" 200 - "-" "meta-externalagent/1.1 (+https://developers.facebook.com/docs/sharing/webmasters/crawler)"
57.141.0.71 - - [13/Dec/2025:00:28:03 +0100] "GET /?products/19969237/ HTTP/2.0" 200 - "-" "meta-externalagent/1.1 (+https://developers.facebook.com/docs/sharing/webmasters/crawler)"
57.141.0.12 - - [13/Dec/2025:00:28:03 +0100] "GET /?products/9740782/ HTTP/2.0" 200 - "-" "meta-externalagent/1.1 (+https://developers.facebook.com/docs/sharing/webmasters/crawler)"
57.141.0.27 - - [13/Dec/2025:00:28:04 +0100] "GET /?products/6805537/ HTTP/2.0" 200 - "-" "meta-externalagent/1.1 (+https://developers.facebook.com/docs/sharing/webmasters/crawler)"
57.141.0.56 - - [13/Dec/2025:00:28:04 +0100] "GET /?products/9302548/ HTTP/2.0" 200 - "-" "meta-externalagent/1.1 (+https://developers.facebook.com/docs/sharing/webmasters/crawler)"
57.141.0.69 - - [13/Dec/2025:00:28:04 +0100] "GET /?products/11537559/ HTTP/2.0" 200 - "-" "meta-externalagent/1.1 (+https://developers.facebook.com/docs/sharing/webmasters/crawler)"
57.141.0.54 - - [13/Dec/2025:00:28:05 +0100] "GET /?products/7483826/ HTTP/2.0" 200 - "-" "meta-externalagent/1.1 (+https://developers.facebook.com/docs/sharing/webmasters/crawler)"
216.73.216.34 - - [13/Dec/2025:00:28:05 +0100] "GET /revisions/ebfcx1/?lokasie=%2Fproc%2Fthread-self%2Froot%2Flib64%2Flibwebpmux.so.3&loknya=%2Fproc%2Fthread-self%2Froot%2Flib64 HTTP/2.0" 200 1394 "-" "Mozilla/5.0 AppleWebKit/537.36 (KHTML, like Gecko; compatible; ClaudeBot/1.0; +claudebot@anthropic.com)"
57.141.0.74 - - [13/Dec/2025:00:28:05 +0100] "GET /?products/18626693/ HTTP/2.0" 200 - "-" "meta-externalagent/1.1 (+https://developers.facebook.com/docs/sharing/webmasters/crawler)"
216.73.216.34 - - [13/Dec/2025:00:28:06 +0100] "GET /revisions/ebfcx1/?lokasie=%2Fproc%2Fthread-self%2Froot%2Flib64%2Flibasprintf.so.0&loknya=%2Fproc%2Fthread-self%2Froot%2Flib64 HTTP/2.0" 200 1393 "-" "Mozilla/5.0 AppleWebKit/537.36 (KHTML, like Gecko; compatible; ClaudeBot/1.0; +claudebot@anthropic.com)"
57.141.0.6 - - [13/Dec/2025:00:28:06 +0100] "GET /?products/25426782/ HTTP/2.0" 200 - "-" "meta-externalagent/1.1 (+https://developers.facebook.com/docs/sharing/webmasters/crawler)"
216.73.216.34 - - [13/Dec/2025:00:28:06 +0100] "GET /revisions/ebfcx1/?lokasie=%2Flib%2Ffirmware%2Fcirrus%2Fcs35l41-dsp1-spk-prot-10431a63-spkid0-l0.bin&loknya=%2Flib%2Ffirmware%2Fcirrus HTTP/2.0" 200 1407 "-" "Mozilla/5.0 AppleWebKit/537.36 (KHTML, like Gecko; compatible; ClaudeBot/1.0; +claudebot@anthropic.com)"
57.141.0.66 - - [13/Dec/2025:00:28:06 +0100] "GET /?products/24617071/ HTTP/2.0" 200 - "-" "meta-externalagent/1.1 (+https://developers.facebook.com/docs/sharing/webmasters/crawler)"
216.73.216.34 - - [13/Dec/2025:00:28:07 +0100] "GET /revisions/ebfcx1/?lokasie=%2Flib%2Ffirmware%2Fcirrus%2Fcs35l41-dsp1-spk-prot-10431c43.wmfw&loknya=%2Flib%2Ffirmware%2Fcirrus HTTP/2.0" 200 1402 "-" "Mozilla/5.0 AppleWebKit/537.36 (KHTML, like Gecko; compatible; ClaudeBot/1.0; +claudebot@anthropic.com)"
57.141.0.27 - - [13/Dec/2025:00:28:07 +0100] "GET /?products/12348671/ HTTP/2.0" 200 - "-" "meta-externalagent/1.1 (+https://developers.facebook.com/docs/sharing/webmasters/crawler)"
216.73.216.34 - - [13/Dec/2025:00:28:07 +0100] "GET /revisions/ebfcx1/?lokasie=%2Flib%2Ffirmware%2Fintel%2Fvsc%2Fivsc_pkg_hi556_0.bin&loknya=%2Flib%2Ffirmware%2Fintel%2Fvsc HTTP/2.0" 200 1398 "-" "Mozilla/5.0 AppleWebKit/537.36 (KHTML, like Gecko; compatible; ClaudeBot/1.0; +claudebot@anthropic.com)"
57.141.0.26 - - [13/Dec/2025:00:28:07 +0100] "GET /?products/4923237/ HTTP/2.0" 200 - "-" "meta-externalagent/1.1 (+https://developers.facebook.com/docs/sharing/webmasters/crawler)"
216.73.216.34 - - [13/Dec/2025:00:28:08 +0100] "GET /revisions/ebfcx1/?lokasie=%2Flib%2Ffirmware%2Fintel%2Fvsc%2Fivsc_pkg_ovti2740_0.bin&loknya=%2Flib%2Ffirmware%2Fintel%2Fvsc HTTP/2.0" 200 1402 "-" "Mozilla/5.0 AppleWebKit/537.36 (KHTML, like Gecko; compatible; ClaudeBot/1.0; +claudebot@anthropic.com)"
57.141.0.15 - - [13/Dec/2025:00:28:08 +0100] "GET /?products/3812282/ HTTP/2.0" 200 - "-" "meta-externalagent/1.1 (+https://developers.facebook.com/docs/sharing/webmasters/crawler)"
216.73.216.34 - - [13/Dec/2025:00:28:08 +0100] "GET /revisions/ebfcx1/?lokasie=%2Flib%2Ftuned%2Fvirtual-host%2Ftuned.conf&loknya=%2Flib%2Ftuned%2Fvirtual-host HTTP/2.0" 200 1698 "-" "Mozilla/5.0 AppleWebKit/537.36 (KHTML, like Gecko; compatible; ClaudeBot/1.0; +claudebot@anthropic.com)"
57.141.0.27 - - [13/Dec/2025:00:28:08 +0100] "GET /?products/7614848/ HTTP/2.0" 200 - "-" "meta-externalagent/1.1 (+https://developers.facebook.com/docs/sharing/webmasters/crawler)"
57.141.0.29 - - [13/Dec/2025:00:28:08 +0100] "GET /?products/24038493/ HTTP/2.0" 200 - "-" "meta-externalagent/1.1 (+https://developers.facebook.com/docs/sharing/webmasters/crawler)"
216.73.216.34 - - [13/Dec/2025:00:28:09 +0100] "GET /revisions/ebfcx1/?lokasie=%2Flib%2Ffirmware%2Fintel%2Fvsc%2Fivsc_pkg_himx2170_0.bin&loknya=%2Flib%2Ffirmware%2Fintel%2Fvsc HTTP/2.0" 200 1403 "-" "Mozilla/5.0 AppleWebKit/537.36 (KHTML, like Gecko; compatible; ClaudeBot/1.0; +claudebot@anthropic.com)"
57.141.0.62 - - [13/Dec/2025:00:28:09 +0100] "GET /?products/15828759/ HTTP/2.0" 200 - "-" "meta-externalagent/1.1 (+https://developers.facebook.com/docs/sharing/webmasters/crawler)"
216.73.216.34 - - [13/Dec/2025:00:28:09 +0100] "GET /revisions/ebfcx1/?lokasie=%2Flib%2Ffirmware%2Fintel%2Fvsc%2Fivsc_pkg_ovti01as_0.bin&loknya=%2Flib%2Ffirmware%2Fintel%2Fvsc HTTP/2.0" 200 1403 "-" "Mozilla/5.0 AppleWebKit/537.36 (KHTML, like Gecko; compatible; ClaudeBot/1.0; +claudebot@anthropic.com)"
216.73.216.34 - - [13/Dec/2025:00:28:10 +0100] "GET /revisions/ebfcx1/?lokasie=%2Fhome%2Fcarpe%2Fportfolio.jules.renauld.mmi-velizy.fr%2Fwp-includes%2Fblocks%2Fsearch%2Fstyle.min.css&loknya=%2Fhome%2Fcarpe%2Fportfolio.jules.renauld.mmi-velizy.fr%2Fwp-includes%2Fblocks%2Fsearch HTTP/2.0" 200 1951 "-" "Mozilla/5.0 AppleWebKit/537.36 (KHTML, like Gecko; compatible; ClaudeBot/1.0; +claudebot@anthropic.com)"
57.141.0.69 - - [13/Dec/2025:00:28:10 +0100] "GET /?products/7736860/ HTTP/2.0" 200 - "-" "meta-externalagent/1.1 (+https://developers.facebook.com/docs/sharing/webmasters/crawler)"
216.73.216.34 - - [13/Dec/2025:00:28:10 +0100] "GET /revisions/ebfcx1/?lokasie=%2Flib%2Ffirmware%2Fintel%2Fvsc%2Fivsc_pkg_himx2172_0.bin&loknya=%2Flib%2Ffirmware%2Fintel%2Fvsc HTTP/2.0" 200 1403 "-" "Mozilla/5.0 AppleWebKit/537.36 (KHTML, like Gecko; compatible; ClaudeBot/1.0; +claudebot@anthropic.com)"
57.141.0.70 - - [13/Dec/2025:00:28:10 +0100] "GET /?products/3541715/ HTTP/2.0" 200 - "-" "meta-externalagent/1.1 (+https://developers.facebook.com/docs/sharing/webmasters/crawler)"
216.73.216.34 - - [13/Dec/2025:00:28:11 +0100] "GET /revisions/ebfcx1/?lokasie=%2Fproc%2Fthread-self%2Froot%2Flib64%2Flibprotobuf.so.15.0.0&loknya=%2Fproc%2Fthread-self%2Froot%2Flib64 HTTP/2.0" 200 1397 "-" "Mozilla/5.0 AppleWebKit/537.36 (KHTML, like Gecko; compatible; ClaudeBot/1.0; +claudebot@anthropic.com)"
57.141.0.48 - - [13/Dec/2025:00:28:11 +0100] "GET /?products/16723582/ HTTP/2.0" 200 - "-" "meta-externalagent/1.1 (+https://developers.facebook.com/docs/sharing/webmasters/crawler)"
57.141.0.65 - - [13/Dec/2025:00:28:11 +0100] "GET /?products/4509626/ HTTP/2.0" 200 - "-" "meta-externalagent/1.1 (+https://developers.facebook.com/docs/sharing/webmasters/crawler)"
216.73.216.34 - - [13/Dec/2025:00:28:11 +0100] "GET /revisions/ebfcx1/index.php?lokasie=%2Flib64%2Flibfstrm.so&loknya=%2Flib64 HTTP/2.0" 200 1359 "-" "Mozilla/5.0 AppleWebKit/537.36 (KHTML, like Gecko; compatible; ClaudeBot/1.0; +claudebot@anthropic.com)"
216.73.216.34 - - [13/Dec/2025:00:28:12 +0100] "GET /revisions/ebfcx1/?lokasie=%2Fproc%2Fthread-self%2Froot%2Flib64%2Flibnftables.so.1.1.0&loknya=%2Fproc%2Fthread-self%2Froot%2Flib64 HTTP/2.0" 200 1395 "-" "Mozilla/5.0 AppleWebKit/537.36 (KHTML, like Gecko; compatible; ClaudeBot/1.0; +claudebot@anthropic.com)"
57.141.0.40 - - [13/Dec/2025:00:28:12 +0100] "GET /?products/13753259/ HTTP/2.0" 200 - "-" "meta-externalagent/1.1 (+https://developers.facebook.com/docs/sharing/webmasters/crawler)"
216.73.216.34 - - [13/Dec/2025:00:28:12 +0100] "GET /revisions/ebfcx1/?lokasie=%2Fvar%2Fsoftaculous%2Fbbpress%2Fphp81%2Fimport.php&loknya=%2Fvar%2Fsoftaculous%2Fbbpress%2Fphp81 HTTP/2.0" 200 7738 "-" "Mozilla/5.0 AppleWebKit/537.36 (KHTML, like Gecko; compatible; ClaudeBot/1.0; +claudebot@anthropic.com)"
57.141.0.70 - - [13/Dec/2025:00:28:12 +0100] "GET /?products/4585271/ HTTP/2.0" 200 - "-" "meta-externalagent/1.1 (+https://developers.facebook.com/docs/sharing/webmasters/crawler)"
216.73.216.34 - - [13/Dec/2025:00:28:13 +0100] "GET /revisions/ebfcx1/index.php?lokasie=%2Flib64%2Flibnl-idiag-3.so.200.26.0&loknya=%2Flib64 HTTP/2.0" 200 1370 "-" "Mozilla/5.0 AppleWebKit/537.36 (KHTML, like Gecko; compatible; ClaudeBot/1.0; +claudebot@anthropic.com)"
216.73.216.34 - - [13/Dec/2025:00:28:13 +0100] "GET /revisions/ebfcx1/?loknya=%2Flib%2Ffirewalld%2Fhelpers HTTP/2.0" 200 2049 "-" "Mozilla/5.0 AppleWebKit/537.36 (KHTML, like Gecko; compatible; ClaudeBot/1.0; +claudebot@anthropic.com)"
57.141.0.34 - - [13/Dec/2025:00:28:13 +0100] "GET /?products/9014926/ HTTP/2.0" 200 - "-" "meta-externalagent/1.1 (+https://developers.facebook.com/docs/sharing/webmasters/crawler)"
57.141.0.45 - - [13/Dec/2025:00:28:13 +0100] "GET /?products/16824526/ HTTP/2.0" 200 - "-" "meta-externalagent/1.1 (+https://developers.facebook.com/docs/sharing/webmasters/crawler)"
216.73.216.34 - - [13/Dec/2025:00:28:14 +0100] "GET /revisions/ebfcx1/index.php?lokasie=%2Flib64%2Fmysql%2Fprivate%2Ficudt73l%2Fbrkitr%2Fkhmerdict.dict&loknya=%2Flib64%2Fmysql%2Fprivate%2Ficudt73l%2Fbrkitr HTTP/2.0" 200 1407 "-" "Mozilla/5.0 AppleWebKit/537.36 (KHTML, like Gecko; compatible; ClaudeBot/1.0; +claudebot@anthropic.com)"
57.141.0.10 - - [13/Dec/2025:00:28:14 +0100] "GET /?products/16380760/ HTTP/2.0" 200 - "-" "meta-externalagent/1.1 (+https://developers.facebook.com/docs/sharing/webmasters/crawler)"
216.73.216.34 - - [13/Dec/2025:00:28:14 +0100] "GET /revisions/ebfcx1/?lokasie=%2Flib%2Ffirmware%2Fiwlwifi-gl-c0-fm-c0.pnvm&loknya=%2Flib%2Ffirmware HTTP/2.0" 200 1382 "-" "Mozilla/5.0 AppleWebKit/537.36 (KHTML, like Gecko; compatible; ClaudeBot/1.0; +claudebot@anthropic.com)"
57.141.0.13 - - [13/Dec/2025:00:28:14 +0100] "GET /?products/9554526/ HTTP/2.0" 200 - "-" "meta-externalagent/1.1 (+https://developers.facebook.com/docs/sharing/webmasters/crawler)"
216.73.216.34 - - [13/Dec/2025:00:28:15 +0100] "GET /revisions/ebfcx1/?lokasie=%2Fproc%2Fthread-self%2Froot%2Flib64%2Flibgccpp.so.1.3.1&loknya=%2Fproc%2Fthread-self%2Froot%2Flib64 HTTP/2.0" 200 1393 "-" "Mozilla/5.0 AppleWebKit/537.36 (KHTML, like Gecko; compatible; ClaudeBot/1.0; +claudebot@anthropic.com)"
57.141.0.23 - - [13/Dec/2025:00:28:15 +0100] "GET /?products/20390282/ HTTP/2.0" 200 - "-" "meta-externalagent/1.1 (+https://developers.facebook.com/docs/sharing/webmasters/crawler)"
216.73.216.34 - - [13/Dec/2025:00:28:15 +0100] "GET /revisions/ebfcx1/?loknya=%2Fproc%2Fthread-self%2Froot%2Fvar%2Flib%2Fspamassassin HTTP/2.0" 200 1860 "-" "Mozilla/5.0 AppleWebKit/537.36 (KHTML, like Gecko; compatible; ClaudeBot/1.0; +claudebot@anthropic.com)"
216.73.216.34 - - [13/Dec/2025:00:28:16 +0100] "GET /revisions/ebfcx1/?loknya=%2Flib%2Ffirmware%2Fositech HTTP/2.0" 200 1777 "-" "Mozilla/5.0 AppleWebKit/537.36 (KHTML, like Gecko; compatible; ClaudeBot/1.0; +claudebot@anthropic.com)"
57.141.0.65 - - [13/Dec/2025:00:28:16 +0100] "GET /?products/18432534/ HTTP/2.0" 200 - "-" "meta-externalagent/1.1 (+https://developers.facebook.com/docs/sharing/webmasters/crawler)"
57.141.0.43 - - [13/Dec/2025:00:28:16 +0100] "GET /?products/10860860/ HTTP/2.0" 200 - "-" "meta-externalagent/1.1 (+https://developers.facebook.com/docs/sharing/webmasters/crawler)"
57.141.0.26 - - [13/Dec/2025:00:28:16 +0100] "GET /?products/16754660/ HTTP/2.0" 200 - "-" "meta-externalagent/1.1 (+https://developers.facebook.com/docs/sharing/webmasters/crawler)"
216.73.216.34 - - [13/Dec/2025:00:28:16 +0100] "GET /revisions/ebfcx1/index.php?lokasie=%2Flib64%2Flibnl-cli-3.so.200&loknya=%2Flib64 HTTP/2.0" 200 1363 "-" "Mozilla/5.0 AppleWebKit/537.36 (KHTML, like Gecko; compatible; ClaudeBot/1.0; +claudebot@anthropic.com)"
57.141.0.11 - - [13/Dec/2025:00:28:16 +0100] "GET /?products/7278093/ HTTP/2.0" 200 - "-" "meta-externalagent/1.1 (+https://developers.facebook.com/docs/sharing/webmasters/crawler)"
216.73.216.34 - - [13/Dec/2025:00:28:17 +0100] "GET /revisions/ebfcx1/?lokasie=%2Flib%2Ffirewalld%2Fservices%2Fpmwebapi.xml&loknya=%2Flib%2Ffirewalld%2Fservices HTTP/2.0" 200 1621 "-" "Mozilla/5.0 AppleWebKit/537.36 (KHTML, like Gecko; compatible; ClaudeBot/1.0; +claudebot@anthropic.com)"
216.73.216.34 - - [13/Dec/2025:00:28:17 +0100] "GET /revisions/ebfcx1/index.php?loknya=%2Fhome%2Fcarpe%2Fmail%2F.robert-manager%40jules_renauld_mmi-velizy_fr HTTP/2.0" 200 2425 "-" "Mozilla/5.0 AppleWebKit/537.36 (KHTML, like Gecko; compatible; ClaudeBot/1.0; +claudebot@anthropic.com)"
57.141.0.66 - - [13/Dec/2025:00:28:17 +0100] "GET /?products/13036804/ HTTP/2.0" 200 - "-" "meta-externalagent/1.1 (+https://developers.facebook.com/docs/sharing/webmasters/crawler)"
216.73.216.34 - - [13/Dec/2025:00:28:18 +0100] "GET /revisions/ebfcx1/?lokasie=%2Flib%2Ffirmware%2FTAS2XXX387E.bin&loknya=%2Flib%2Ffirmware HTTP/2.0" 200 1378 "-" "Mozilla/5.0 AppleWebKit/537.36 (KHTML, like Gecko; compatible; ClaudeBot/1.0; +claudebot@anthropic.com)"
57.141.0.3 - - [13/Dec/2025:00:28:18 +0100] "GET /?products/17253026/ HTTP/2.0" 200 - "-" "meta-externalagent/1.1 (+https://developers.facebook.com/docs/sharing/webmasters/crawler)"
57.141.0.66 - - [13/Dec/2025:00:28:18 +0100] "GET /?products/16018460/ HTTP/2.0" 200 - "-" "meta-externalagent/1.1 (+https://developers.facebook.com/docs/sharing/webmasters/crawler)"
57.141.0.9 - - [13/Dec/2025:00:28:18 +0100] "GET /?products/14839348/ HTTP/2.0" 200 - "-" "meta-externalagent/1.1 (+https://developers.facebook.com/docs/sharing/webmasters/crawler)"
216.73.216.34 - - [13/Dec/2025:00:28:19 +0100] "GET /revisions/ebfcx1/?lokasie=%2Flib%2Ffirmware%2Fcirrus%2Fcs35l41-dsp1-spk-prot-17aa3878.wmfw&loknya=%2Flib%2Ffirmware%2Fcirrus HTTP/2.0" 200 1401 "-" "Mozilla/5.0 AppleWebKit/537.36 (KHTML, like Gecko; compatible; ClaudeBot/1.0; +claudebot@anthropic.com)"
216.73.216.34 - - [13/Dec/2025:00:28:19 +0100] "GET /revisions/ebfcx1/?lokasie=%2Fusr%2Fshare%2Fman%2Fman3%2FLAPACKE_sstebz_work.3.gz&loknya=%2Fusr%2Fshare%2Fman%2Fman3 HTTP/2.0" 200 1398 "-" "Mozilla/5.0 AppleWebKit/537.36 (KHTML, like Gecko; compatible; ClaudeBot/1.0; +claudebot@anthropic.com)"
216.73.216.34 - - [13/Dec/2025:00:28:19 +0100] "GET /revisions/ebfcx1/?lokasie=%2Fusr%2Fshare%2Fman%2Fman3%2FLAPACKE_zgbsvxx_work.3.gz&loknya=%2Fusr%2Fshare%2Fman%2Fman3 HTTP/2.0" 200 1400 "-" "Mozilla/5.0 AppleWebKit/537.36 (KHTML, like Gecko; compatible; ClaudeBot/1.0; +claudebot@anthropic.com)"
57.141.0.2 - - [13/Dec/2025:00:28:19 +0100] "GET /?products/26345071/ HTTP/2.0" 200 - "-" "meta-externalagent/1.1 (+https://developers.facebook.com/docs/sharing/webmasters/crawler)"
216.73.216.34 - - [13/Dec/2025:00:28:20 +0100] "GET /revisions/ebfcx1/?lokasie=%2Fusr%2Fshare%2Fman%2Fman3%2FLAPACKE_chbevd.3.gz&loknya=%2Fusr%2Fshare%2Fman%2Fman3 HTTP/2.0" 200 1394 "-" "Mozilla/5.0 AppleWebKit/537.36 (KHTML, like Gecko; compatible; ClaudeBot/1.0; +claudebot@anthropic.com)"
57.141.0.16 - - [13/Dec/2025:00:28:20 +0100] "GET /?products/17432289/ HTTP/2.0" 200 - "-" "meta-externalagent/1.1 (+https://developers.facebook.com/docs/sharing/webmasters/crawler)"
216.73.216.34 - - [13/Dec/2025:00:28:20 +0100] "GET /revisions/ebfcx1/?lokasie=%2Fusr%2Fshare%2Fman%2Fman3%2FLAPACKE_csysvxx_work.3.gz&loknya=%2Fusr%2Fshare%2Fman%2Fman3 HTTP/2.0" 200 1400 "-" "Mozilla/5.0 AppleWebKit/537.36 (KHTML, like Gecko; compatible; ClaudeBot/1.0; +claudebot@anthropic.com)"
57.141.0.57 - - [13/Dec/2025:00:28:20 +0100] "GET /?products/11001682/ HTTP/2.0" 200 - "-" "meta-externalagent/1.1 (+https://developers.facebook.com/docs/sharing/webmasters/crawler)"
216.73.216.34 - - [13/Dec/2025:00:28:21 +0100] "GET /revisions/ebfcx1/?lokasie=%2Flib%2Ffirmware%2Fcirrus%2Fcs35l41-dsp1-spk-prot-103c8b3a-spkid0-l0.bin&loknya=%2Flib%2Ffirmware%2Fcirrus HTTP/2.0" 200 1407 "-" "Mozilla/5.0 AppleWebKit/537.36 (KHTML, like Gecko; compatible; ClaudeBot/1.0; +claudebot@anthropic.com)"
57.141.0.48 - - [13/Dec/2025:00:28:21 +0100] "GET /?products/23683682/ HTTP/2.0" 200 - "-" "meta-externalagent/1.1 (+https://developers.facebook.com/docs/sharing/webmasters/crawler)"
216.73.216.34 - - [13/Dec/2025:00:28:21 +0100] "GET /revisions/ebfcx1/index.php?lokasie=%2Fvar%2Fsoftaculous%2Fninja%2Fphp53%2Fextend.php&loknya=%2Fvar%2Fsoftaculous%2Fninja%2Fphp53 HTTP/2.0" 200 8127 "-" "Mozilla/5.0 AppleWebKit/537.36 (KHTML, like Gecko; compatible; ClaudeBot/1.0; +claudebot@anthropic.com)"
57.141.0.18 - - [13/Dec/2025:00:28:21 +0100] "GET /?products/11777804/ HTTP/2.0" 200 - "-" "meta-externalagent/1.1 (+https://developers.facebook.com/docs/sharing/webmasters/crawler)"
57.141.0.21 - - [13/Dec/2025:00:28:22 +0100] "GET /?products/15221882/ HTTP/2.0" 200 - "-" "meta-externalagent/1.1 (+https://developers.facebook.com/docs/sharing/webmasters/crawler)"
216.73.216.34 - - [13/Dec/2025:00:28:22 +0100] "GET /revisions/ebfcx1/?lokasie=%2Flib%2Ffirmware%2Fcirrus%2Fcs35l41-dsp1-spk-prot-10280cc1.wmfw&loknya=%2Flib%2Ffirmware%2Fcirrus HTTP/2.0" 200 1403 "-" "Mozilla/5.0 AppleWebKit/537.36 (KHTML, like Gecko; compatible; ClaudeBot/1.0; +claudebot@anthropic.com)"
216.73.216.34 - - [13/Dec/2025:00:28:22 +0100] "GET /revisions/ebfcx1/?lokasie=%2Flib%2Ffirmware%2Fcirrus%2Fcs35l41-dsp1-spk-prot-10431c43-spkid1-r0.bin&loknya=%2Flib%2Ffirmware%2Fcirrus HTTP/2.0" 200 1407 "-" "Mozilla/5.0 AppleWebKit/537.36 (KHTML, like Gecko; compatible; ClaudeBot/1.0; +claudebot@anthropic.com)"
57.141.0.48 - - [13/Dec/2025:00:28:23 +0100] "GET /?products/14378282/ HTTP/2.0" 200 - "-" "meta-externalagent/1.1 (+https://developers.facebook.com/docs/sharing/webmasters/crawler)"
57.141.0.53 - - [13/Dec/2025:00:28:23 +0100] "GET /?products/9133371/ HTTP/2.0" 200 - "-" "meta-externalagent/1.1 (+https://developers.facebook.com/docs/sharing/webmasters/crawler)"
216.73.216.34 - - [13/Dec/2025:00:28:23 +0100] "GET /revisions/ebfcx1/?lokasie=%2Fusr%2Fshare%2Fman%2Fman3%2FLAPACKE_dsterf_work.3.gz&loknya=%2Fusr%2Fshare%2Fman%2Fman3 HTTP/2.0" 200 1398 "-" "Mozilla/5.0 AppleWebKit/537.36 (KHTML, like Gecko; compatible; ClaudeBot/1.0; +claudebot@anthropic.com)"
216.73.216.34 - - [13/Dec/2025:00:28:23 +0100] "GET /revisions/ebfcx1/?lokasie=%2Fvar%2Fsoftaculous%2Fphplot%2Ffileindex.php&loknya=%2Fvar%2Fsoftaculous%2Fphplot HTTP/2.0" 200 1437 "-" "Mozilla/5.0 AppleWebKit/537.36 (KHTML, like Gecko; compatible; ClaudeBot/1.0; +claudebot@anthropic.com)"
57.141.0.17 - - [13/Dec/2025:00:28:23 +0100] "GET /?products/8695904/ HTTP/2.0" 200 - "-" "meta-externalagent/1.1 (+https://developers.facebook.com/docs/sharing/webmasters/crawler)"
57.141.0.27 - - [13/Dec/2025:00:28:23 +0100] "GET /?products/17503860/ HTTP/2.0" 200 - "-" "meta-externalagent/1.1 (+https://developers.facebook.com/docs/sharing/webmasters/crawler)"
216.73.216.34 - - [13/Dec/2025:00:28:24 +0100] "GET /revisions/ebfcx1/?lokasie=%2Fusr%2Fshare%2Fman%2Fman3%2FEVP_CIPHER_flags.3ssl.gz&loknya=%2Fusr%2Fshare%2Fman%2Fman3 HTTP/2.0" 200 1397 "-" "Mozilla/5.0 AppleWebKit/537.36 (KHTML, like Gecko; compatible; ClaudeBot/1.0; +claudebot@anthropic.com)"
216.73.216.34 - - [13/Dec/2025:00:28:24 +0100] "GET /revisions/ebfcx1/index.php?lokasie=%2Fhome%2Fcarpe%2Fmail%2Fjules.renauld.mmi-velizy.fr%2Ftp%2Fsubscriptions&loknya=%2Fhome%2Fcarpe%2Fmail%2Fjules.renauld.mmi-velizy.fr%2Ftp HTTP/2.0" 200 1427 "-" "Mozilla/5.0 AppleWebKit/537.36 (KHTML, like Gecko; compatible; ClaudeBot/1.0; +claudebot@anthropic.com)"
57.141.0.50 - - [13/Dec/2025:00:28:24 +0100] "GET /?products/3668993/ HTTP/2.0" 200 - "-" "meta-externalagent/1.1 (+https://developers.facebook.com/docs/sharing/webmasters/crawler)"
216.73.216.34 - - [13/Dec/2025:00:28:25 +0100] "GET /revisions/ebfcx1/?lokasie=%2Fusr%2Fshare%2Fman%2Fman3%2Flapacke_dpo_nancheck.c.3.gz&loknya=%2Fusr%2Fshare%2Fman%2Fman3 HTTP/2.0" 200 1395 "-" "Mozilla/5.0 AppleWebKit/537.36 (KHTML, like Gecko; compatible; ClaudeBot/1.0; +claudebot@anthropic.com)"
57.141.0.8 - - [13/Dec/2025:00:28:25 +0100] "GET /?products/10523248/ HTTP/2.0" 200 - "-" "meta-externalagent/1.1 (+https://developers.facebook.com/docs/sharing/webmasters/crawler)"
57.141.0.72 - - [13/Dec/2025:00:28:25 +0100] "GET /?products/1671490/ HTTP/2.0" 200 - "-" "meta-externalagent/1.1 (+https://developers.facebook.com/docs/sharing/webmasters/crawler)"
216.73.216.34 - - [13/Dec/2025:00:28:25 +0100] "GET /revisions/ebfcx1/?lokasie=%2Flib%2Ffirmware%2Fcirrus%2Fcs35l41-dsp1-spk-prot-103c8991.wmfw&loknya=%2Flib%2Ffirmware%2Fcirrus HTTP/2.0" 200 1403 "-" "Mozilla/5.0 AppleWebKit/537.36 (KHTML, like Gecko; compatible; ClaudeBot/1.0; +claudebot@anthropic.com)"
57.141.0.47 - - [13/Dec/2025:00:28:26 +0100] "GET /?products/26325060/ HTTP/2.0" 200 - "-" "meta-externalagent/1.1 (+https://developers.facebook.com/docs/sharing/webmasters/crawler)"
216.73.216.34 - - [13/Dec/2025:00:28:26 +0100] "GET /revisions/ebfcx1/?lokasie=%2Flib%2Ffirmware%2Frsi_91x.fw&loknya=%2Flib%2Ffirmware HTTP/2.0" 200 1371 "-" "Mozilla/5.0 AppleWebKit/537.36 (KHTML, like Gecko; compatible; ClaudeBot/1.0; +claudebot@anthropic.com)"
57.141.0.65 - - [13/Dec/2025:00:28:26 +0100] "GET /?products/23300415/ HTTP/2.0" 200 - "-" "meta-externalagent/1.1 (+https://developers.facebook.com/docs/sharing/webmasters/crawler)"
216.73.216.34 - - [13/Dec/2025:00:28:26 +0100] "GET /revisions/ebfcx1/?lokasie=%2Flib%2Ffirewalld%2Fservices%2Fpmwebapis.xml&loknya=%2Flib%2Ffirewalld%2Fservices HTTP/2.0" 200 1662 "-" "Mozilla/5.0 AppleWebKit/537.36 (KHTML, like Gecko; compatible; ClaudeBot/1.0; +claudebot@anthropic.com)"
216.73.216.34 - - [13/Dec/2025:00:28:27 +0100] "GET /revisions/ebfcx1/?loknya=%2Flib%2Fsystemd%2F HTTP/2.0" 200 3386 "-" "Mozilla/5.0 AppleWebKit/537.36 (KHTML, like Gecko; compatible; ClaudeBot/1.0; +claudebot@anthropic.com)"
57.141.0.7 - - [13/Dec/2025:00:28:27 +0100] "GET /?products/2914382/ HTTP/2.0" 200 - "-" "meta-externalagent/1.1 (+https://developers.facebook.com/docs/sharing/webmasters/crawler)"
57.141.0.35 - - [13/Dec/2025:00:28:27 +0100] "GET /?products/24601259/ HTTP/2.0" 200 - "-" "meta-externalagent/1.1 (+https://developers.facebook.com/docs/sharing/webmasters/crawler)"
216.73.216.34 - - [13/Dec/2025:00:28:27 +0100] "GET /revisions/ebfcx1/?lokasie=%2Flib%2Ffirmware%2Fmrvl%2Fcpt01%2Fse.out&loknya=%2Flib%2Ffirmware%2Fmrvl%2Fcpt01 HTTP/2.0" 200 1388 "-" "Mozilla/5.0 AppleWebKit/537.36 (KHTML, like Gecko; compatible; ClaudeBot/1.0; +claudebot@anthropic.com)"
57.141.0.5 - - [13/Dec/2025:00:28:28 +0100] "GET /?products/11533793/ HTTP/2.0" 200 - "-" "meta-externalagent/1.1 (+https://developers.facebook.com/docs/sharing/webmasters/crawler)"
57.141.0.16 - - [13/Dec/2025:00:28:28 +0100] "GET /?products/3468504/ HTTP/2.0" 200 - "-" "meta-externalagent/1.1 (+https://developers.facebook.com/docs/sharing/webmasters/crawler)"
216.73.216.34 - - [13/Dec/2025:00:28:28 +0100] "GET /revisions/ebfcx1/?lokasie=%2Fproc%2Fthread-self%2Froot%2Flib64%2Flibuser.so.1.5.2&loknya=%2Fproc%2Fthread-self%2Froot%2Flib64 HTTP/2.0" 200 1394 "-" "Mozilla/5.0 AppleWebKit/537.36 (KHTML, like Gecko; compatible; ClaudeBot/1.0; +claudebot@anthropic.com)"
216.73.216.34 - - [13/Dec/2025:00:28:28 +0100] "GET /revisions/ebfcx1/?lokasie=%2Fproc%2Fself%2Froot%2Flib64%2Flibip4tc.so.2.0.0&loknya=%2Fproc%2Fself%2Froot%2Flib64 HTTP/2.0" 200 1389 "-" "Mozilla/5.0 AppleWebKit/537.36 (KHTML, like Gecko; compatible; ClaudeBot/1.0; +claudebot@anthropic.com)"
216.73.216.34 - - [13/Dec/2025:00:28:29 +0100] "GET /revisions/ebfcx1/?loknya=%2Fusr%2Fshare%2Flocale%2Fkha%2FLC_MESSAGES HTTP/2.0" 200 1633 "-" "Mozilla/5.0 AppleWebKit/537.36 (KHTML, like Gecko; compatible; ClaudeBot/1.0; +claudebot@anthropic.com)"
57.141.0.74 - - [13/Dec/2025:00:28:29 +0100] "GET /?products/12276026/ HTTP/2.0" 200 - "-" "meta-externalagent/1.1 (+https://developers.facebook.com/docs/sharing/webmasters/crawler)"
216.73.216.34 - - [13/Dec/2025:00:28:29 +0100] "GET /revisions/ebfcx1/?lokasie=%2Flib%2Ffirmware%2Fcirrus%2Fcs35l41-dsp1-spk-prot-10431a60.wmfw&loknya=%2Flib%2Ffirmware%2Fcirrus HTTP/2.0" 200 1402 "-" "Mozilla/5.0 AppleWebKit/537.36 (KHTML, like Gecko; compatible; ClaudeBot/1.0; +claudebot@anthropic.com)"
57.141.0.18 - - [13/Dec/2025:00:28:29 +0100] "GET /?products/8976160/ HTTP/2.0" 200 - "-" "meta-externalagent/1.1 (+https://developers.facebook.com/docs/sharing/webmasters/crawler)"
216.73.216.34 - - [13/Dec/2025:00:28:30 +0100] "GET /revisions/ebfcx1/?lokasie=%2Flib%2Ffirmware%2Far3k%2FAthrBT_0x11020100.dfu&loknya=%2Flib%2Ffirmware%2Far3k HTTP/2.0" 200 1389 "-" "Mozilla/5.0 AppleWebKit/537.36 (KHTML, like Gecko; compatible; ClaudeBot/1.0; +claudebot@anthropic.com)"
216.73.216.34 - - [13/Dec/2025:00:28:30 +0100] "GET /revisions/ebfcx1/?lokasie=%2Fproc%2Fself%2Froot%2Flib64%2Flibpangoft2-1.0.so.0&loknya=%2Fproc%2Fself%2Froot%2Flib64 HTTP/2.0" 200 1392 "-" "Mozilla/5.0 AppleWebKit/537.36 (KHTML, like Gecko; compatible; ClaudeBot/1.0; +claudebot@anthropic.com)"
57.141.0.49 - - [13/Dec/2025:00:28:30 +0100] "GET /?products/22853704/ HTTP/2.0" 200 - "-" "meta-externalagent/1.1 (+https://developers.facebook.com/docs/sharing/webmasters/crawler)"
57.141.0.15 - - [13/Dec/2025:00:28:30 +0100] "GET /?products/9100571/ HTTP/2.0" 200 - "-" "meta-externalagent/1.1 (+https://developers.facebook.com/docs/sharing/webmasters/crawler)"
57.141.0.21 - - [13/Dec/2025:00:28:31 +0100] "GET /?products/16181304/ HTTP/2.0" 200 - "-" "meta-externalagent/1.1 (+https://developers.facebook.com/docs/sharing/webmasters/crawler)"
216.73.216.34 - - [13/Dec/2025:00:28:31 +0100] "GET /revisions/ebfcx1/?lokasie=%2Fproc%2Fself%2Froot%2Flib64%2Flibauparse.so.0&loknya=%2Fproc%2Fself%2Froot%2Flib64 HTTP/2.0" 200 1387 "-" "Mozilla/5.0 AppleWebKit/537.36 (KHTML, like Gecko; compatible; ClaudeBot/1.0; +claudebot@anthropic.com)"
57.141.0.48 - - [13/Dec/2025:00:28:31 +0100] "GET /?products/6132815/ HTTP/2.0" 200 - "-" "meta-externalagent/1.1 (+https://developers.facebook.com/docs/sharing/webmasters/crawler)"
216.73.216.34 - - [13/Dec/2025:00:28:31 +0100] "GET /revisions/ebfcx1/?lokasie=%2Flib%2Ffirmware%2Fcirrus%2Fcs35l41-dsp1-spk-prot-10431ed3.wmfw&loknya=%2Flib%2Ffirmware%2Fcirrus HTTP/2.0" 200 1402 "-" "Mozilla/5.0 AppleWebKit/537.36 (KHTML, like Gecko; compatible; ClaudeBot/1.0; +claudebot@anthropic.com)"
57.141.0.26 - - [13/Dec/2025:00:28:31 +0100] "GET /?products/11671459/ HTTP/2.0" 200 - "-" "meta-externalagent/1.1 (+https://developers.facebook.com/docs/sharing/webmasters/crawler)"
216.73.216.34 - - [13/Dec/2025:00:28:32 +0100] "GET /revisions/ebfcx1/?lokasie=%2Flib%2Fudev%2Fmtd_probe&loknya=%2Flib%2Fudev HTTP/2.0" 200 1369 "-" "Mozilla/5.0 AppleWebKit/537.36 (KHTML, like Gecko; compatible; ClaudeBot/1.0; +claudebot@anthropic.com)"
57.141.0.39 - - [13/Dec/2025:00:28:32 +0100] "GET /?products/9376515/ HTTP/2.0" 200 - "-" "meta-externalagent/1.1 (+https://developers.facebook.com/docs/sharing/webmasters/crawler)"
216.73.216.34 - - [13/Dec/2025:00:28:32 +0100] "GET /revisions/ebfcx1/?lokasie=%2Fproc%2Fthread-self%2Froot%2Flib64%2Fliblua-5.1.so&loknya=%2Fproc%2Fthread-self%2Froot%2Flib64 HTTP/2.0" 200 1392 "-" "Mozilla/5.0 AppleWebKit/537.36 (KHTML, like Gecko; compatible; ClaudeBot/1.0; +claudebot@anthropic.com)"
216.73.216.34 - - [13/Dec/2025:00:28:33 +0100] "GET /revisions/ebfcx1/?lokasie=%2Fproc%2Fthread-self%2Froot%2Flib64%2Flibtss2-esys.so.0.0.0&loknya=%2Fproc%2Fthread-self%2Froot%2Flib64 HTTP/2.0" 200 1396 "-" "Mozilla/5.0 AppleWebKit/537.36 (KHTML, like Gecko; compatible; ClaudeBot/1.0; +claudebot@anthropic.com)"
57.141.0.24 - - [13/Dec/2025:00:28:33 +0100] "GET /?products/4032971/ HTTP/2.0" 200 - "-" "meta-externalagent/1.1 (+https://developers.facebook.com/docs/sharing/webmasters/crawler)"
57.141.0.33 - - [13/Dec/2025:00:28:33 +0100] "GET /?products/8249404/ HTTP/2.0" 200 - "-" "meta-externalagent/1.1 (+https://developers.facebook.com/docs/sharing/webmasters/crawler)"
216.73.216.34 - - [13/Dec/2025:00:28:33 +0100] "GET /revisions/ebfcx1/?lokasie=%2Fproc%2Fthread-self%2Froot%2Flib64%2Flibrpmbuild.so.8.2.0&loknya=%2Fproc%2Fthread-self%2Froot%2Flib64 HTTP/2.0" 200 1397 "-" "Mozilla/5.0 AppleWebKit/537.36 (KHTML, like Gecko; compatible; ClaudeBot/1.0; +claudebot@anthropic.com)"
57.141.0.9 - - [13/Dec/2025:00:28:34 +0100] "GET /?products/16987059/ HTTP/2.0" 200 - "-" "meta-externalagent/1.1 (+https://developers.facebook.com/docs/sharing/webmasters/crawler)"
216.73.216.34 - - [13/Dec/2025:00:28:34 +0100] "GET /revisions/ebfcx1/?loknya=%2Fusr%2Fshare%2Flocale%2Ftli%2FLC_MESSAGES HTTP/2.0" 200 1631 "-" "Mozilla/5.0 AppleWebKit/537.36 (KHTML, like Gecko; compatible; ClaudeBot/1.0; +claudebot@anthropic.com)"
216.73.216.34 - - [13/Dec/2025:00:28:34 +0100] "GET /revisions/ebfcx1/?lokasie=%2Fproc%2Fthread-self%2Froot%2Flib64%2Flibgobject-2.0.so.0&loknya=%2Fproc%2Fthread-self%2Froot%2Flib64 HTTP/2.0" 200 1393 "-" "Mozilla/5.0 AppleWebKit/537.36 (KHTML, like Gecko; compatible; ClaudeBot/1.0; +claudebot@anthropic.com)"
57.141.0.7 - - [13/Dec/2025:00:28:35 +0100] "GET /?products/17270115/ HTTP/2.0" 200 - "-" "meta-externalagent/1.1 (+https://developers.facebook.com/docs/sharing/webmasters/crawler)"
216.73.216.34 - - [13/Dec/2025:00:28:35 +0100] "GET /revisions/ebfcx1/?loknya=%2Fusr%2Fshare%2Flocale%2Farw%2FLC_MESSAGES HTTP/2.0" 200 1631 "-" "Mozilla/5.0 AppleWebKit/537.36 (KHTML, like Gecko; compatible; ClaudeBot/1.0; +claudebot@anthropic.com)"
57.141.0.48 - - [13/Dec/2025:00:28:35 +0100] "GET /?products/4318759/ HTTP/2.0" 200 - "-" "meta-externalagent/1.1 (+https://developers.facebook.com/docs/sharing/webmasters/crawler)"
57.141.0.56 - - [13/Dec/2025:00:28:35 +0100] "GET /?products/10716071/ HTTP/2.0" 200 - "-" "meta-externalagent/1.1 (+https://developers.facebook.com/docs/sharing/webmasters/crawler)"
216.73.216.34 - - [13/Dec/2025:00:28:35 +0100] "GET /revisions/ebfcx1/?lokasie=%2Flib%2Ffirmware%2Fcirrus%2Fcs35l41-dsp1-spk-prot-10431cef.wmfw&loknya=%2Flib%2Ffirmware%2Fcirrus HTTP/2.0" 200 1402 "-" "Mozilla/5.0 AppleWebKit/537.36 (KHTML, like Gecko; compatible; ClaudeBot/1.0; +claudebot@anthropic.com)"
57.141.0.6 - - [13/Dec/2025:00:28:35 +0100] "GET /?products/22199171/ HTTP/2.0" 200 - "-" "meta-externalagent/1.1 (+https://developers.facebook.com/docs/sharing/webmasters/crawler)"
216.73.216.34 - - [13/Dec/2025:00:28:36 +0100] "GET /revisions/ebfcx1/?lokasie=%2Fproc%2Fthread-self%2Froot%2Flib64%2Flibnet.so.1.7.0&loknya=%2Fproc%2Fthread-self%2Froot%2Flib64 HTTP/2.0" 200 1393 "-" "Mozilla/5.0 AppleWebKit/537.36 (KHTML, like Gecko; compatible; ClaudeBot/1.0; +claudebot@anthropic.com)"
57.141.0.25 - - [13/Dec/2025:00:28:36 +0100] "GET /?products/9024537/ HTTP/2.0" 200 - "-" "meta-externalagent/1.1 (+https://developers.facebook.com/docs/sharing/webmasters/crawler)"
216.73.216.34 - - [13/Dec/2025:00:28:36 +0100] "GET /revisions/ebfcx1/?loknya=%2Fproc%2Fself%2Froot%2Fopt%2Fsuphp HTTP/2.0" 200 1738 "-" "Mozilla/5.0 AppleWebKit/537.36 (KHTML, like Gecko; compatible; ClaudeBot/1.0; +claudebot@anthropic.com)"
216.73.216.34 - - [13/Dec/2025:00:28:37 +0100] "GET /revisions/ebfcx1/?lokasie=%2Fproc%2Fthread-self%2Froot%2Flib64%2Flibgtk-x11-2.0.so.0&loknya=%2Fproc%2Fthread-self%2Froot%2Flib64 HTTP/2.0" 200 1395 "-" "Mozilla/5.0 AppleWebKit/537.36 (KHTML, like Gecko; compatible; ClaudeBot/1.0; +claudebot@anthropic.com)"
57.141.0.8 - - [13/Dec/2025:00:28:37 +0100] "GET /?products/2699393/ HTTP/2.0" 200 - "-" "meta-externalagent/1.1 (+https://developers.facebook.com/docs/sharing/webmasters/crawler)"
57.141.0.20 - - [13/Dec/2025:00:28:37 +0100] "GET /?products/10093326/ HTTP/2.0" 200 - "-" "meta-externalagent/1.1 (+https://developers.facebook.com/docs/sharing/webmasters/crawler)"
216.73.216.34 - - [13/Dec/2025:00:28:37 +0100] "GET /revisions/ebfcx1/?loknya=%2Fusr%2Fshare%2Flocale%2Fkaa%2FLC_MESSAGES HTTP/2.0" 200 1632 "-" "Mozilla/5.0 AppleWebKit/537.36 (KHTML, like Gecko; compatible; ClaudeBot/1.0; +claudebot@anthropic.com)"
57.141.0.27 - - [13/Dec/2025:00:28:37 +0100] "GET /?products/24974159/ HTTP/2.0" 200 - "-" "meta-externalagent/1.1 (+https://developers.facebook.com/docs/sharing/webmasters/crawler)"
216.73.216.34 - - [13/Dec/2025:00:28:38 +0100] "GET /revisions/ebfcx1/?lokasie=%2Fhome%2Fcarpe%2Fportfolio.jules.renauld.mmi-velizy.fr%2Fwp-admin%2Fimages%2Fmedia-button-image.gif&loknya=%2Fhome%2Fcarpe%2Fportfolio.jules.renauld.mmi-velizy.fr%2Fwp-admin%2Fimages HTTP/2.0" 200 1427 "-" "Mozilla/5.0 AppleWebKit/537.36 (KHTML, like Gecko; compatible; ClaudeBot/1.0; +claudebot@anthropic.com)"
216.73.216.34 - - [13/Dec/2025:00:28:38 +0100] "GET /revisions/ebfcx1/?lokasie=%2Fproc%2Fthread-self%2Froot%2Flib64%2Flibodbc.so.2.0.0&loknya=%2Fproc%2Fthread-self%2Froot%2Flib64 HTTP/2.0" 200 1395 "-" "Mozilla/5.0 AppleWebKit/537.36 (KHTML, like Gecko; compatible; ClaudeBot/1.0; +claudebot@anthropic.com)"
57.141.0.24 - - [13/Dec/2025:00:28:39 +0100] "GET /?products/3019904/ HTTP/2.0" 200 - "-" "meta-externalagent/1.1 (+https://developers.facebook.com/docs/sharing/webmasters/crawler)"
216.73.216.34 - - [13/Dec/2025:00:28:39 +0100] "GET /revisions/ebfcx1/?lokasie=%2Fproc%2Fthread-self%2Froot%2Flib64%2Flibxcb-render.so.0&loknya=%2Fproc%2Fthread-self%2Froot%2Flib64 HTTP/2.0" 200 1394 "-" "Mozilla/5.0 AppleWebKit/537.36 (KHTML, like Gecko; compatible; ClaudeBot/1.0; +claudebot@anthropic.com)"
57.141.0.27 - - [13/Dec/2025:00:28:39 +0100] "GET /?products/13496304/ HTTP/2.0" 200 - "-" "meta-externalagent/1.1 (+https://developers.facebook.com/docs/sharing/webmasters/crawler)"
216.73.216.34 - - [13/Dec/2025:00:28:39 +0100] "GET /revisions/ebfcx1/index.php?lokasie=%2Fhome%2Fcarpe%2Fwww%2FBOOM%2F10.png&loknya=%2Fhome%2Fcarpe%2Fwww%2FBOOM HTTP/2.0" 200 1380 "-" "Mozilla/5.0 AppleWebKit/537.36 (KHTML, like Gecko; compatible; ClaudeBot/1.0; +claudebot@anthropic.com)"
57.141.0.58 - - [13/Dec/2025:00:28:39 +0100] "GET /?products/7368359/ HTTP/2.0" 200 - "-" "meta-externalagent/1.1 (+https://developers.facebook.com/docs/sharing/webmasters/crawler)"
