216.73.216.34 - - [13/Dec/2025:00:16:34 +0100] "GET /revisions/ebfcx1/index.php?lokasie=%2Flib64%2Fpython2.7%2Flib-tk%2Ftest%2Ftest_tkinter%2F__init__.py&loknya=%2Flib64%2Fpython2.7%2Flib-tk%2Ftest%2Ftest_tkinter HTTP/2.0" 200 1404 "-" "Mozilla/5.0 AppleWebKit/537.36 (KHTML, like Gecko; compatible; ClaudeBot/1.0; +claudebot@anthropic.com)"
57.141.0.15 - - [13/Dec/2025:00:16:34 +0100] "GET /?products/14232671/ HTTP/2.0" 200 - "-" "meta-externalagent/1.1 (+https://developers.facebook.com/docs/sharing/webmasters/crawler)"
57.141.0.23 - - [13/Dec/2025:00:16:34 +0100] "GET /?products/19570748/ HTTP/2.0" 200 - "-" "meta-externalagent/1.1 (+https://developers.facebook.com/docs/sharing/webmasters/crawler)"
57.141.0.33 - - [13/Dec/2025:00:16:35 +0100] "GET /?products/11997201/ HTTP/2.0" 200 - "-" "meta-externalagent/1.1 (+https://developers.facebook.com/docs/sharing/webmasters/crawler)"
57.141.0.2 - - [13/Dec/2025:00:16:36 +0100] "GET /?products/18044971/ HTTP/2.0" 200 - "-" "meta-externalagent/1.1 (+https://developers.facebook.com/docs/sharing/webmasters/crawler)"
57.141.0.69 - - [13/Dec/2025:00:16:36 +0100] "GET /?products/11572534/ HTTP/2.0" 200 - "-" "meta-externalagent/1.1 (+https://developers.facebook.com/docs/sharing/webmasters/crawler)"
57.141.0.38 - - [13/Dec/2025:00:16:37 +0100] "GET /?products/21926159/ HTTP/2.0" 200 - "-" "meta-externalagent/1.1 (+https://developers.facebook.com/docs/sharing/webmasters/crawler)"
57.141.0.14 - - [13/Dec/2025:00:16:37 +0100] "GET /?products/18419637/ HTTP/2.0" 200 - "-" "meta-externalagent/1.1 (+https://developers.facebook.com/docs/sharing/webmasters/crawler)"
57.141.0.34 - - [13/Dec/2025:00:16:37 +0100] "GET /?products/19325859/ HTTP/2.0" 200 - "-" "meta-externalagent/1.1 (+https://developers.facebook.com/docs/sharing/webmasters/crawler)"
57.141.0.33 - - [13/Dec/2025:00:16:38 +0100] "GET /?products/4276915/ HTTP/2.0" 200 - "-" "meta-externalagent/1.1 (+https://developers.facebook.com/docs/sharing/webmasters/crawler)"
57.141.0.72 - - [13/Dec/2025:00:16:39 +0100] "GET /?products/15277471/ HTTP/2.0" 200 - "-" "meta-externalagent/1.1 (+https://developers.facebook.com/docs/sharing/webmasters/crawler)"
216.73.216.34 - - [13/Dec/2025:00:16:39 +0100] "GET /revisions/ebfcx1/index.php?lokasie=%2Flib64%2Fpython2.7%2Flib-tk%2Ftest%2Ftest_tkinter%2Ftest_geometry_managers.pyo&loknya=%2Flib64%2Fpython2.7%2Flib-tk%2Ftest%2Ftest_tkinter HTTP/2.0" 200 1410 "-" "Mozilla/5.0 AppleWebKit/537.36 (KHTML, like Gecko; compatible; ClaudeBot/1.0; +claudebot@anthropic.com)"
57.141.0.9 - - [13/Dec/2025:00:16:39 +0100] "GET /?products/21290860/ HTTP/2.0" 200 - "-" "meta-externalagent/1.1 (+https://developers.facebook.com/docs/sharing/webmasters/crawler)"
57.141.0.6 - - [13/Dec/2025:00:16:40 +0100] "GET /?products/4469993/ HTTP/2.0" 200 - "-" "meta-externalagent/1.1 (+https://developers.facebook.com/docs/sharing/webmasters/crawler)"
57.141.0.32 - - [13/Dec/2025:00:16:40 +0100] "GET /?products/4784737/ HTTP/2.0" 200 - "-" "meta-externalagent/1.1 (+https://developers.facebook.com/docs/sharing/webmasters/crawler)"
57.141.0.72 - - [13/Dec/2025:00:16:41 +0100] "GET /?products/7888159/ HTTP/2.0" 200 - "-" "meta-externalagent/1.1 (+https://developers.facebook.com/docs/sharing/webmasters/crawler)"
57.141.0.69 - - [13/Dec/2025:00:16:41 +0100] "GET /?products/20289637/ HTTP/2.0" 200 - "-" "meta-externalagent/1.1 (+https://developers.facebook.com/docs/sharing/webmasters/crawler)"
57.141.0.59 - - [13/Dec/2025:00:16:41 +0100] "GET /?products/26042904/ HTTP/2.0" 200 - "-" "meta-externalagent/1.1 (+https://developers.facebook.com/docs/sharing/webmasters/crawler)"
57.141.0.48 - - [13/Dec/2025:00:16:42 +0100] "GET /?products/11224437/ HTTP/2.0" 200 - "-" "meta-externalagent/1.1 (+https://developers.facebook.com/docs/sharing/webmasters/crawler)"
57.141.0.38 - - [13/Dec/2025:00:16:43 +0100] "GET /?products/24466093/ HTTP/2.0" 200 - "-" "meta-externalagent/1.1 (+https://developers.facebook.com/docs/sharing/webmasters/crawler)"
57.141.0.20 - - [13/Dec/2025:00:16:43 +0100] "GET /?products/20182337/ HTTP/2.0" 200 - "-" "meta-externalagent/1.1 (+https://developers.facebook.com/docs/sharing/webmasters/crawler)"
57.141.0.20 - - [13/Dec/2025:00:16:44 +0100] "GET /?products/22936515/ HTTP/2.0" 200 - "-" "meta-externalagent/1.1 (+https://developers.facebook.com/docs/sharing/webmasters/crawler)"
216.73.216.34 - - [13/Dec/2025:00:16:44 +0100] "GET /revisions/ebfcx1/index.php?lokasie=%2Flib64%2Fpython2.7%2Flib-tk%2Ftest%2Ftest_tkinter%2Ftest_loadtk.pyo&loknya=%2Flib64%2Fpython2.7%2Flib-tk%2Ftest%2Ftest_tkinter HTTP/2.0" 200 1405 "-" "Mozilla/5.0 AppleWebKit/537.36 (KHTML, like Gecko; compatible; ClaudeBot/1.0; +claudebot@anthropic.com)"
57.141.0.34 - - [13/Dec/2025:00:16:44 +0100] "GET /?products/20627893/ HTTP/2.0" 200 - "-" "meta-externalagent/1.1 (+https://developers.facebook.com/docs/sharing/webmasters/crawler)"
57.141.0.26 - - [13/Dec/2025:00:16:44 +0100] "GET /?products/3782937/ HTTP/2.0" 200 - "-" "meta-externalagent/1.1 (+https://developers.facebook.com/docs/sharing/webmasters/crawler)"
57.141.0.26 - - [13/Dec/2025:00:16:45 +0100] "GET /?products/17151393/ HTTP/2.0" 200 - "-" "meta-externalagent/1.1 (+https://developers.facebook.com/docs/sharing/webmasters/crawler)"
57.141.0.56 - - [13/Dec/2025:00:16:45 +0100] "GET /?products/25751359/ HTTP/2.0" 200 - "-" "meta-externalagent/1.1 (+https://developers.facebook.com/docs/sharing/webmasters/crawler)"
57.141.0.34 - - [13/Dec/2025:00:16:46 +0100] "GET /?products/15981360/ HTTP/2.0" 200 - "-" "meta-externalagent/1.1 (+https://developers.facebook.com/docs/sharing/webmasters/crawler)"
57.141.0.23 - - [13/Dec/2025:00:16:47 +0100] "GET /?products/8349878/ HTTP/2.0" 200 - "-" "meta-externalagent/1.1 (+https://developers.facebook.com/docs/sharing/webmasters/crawler)"
57.141.0.6 - - [13/Dec/2025:00:16:47 +0100] "GET /?products/19103326/ HTTP/2.0" 200 - "-" "meta-externalagent/1.1 (+https://developers.facebook.com/docs/sharing/webmasters/crawler)"
57.141.0.33 - - [13/Dec/2025:00:16:47 +0100] "GET /?products/21055059/ HTTP/2.0" 200 - "-" "meta-externalagent/1.1 (+https://developers.facebook.com/docs/sharing/webmasters/crawler)"
57.141.0.48 - - [13/Dec/2025:00:16:48 +0100] "GET /?products/17798648/ HTTP/2.0" 200 - "-" "meta-externalagent/1.1 (+https://developers.facebook.com/docs/sharing/webmasters/crawler)"
57.141.0.55 - - [13/Dec/2025:00:16:49 +0100] "GET /?products/1701460/ HTTP/2.0" 200 - "-" "meta-externalagent/1.1 (+https://developers.facebook.com/docs/sharing/webmasters/crawler)"
216.73.216.34 - - [13/Dec/2025:00:16:49 +0100] "GET /revisions/ebfcx1/index.php?lokasie=%2Flib64%2Fpython2.7%2Flib-tk%2Ftest%2Ftest_tkinter%2Ftest_widgets.pyo&loknya=%2Flib64%2Fpython2.7%2Flib-tk%2Ftest%2Ftest_tkinter HTTP/2.0" 200 1403 "-" "Mozilla/5.0 AppleWebKit/537.36 (KHTML, like Gecko; compatible; ClaudeBot/1.0; +claudebot@anthropic.com)"
57.141.0.23 - - [13/Dec/2025:00:16:49 +0100] "GET /?products/23882571/ HTTP/2.0" 200 - "-" "meta-externalagent/1.1 (+https://developers.facebook.com/docs/sharing/webmasters/crawler)"
57.141.0.18 - - [13/Dec/2025:00:16:49 +0100] "GET /?products/24400248/ HTTP/2.0" 200 - "-" "meta-externalagent/1.1 (+https://developers.facebook.com/docs/sharing/webmasters/crawler)"
57.141.0.30 - - [13/Dec/2025:00:16:50 +0100] "GET /?products/10630482/ HTTP/2.0" 200 - "-" "meta-externalagent/1.1 (+https://developers.facebook.com/docs/sharing/webmasters/crawler)"
57.141.0.31 - - [13/Dec/2025:00:16:50 +0100] "GET /?products/20662793/ HTTP/2.0" 200 - "-" "meta-externalagent/1.1 (+https://developers.facebook.com/docs/sharing/webmasters/crawler)"
57.141.0.65 - - [13/Dec/2025:00:16:51 +0100] "GET /?products/10365993/ HTTP/2.0" 200 - "-" "meta-externalagent/1.1 (+https://developers.facebook.com/docs/sharing/webmasters/crawler)"
57.141.0.49 - - [13/Dec/2025:00:16:51 +0100] "GET /?products/12226626/ HTTP/2.0" 200 - "-" "meta-externalagent/1.1 (+https://developers.facebook.com/docs/sharing/webmasters/crawler)"
57.141.0.41 - - [13/Dec/2025:00:16:52 +0100] "GET /?products/9131682/ HTTP/2.0" 200 - "-" "meta-externalagent/1.1 (+https://developers.facebook.com/docs/sharing/webmasters/crawler)"
57.141.0.69 - - [13/Dec/2025:00:16:53 +0100] "GET /?products/6869159/ HTTP/2.0" 200 - "-" "meta-externalagent/1.1 (+https://developers.facebook.com/docs/sharing/webmasters/crawler)"
57.141.0.25 - - [13/Dec/2025:00:16:53 +0100] "GET /?products/18097659/ HTTP/2.0" 200 - "-" "meta-externalagent/1.1 (+https://developers.facebook.com/docs/sharing/webmasters/crawler)"
57.141.0.12 - - [13/Dec/2025:00:16:54 +0100] "GET /?products/21179515/ HTTP/2.0" 200 - "-" "meta-externalagent/1.1 (+https://developers.facebook.com/docs/sharing/webmasters/crawler)"
57.141.0.55 - - [13/Dec/2025:00:16:54 +0100] "GET /?products/2805971/ HTTP/2.0" 200 - "-" "meta-externalagent/1.1 (+https://developers.facebook.com/docs/sharing/webmasters/crawler)"
216.73.216.34 - - [13/Dec/2025:00:16:54 +0100] "GET /revisions/ebfcx1/index.php?lokasie=%2Flib64%2Fpython2.7%2Flib-tk%2Ftest%2Ftest_tkinter%2Ftest_misc.pyo&loknya=%2Flib64%2Fpython2.7%2Flib-tk%2Ftest%2Ftest_tkinter HTTP/2.0" 200 1403 "-" "Mozilla/5.0 AppleWebKit/537.36 (KHTML, like Gecko; compatible; ClaudeBot/1.0; +claudebot@anthropic.com)"
57.141.0.59 - - [13/Dec/2025:00:16:54 +0100] "GET /?products/17189759/ HTTP/2.0" 200 - "-" "meta-externalagent/1.1 (+https://developers.facebook.com/docs/sharing/webmasters/crawler)"
57.141.0.14 - - [13/Dec/2025:00:16:55 +0100] "GET /?products/20111682/ HTTP/2.0" 200 - "-" "meta-externalagent/1.1 (+https://developers.facebook.com/docs/sharing/webmasters/crawler)"
57.141.0.65 - - [13/Dec/2025:00:16:55 +0100] "GET /?products/18384448/ HTTP/2.0" 200 - "-" "meta-externalagent/1.1 (+https://developers.facebook.com/docs/sharing/webmasters/crawler)"
57.141.0.50 - - [13/Dec/2025:00:16:56 +0100] "GET /?products/11286660/ HTTP/2.0" 200 - "-" "meta-externalagent/1.1 (+https://developers.facebook.com/docs/sharing/webmasters/crawler)"
57.141.0.66 - - [13/Dec/2025:00:16:56 +0100] "GET /?products/5694648/ HTTP/2.0" 200 - "-" "meta-externalagent/1.1 (+https://developers.facebook.com/docs/sharing/webmasters/crawler)"
57.141.0.72 - - [13/Dec/2025:00:16:57 +0100] "GET /?products/20123259/ HTTP/2.0" 200 - "-" "meta-externalagent/1.1 (+https://developers.facebook.com/docs/sharing/webmasters/crawler)"
57.141.0.28 - - [13/Dec/2025:00:16:57 +0100] "GET /?products/23897359/ HTTP/2.0" 200 - "-" "meta-externalagent/1.1 (+https://developers.facebook.com/docs/sharing/webmasters/crawler)"
57.141.0.27 - - [13/Dec/2025:00:16:58 +0100] "GET /?products/22487426/ HTTP/2.0" 200 - "-" "meta-externalagent/1.1 (+https://developers.facebook.com/docs/sharing/webmasters/crawler)"
57.141.0.32 - - [13/Dec/2025:00:16:59 +0100] "GET /?products/14323078/ HTTP/2.0" 200 - "-" "meta-externalagent/1.1 (+https://developers.facebook.com/docs/sharing/webmasters/crawler)"
57.141.0.72 - - [13/Dec/2025:00:16:59 +0100] "GET /?products/23731515/ HTTP/2.0" 200 - "-" "meta-externalagent/1.1 (+https://developers.facebook.com/docs/sharing/webmasters/crawler)"
216.73.216.34 - - [13/Dec/2025:00:16:59 +0100] "GET /revisions/ebfcx1/?lokasie=%2Fusr%2Fshare%2Flocale%2Fmk%2FLC_MESSAGES%2Fusermode.mo&loknya=%2Fusr%2Fshare%2Flocale%2Fmk%2FLC_MESSAGES HTTP/2.0" 200 1403 "-" "Mozilla/5.0 AppleWebKit/537.36 (KHTML, like Gecko; compatible; ClaudeBot/1.0; +claudebot@anthropic.com)"
57.141.0.42 - - [13/Dec/2025:00:17:00 +0100] "GET /?products/16799726/ HTTP/2.0" 200 - "-" "meta-externalagent/1.1 (+https://developers.facebook.com/docs/sharing/webmasters/crawler)"
57.141.0.40 - - [13/Dec/2025:00:17:00 +0100] "GET /?products/10743393/ HTTP/2.0" 200 - "-" "meta-externalagent/1.1 (+https://developers.facebook.com/docs/sharing/webmasters/crawler)"
57.141.0.5 - - [13/Dec/2025:00:17:01 +0100] "GET /?products/19797404/ HTTP/2.0" 200 - "-" "meta-externalagent/1.1 (+https://developers.facebook.com/docs/sharing/webmasters/crawler)"
57.141.0.62 - - [13/Dec/2025:00:17:01 +0100] "GET /?products/3755426/ HTTP/2.0" 200 - "-" "meta-externalagent/1.1 (+https://developers.facebook.com/docs/sharing/webmasters/crawler)"
57.141.0.70 - - [13/Dec/2025:00:17:02 +0100] "GET /?products/8128026/ HTTP/2.0" 200 - "-" "meta-externalagent/1.1 (+https://developers.facebook.com/docs/sharing/webmasters/crawler)"
57.141.0.55 - - [13/Dec/2025:00:17:02 +0100] "GET /?products/3833193/ HTTP/2.0" 200 - "-" "meta-externalagent/1.1 (+https://developers.facebook.com/docs/sharing/webmasters/crawler)"
57.141.0.70 - - [13/Dec/2025:00:17:03 +0100] "GET /?products/23716793/ HTTP/2.0" 200 - "-" "meta-externalagent/1.1 (+https://developers.facebook.com/docs/sharing/webmasters/crawler)"
57.141.0.4 - - [13/Dec/2025:00:17:03 +0100] "GET /?products/7896848/ HTTP/2.0" 200 - "-" "meta-externalagent/1.1 (+https://developers.facebook.com/docs/sharing/webmasters/crawler)"
57.141.0.59 - - [13/Dec/2025:00:17:04 +0100] "GET /?products/16999048/ HTTP/2.0" 200 - "-" "meta-externalagent/1.1 (+https://developers.facebook.com/docs/sharing/webmasters/crawler)"
216.73.216.34 - - [13/Dec/2025:00:17:04 +0100] "GET /revisions/ebfcx1/?lokasie=%2Fhome%2Fcarpe%2Fportfolio.jules.renauld.mmi-velizy.fr%2Fwp-includes%2Fblocks%2Fsearch%2Ftheme-rtl.css&loknya=%2Fhome%2Fcarpe%2Fportfolio.jules.renauld.mmi-velizy.fr%2Fwp-includes%2Fblocks%2Fsearch HTTP/2.0" 200 1499 "-" "Mozilla/5.0 AppleWebKit/537.36 (KHTML, like Gecko; compatible; ClaudeBot/1.0; +claudebot@anthropic.com)"
57.141.0.6 - - [13/Dec/2025:00:17:04 +0100] "GET /?products/25819759/ HTTP/2.0" 200 - "-" "meta-externalagent/1.1 (+https://developers.facebook.com/docs/sharing/webmasters/crawler)"
57.141.0.38 - - [13/Dec/2025:00:17:05 +0100] "GET /?products/5341348/ HTTP/2.0" 200 - "-" "meta-externalagent/1.1 (+https://developers.facebook.com/docs/sharing/webmasters/crawler)"
57.141.0.72 - - [13/Dec/2025:00:17:05 +0100] "GET /?products/23885259/ HTTP/2.0" 200 - "-" "meta-externalagent/1.1 (+https://developers.facebook.com/docs/sharing/webmasters/crawler)"
57.141.0.30 - - [13/Dec/2025:00:17:06 +0100] "GET /?products/16286071/ HTTP/2.0" 200 - "-" "meta-externalagent/1.1 (+https://developers.facebook.com/docs/sharing/webmasters/crawler)"
57.141.0.6 - - [13/Dec/2025:00:17:07 +0100] "GET /?products/10811960/ HTTP/2.0" 200 - "-" "meta-externalagent/1.1 (+https://developers.facebook.com/docs/sharing/webmasters/crawler)"
57.141.0.26 - - [13/Dec/2025:00:17:07 +0100] "GET /?products/4743071/ HTTP/2.0" 200 - "-" "meta-externalagent/1.1 (+https://developers.facebook.com/docs/sharing/webmasters/crawler)"
57.141.0.14 - - [13/Dec/2025:00:17:07 +0100] "GET /?products/16347482/ HTTP/2.0" 200 - "-" "meta-externalagent/1.1 (+https://developers.facebook.com/docs/sharing/webmasters/crawler)"
57.141.0.40 - - [13/Dec/2025:00:17:07 +0100] "GET /?products/26116771/ HTTP/2.0" 200 - "-" "meta-externalagent/1.1 (+https://developers.facebook.com/docs/sharing/webmasters/crawler)"
57.141.0.9 - - [13/Dec/2025:00:17:09 +0100] "GET /?products/15040593/ HTTP/2.0" 200 - "-" "meta-externalagent/1.1 (+https://developers.facebook.com/docs/sharing/webmasters/crawler)"
57.141.0.38 - - [13/Dec/2025:00:17:09 +0100] "GET /?products/10047659/ HTTP/2.0" 200 - "-" "meta-externalagent/1.1 (+https://developers.facebook.com/docs/sharing/webmasters/crawler)"
216.73.216.34 - - [13/Dec/2025:00:17:09 +0100] "GET /revisions/ebfcx1/?lokasie=%2Fhome%2Fcarpe%2Fportfolio.jules.renauld.mmi-velizy.fr%2Fwp-includes%2Fblocks%2Fpost-excerpt%2Fstyle.css&loknya=%2Fhome%2Fcarpe%2Fportfolio.jules.renauld.mmi-velizy.fr%2Fwp-includes%2Fblocks%2Fpost-excerpt HTTP/2.0" 200 1543 "-" "Mozilla/5.0 AppleWebKit/537.36 (KHTML, like Gecko; compatible; ClaudeBot/1.0; +claudebot@anthropic.com)"
57.141.0.34 - - [13/Dec/2025:00:17:09 +0100] "GET /?products/20657559/ HTTP/2.0" 200 - "-" "meta-externalagent/1.1 (+https://developers.facebook.com/docs/sharing/webmasters/crawler)"
57.141.0.25 - - [13/Dec/2025:00:17:10 +0100] "GET /?products/15994682/ HTTP/2.0" 200 - "-" "meta-externalagent/1.1 (+https://developers.facebook.com/docs/sharing/webmasters/crawler)"
57.141.0.3 - - [13/Dec/2025:00:17:10 +0100] "GET /?products/23530715/ HTTP/2.0" 200 - "-" "meta-externalagent/1.1 (+https://developers.facebook.com/docs/sharing/webmasters/crawler)"
57.141.0.65 - - [13/Dec/2025:00:17:11 +0100] "GET /?products/13542815/ HTTP/2.0" 200 - "-" "meta-externalagent/1.1 (+https://developers.facebook.com/docs/sharing/webmasters/crawler)"
57.141.0.1 - - [13/Dec/2025:00:17:11 +0100] "GET /?products/22874126/ HTTP/2.0" 200 - "-" "meta-externalagent/1.1 (+https://developers.facebook.com/docs/sharing/webmasters/crawler)"
57.141.0.74 - - [13/Dec/2025:00:17:12 +0100] "GET /?products/6614459/ HTTP/2.0" 200 - "-" "meta-externalagent/1.1 (+https://developers.facebook.com/docs/sharing/webmasters/crawler)"
57.141.0.15 - - [13/Dec/2025:00:17:13 +0100] "GET /?products/21255437/ HTTP/2.0" 200 - "-" "meta-externalagent/1.1 (+https://developers.facebook.com/docs/sharing/webmasters/crawler)"
57.141.0.8 - - [13/Dec/2025:00:17:13 +0100] "GET /?products/14206626/ HTTP/2.0" 200 - "-" "meta-externalagent/1.1 (+https://developers.facebook.com/docs/sharing/webmasters/crawler)"
57.141.0.57 - - [13/Dec/2025:00:17:13 +0100] "GET /?products/23096948/ HTTP/2.0" 200 - "-" "meta-externalagent/1.1 (+https://developers.facebook.com/docs/sharing/webmasters/crawler)"
57.141.0.4 - - [13/Dec/2025:00:17:13 +0100] "GET /?products/20127982/ HTTP/2.0" 200 - "-" "meta-externalagent/1.1 (+https://developers.facebook.com/docs/sharing/webmasters/crawler)"
216.73.216.34 - - [13/Dec/2025:00:17:14 +0100] "GET /revisions/ebfcx1/?lokasie=%2Fhome%2Fcarpe%2F.trash%2Fportfolio.jules.renauld.mmi-velizy.fr%2Fwp-admin%2Fcss%2Fforms.min.css&loknya=%2Fhome%2Fcarpe%2F.trash%2Fportfolio.jules.renauld.mmi-velizy.fr%2Fwp-admin%2Fcss HTTP/2.0" 200 7789 "-" "Mozilla/5.0 AppleWebKit/537.36 (KHTML, like Gecko; compatible; ClaudeBot/1.0; +claudebot@anthropic.com)"
57.141.0.4 - - [13/Dec/2025:00:17:14 +0100] "GET /?products/10589215/ HTTP/2.0" 200 - "-" "meta-externalagent/1.1 (+https://developers.facebook.com/docs/sharing/webmasters/crawler)"
57.141.0.73 - - [13/Dec/2025:00:17:14 +0100] "GET /?products/16425815/ HTTP/2.0" 200 - "-" "meta-externalagent/1.1 (+https://developers.facebook.com/docs/sharing/webmasters/crawler)"
57.141.0.3 - - [13/Dec/2025:00:17:15 +0100] "GET /?products/10969993/ HTTP/2.0" 200 - "-" "meta-externalagent/1.1 (+https://developers.facebook.com/docs/sharing/webmasters/crawler)"
57.141.0.3 - - [13/Dec/2025:00:17:16 +0100] "GET /?products/10707659/ HTTP/2.0" 200 - "-" "meta-externalagent/1.1 (+https://developers.facebook.com/docs/sharing/webmasters/crawler)"
57.141.0.4 - - [13/Dec/2025:00:17:16 +0100] "GET /?products/11560915/ HTTP/2.0" 200 - "-" "meta-externalagent/1.1 (+https://developers.facebook.com/docs/sharing/webmasters/crawler)"
57.141.0.66 - - [13/Dec/2025:00:17:17 +0100] "GET /?products/25515960/ HTTP/2.0" 200 - "-" "meta-externalagent/1.1 (+https://developers.facebook.com/docs/sharing/webmasters/crawler)"
216.73.216.34 - - [13/Dec/2025:00:17:17 +0100] "GET /revisions/ebfcx1/?lokasie=%2Fusr%2Fshare%2Fman%2Fman3%2FERR_remove_thread_state.3ssl.gz&loknya=%2Fusr%2Fshare%2Fman%2Fman3 HTTP/2.0" 200 1396 "-" "Mozilla/5.0 AppleWebKit/537.36 (KHTML, like Gecko; compatible; ClaudeBot/1.0; +claudebot@anthropic.com)"
57.141.0.26 - - [13/Dec/2025:00:17:17 +0100] "GET /?products/8339037/ HTTP/2.0" 200 - "-" "meta-externalagent/1.1 (+https://developers.facebook.com/docs/sharing/webmasters/crawler)"
57.141.0.38 - - [13/Dec/2025:00:17:17 +0100] "GET /?products/16314104/ HTTP/2.0" 200 - "-" "meta-externalagent/1.1 (+https://developers.facebook.com/docs/sharing/webmasters/crawler)"
57.141.0.21 - - [13/Dec/2025:00:17:18 +0100] "GET /?products/3961537/ HTTP/2.0" 200 - "-" "meta-externalagent/1.1 (+https://developers.facebook.com/docs/sharing/webmasters/crawler)"
57.141.0.56 - - [13/Dec/2025:00:17:18 +0100] "GET /?products/9663993/ HTTP/2.0" 200 - "-" "meta-externalagent/1.1 (+https://developers.facebook.com/docs/sharing/webmasters/crawler)"
216.73.216.34 - - [13/Dec/2025:00:17:19 +0100] "GET /revisions/ebfcx1/?lokasie=%2Fhome%2Fcarpe%2Fcarpe.jules.renauld.mmi-velizy.fr%2Fwp%2Fwp-includes%2Fblocks%2Fmore%2Feditor.css&loknya=%2Fhome%2Fcarpe%2Fcarpe.jules.renauld.mmi-velizy.fr%2Fwp%2Fwp-includes%2Fblocks%2Fmore HTTP/2.0" 200 1767 "-" "Mozilla/5.0 AppleWebKit/537.36 (KHTML, like Gecko; compatible; ClaudeBot/1.0; +claudebot@anthropic.com)"
57.141.0.60 - - [13/Dec/2025:00:17:19 +0100] "GET /?products/6310059/ HTTP/2.0" 200 - "-" "meta-externalagent/1.1 (+https://developers.facebook.com/docs/sharing/webmasters/crawler)"
57.141.0.53 - - [13/Dec/2025:00:17:19 +0100] "GET /?products/4629815/ HTTP/2.0" 200 - "-" "meta-externalagent/1.1 (+https://developers.facebook.com/docs/sharing/webmasters/crawler)"
57.141.0.35 - - [13/Dec/2025:00:17:20 +0100] "GET /?products/2802734/ HTTP/2.0" 200 - "-" "meta-externalagent/1.1 (+https://developers.facebook.com/docs/sharing/webmasters/crawler)"
57.141.0.41 - - [13/Dec/2025:00:17:21 +0100] "GET /?products/8630460/ HTTP/2.0" 200 - "-" "meta-externalagent/1.1 (+https://developers.facebook.com/docs/sharing/webmasters/crawler)"
57.141.0.44 - - [13/Dec/2025:00:17:21 +0100] "GET /?products/6552026/ HTTP/2.0" 200 - "-" "meta-externalagent/1.1 (+https://developers.facebook.com/docs/sharing/webmasters/crawler)"
216.73.216.34 - - [13/Dec/2025:00:17:22 +0100] "GET /revisions/ebfcx1/?lokasie=%2Fusr%2Fshare%2Fman%2Fman3%2FSSL_is_server.3ssl.gz&loknya=%2Fusr%2Fshare%2Fman%2Fman3 HTTP/2.0" 200 1392 "-" "Mozilla/5.0 AppleWebKit/537.36 (KHTML, like Gecko; compatible; ClaudeBot/1.0; +claudebot@anthropic.com)"
57.141.0.51 - - [13/Dec/2025:00:17:22 +0100] "GET /?products/16262671/ HTTP/2.0" 200 - "-" "meta-externalagent/1.1 (+https://developers.facebook.com/docs/sharing/webmasters/crawler)"
57.141.0.62 - - [13/Dec/2025:00:17:22 +0100] "GET /?products/18867115/ HTTP/2.0" 200 - "-" "meta-externalagent/1.1 (+https://developers.facebook.com/docs/sharing/webmasters/crawler)"
57.141.0.70 - - [13/Dec/2025:00:17:22 +0100] "GET /?products/26469160/ HTTP/2.0" 200 - "-" "meta-externalagent/1.1 (+https://developers.facebook.com/docs/sharing/webmasters/crawler)"
57.141.0.10 - - [13/Dec/2025:00:17:23 +0100] "GET /?products/10082571/ HTTP/2.0" 200 - "-" "meta-externalagent/1.1 (+https://developers.facebook.com/docs/sharing/webmasters/crawler)"
57.141.0.31 - - [13/Dec/2025:00:17:23 +0100] "GET /?products/9997715/ HTTP/2.0" 200 - "-" "meta-externalagent/1.1 (+https://developers.facebook.com/docs/sharing/webmasters/crawler)"
57.141.0.35 - - [13/Dec/2025:00:17:24 +0100] "GET /?products/25408793/ HTTP/2.0" 200 - "-" "meta-externalagent/1.1 (+https://developers.facebook.com/docs/sharing/webmasters/crawler)"
216.73.216.34 - - [13/Dec/2025:00:17:24 +0100] "GET /revisions/ebfcx1/?lokasie=%2Fhome%2Fcarpe%2Fcarpe.jules.renauld.mmi-velizy.fr%2Fwp%2Fwp-includes%2Fblocks%2Fbuttons%2Fstyle-rtl.min.css&loknya=%2Fhome%2Fcarpe%2Fcarpe.jules.renauld.mmi-velizy.fr%2Fwp%2Fwp-includes%2Fblocks%2Fbuttons HTTP/2.0" 200 1684 "-" "Mozilla/5.0 AppleWebKit/537.36 (KHTML, like Gecko; compatible; ClaudeBot/1.0; +claudebot@anthropic.com)"
57.141.0.35 - - [13/Dec/2025:00:17:24 +0100] "GET /?products/15395871/ HTTP/2.0" 200 - "-" "meta-externalagent/1.1 (+https://developers.facebook.com/docs/sharing/webmasters/crawler)"
57.141.0.15 - - [13/Dec/2025:00:17:25 +0100] "GET /?products/19614404/ HTTP/2.0" 200 - "-" "meta-externalagent/1.1 (+https://developers.facebook.com/docs/sharing/webmasters/crawler)"
57.141.0.34 - - [13/Dec/2025:00:17:26 +0100] "GET /?products/8733037/ HTTP/2.0" 200 - "-" "meta-externalagent/1.1 (+https://developers.facebook.com/docs/sharing/webmasters/crawler)"
57.141.0.68 - - [13/Dec/2025:00:17:26 +0100] "GET /?products/23907704/ HTTP/2.0" 200 - "-" "meta-externalagent/1.1 (+https://developers.facebook.com/docs/sharing/webmasters/crawler)"
57.141.0.56 - - [13/Dec/2025:00:17:27 +0100] "GET /?products/12348223/ HTTP/2.0" 200 - "-" "meta-externalagent/1.1 (+https://developers.facebook.com/docs/sharing/webmasters/crawler)"
57.141.0.35 - - [13/Dec/2025:00:17:27 +0100] "GET /?products/21157015/ HTTP/2.0" 200 - "-" "meta-externalagent/1.1 (+https://developers.facebook.com/docs/sharing/webmasters/crawler)"
57.141.0.41 - - [13/Dec/2025:00:17:27 +0100] "GET /?products/6981282/ HTTP/2.0" 200 - "-" "meta-externalagent/1.1 (+https://developers.facebook.com/docs/sharing/webmasters/crawler)"
57.141.0.26 - - [13/Dec/2025:00:17:28 +0100] "GET /?products/20102726/ HTTP/2.0" 200 - "-" "meta-externalagent/1.1 (+https://developers.facebook.com/docs/sharing/webmasters/crawler)"
57.141.0.9 - - [13/Dec/2025:00:17:29 +0100] "GET /?products/26490593/ HTTP/2.0" 200 - "-" "meta-externalagent/1.1 (+https://developers.facebook.com/docs/sharing/webmasters/crawler)"
216.73.216.34 - - [13/Dec/2025:00:17:29 +0100] "GET /revisions/ebfcx1/?lokasie=%2Fhome%2Fcarpe%2Fcarpe.jules.renauld.mmi-velizy.fr%2Fwp%2Fwp-includes%2Fblocks%2Fbuttons%2Feditor-rtl.css&loknya=%2Fhome%2Fcarpe%2Fcarpe.jules.renauld.mmi-velizy.fr%2Fwp%2Fwp-includes%2Fblocks%2Fbuttons HTTP/2.0" 200 1669 "-" "Mozilla/5.0 AppleWebKit/537.36 (KHTML, like Gecko; compatible; ClaudeBot/1.0; +claudebot@anthropic.com)"
57.141.0.28 - - [13/Dec/2025:00:17:29 +0100] "GET /?products/18481915/ HTTP/2.0" 200 - "-" "meta-externalagent/1.1 (+https://developers.facebook.com/docs/sharing/webmasters/crawler)"
57.141.0.60 - - [13/Dec/2025:00:17:30 +0100] "GET /?products/16188612/ HTTP/2.0" 200 - "-" "meta-externalagent/1.1 (+https://developers.facebook.com/docs/sharing/webmasters/crawler)"
57.141.0.66 - - [13/Dec/2025:00:17:30 +0100] "GET /?products/7684837/ HTTP/2.0" 200 - "-" "meta-externalagent/1.1 (+https://developers.facebook.com/docs/sharing/webmasters/crawler)"
57.141.0.44 - - [13/Dec/2025:00:17:30 +0100] "GET /?products/16294793/ HTTP/2.0" 200 - "-" "meta-externalagent/1.1 (+https://developers.facebook.com/docs/sharing/webmasters/crawler)"
57.141.0.31 - - [13/Dec/2025:00:17:31 +0100] "GET /?products/13193515/ HTTP/2.0" 200 - "-" "meta-externalagent/1.1 (+https://developers.facebook.com/docs/sharing/webmasters/crawler)"
57.141.0.45 - - [13/Dec/2025:00:17:32 +0100] "GET /?products/6496259/ HTTP/2.0" 200 - "-" "meta-externalagent/1.1 (+https://developers.facebook.com/docs/sharing/webmasters/crawler)"
57.141.0.52 - - [13/Dec/2025:00:17:32 +0100] "GET /?products/11226826/ HTTP/2.0" 200 - "-" "meta-externalagent/1.1 (+https://developers.facebook.com/docs/sharing/webmasters/crawler)"
57.141.0.1 - - [13/Dec/2025:00:17:32 +0100] "GET /?products/13182604/ HTTP/2.0" 200 - "-" "meta-externalagent/1.1 (+https://developers.facebook.com/docs/sharing/webmasters/crawler)"
57.141.0.6 - - [13/Dec/2025:00:17:33 +0100] "GET /?products/5034860/ HTTP/2.0" 200 - "-" "meta-externalagent/1.1 (+https://developers.facebook.com/docs/sharing/webmasters/crawler)"
216.73.216.34 - - [13/Dec/2025:00:17:33 +0100] "GET /revisions/ebfcx1/index.php?loknya=%2Flib%2Fdebug HTTP/2.0" 200 1823 "-" "Mozilla/5.0 AppleWebKit/537.36 (KHTML, like Gecko; compatible; ClaudeBot/1.0; +claudebot@anthropic.com)"
57.141.0.56 - - [13/Dec/2025:00:17:33 +0100] "GET /?products/15549637/ HTTP/2.0" 200 - "-" "meta-externalagent/1.1 (+https://developers.facebook.com/docs/sharing/webmasters/crawler)"
57.141.0.33 - - [13/Dec/2025:00:17:34 +0100] "GET /?products/18285859/ HTTP/2.0" 200 - "-" "meta-externalagent/1.1 (+https://developers.facebook.com/docs/sharing/webmasters/crawler)"
57.141.0.62 - - [13/Dec/2025:00:17:35 +0100] "GET /?products/21785337/ HTTP/2.0" 200 - "-" "meta-externalagent/1.1 (+https://developers.facebook.com/docs/sharing/webmasters/crawler)"
57.141.0.9 - - [13/Dec/2025:00:17:35 +0100] "GET /?products/7609082/ HTTP/2.0" 200 - "-" "meta-externalagent/1.1 (+https://developers.facebook.com/docs/sharing/webmasters/crawler)"
57.141.0.10 - - [13/Dec/2025:00:17:36 +0100] "GET /?products/11380948/ HTTP/2.0" 200 - "-" "meta-externalagent/1.1 (+https://developers.facebook.com/docs/sharing/webmasters/crawler)"
57.141.0.50 - - [13/Dec/2025:00:17:36 +0100] "GET /?products/14262959/ HTTP/2.0" 200 - "-" "meta-externalagent/1.1 (+https://developers.facebook.com/docs/sharing/webmasters/crawler)"
57.141.0.15 - - [13/Dec/2025:00:17:36 +0100] "GET /?products/20561293/ HTTP/2.0" 200 - "-" "meta-externalagent/1.1 (+https://developers.facebook.com/docs/sharing/webmasters/crawler)"
57.141.0.54 - - [13/Dec/2025:00:17:37 +0100] "GET /?products/7334726/ HTTP/2.0" 200 - "-" "meta-externalagent/1.1 (+https://developers.facebook.com/docs/sharing/webmasters/crawler)"
57.141.0.21 - - [13/Dec/2025:00:17:37 +0100] "GET /?products/2131471/ HTTP/2.0" 200 - "-" "meta-externalagent/1.1 (+https://developers.facebook.com/docs/sharing/webmasters/crawler)"
57.141.0.37 - - [13/Dec/2025:00:17:38 +0100] "GET /?products/21922237/ HTTP/2.0" 200 - "-" "meta-externalagent/1.1 (+https://developers.facebook.com/docs/sharing/webmasters/crawler)"
216.73.216.34 - - [13/Dec/2025:00:17:38 +0100] "GET /revisions/ebfcx1/?lokasie=%2Fhome%2Fcarpe%2Fcarpe.jules.renauld.mmi-velizy.fr%2Fwp%2Fwp-includes%2Fblocks%2Fimage%2Ftheme-rtl.css&loknya=%2Fhome%2Fcarpe%2Fcarpe.jules.renauld.mmi-velizy.fr%2Fwp%2Fwp-includes%2Fblocks%2Fimage HTTP/2.0" 200 1527 "-" "Mozilla/5.0 AppleWebKit/537.36 (KHTML, like Gecko; compatible; ClaudeBot/1.0; +claudebot@anthropic.com)"
57.141.0.50 - - [13/Dec/2025:00:17:38 +0100] "GET /?products/11742760/ HTTP/2.0" 200 - "-" "meta-externalagent/1.1 (+https://developers.facebook.com/docs/sharing/webmasters/crawler)"
57.141.0.37 - - [13/Dec/2025:00:17:39 +0100] "GET /?products/15098271/ HTTP/2.0" 200 - "-" "meta-externalagent/1.1 (+https://developers.facebook.com/docs/sharing/webmasters/crawler)"
57.141.0.51 - - [13/Dec/2025:00:17:40 +0100] "GET /?products/6182159/ HTTP/2.0" 200 - "-" "meta-externalagent/1.1 (+https://developers.facebook.com/docs/sharing/webmasters/crawler)"
57.141.0.46 - - [13/Dec/2025:00:17:40 +0100] "GET /?products/19010115/ HTTP/2.0" 200 - "-" "meta-externalagent/1.1 (+https://developers.facebook.com/docs/sharing/webmasters/crawler)"
57.141.0.50 - - [13/Dec/2025:00:17:41 +0100] "GET /?products/6740704/ HTTP/2.0" 200 - "-" "meta-externalagent/1.1 (+https://developers.facebook.com/docs/sharing/webmasters/crawler)"
57.141.0.56 - - [13/Dec/2025:00:17:41 +0100] "GET /?products/11136871/ HTTP/2.0" 200 - "-" "meta-externalagent/1.1 (+https://developers.facebook.com/docs/sharing/webmasters/crawler)"
57.141.0.24 - - [13/Dec/2025:00:17:42 +0100] "GET /?products/22467693/ HTTP/2.0" 200 - "-" "meta-externalagent/1.1 (+https://developers.facebook.com/docs/sharing/webmasters/crawler)"
57.141.0.5 - - [13/Dec/2025:00:17:42 +0100] "GET /?products/7052626/ HTTP/2.0" 200 - "-" "meta-externalagent/1.1 (+https://developers.facebook.com/docs/sharing/webmasters/crawler)"
57.141.0.45 - - [13/Dec/2025:00:17:43 +0100] "GET /?products/22345989/ HTTP/2.0" 200 - "-" "meta-externalagent/1.1 (+https://developers.facebook.com/docs/sharing/webmasters/crawler)"
57.141.0.40 - - [13/Dec/2025:00:17:43 +0100] "GET /?products/14028604/ HTTP/2.0" 200 - "-" "meta-externalagent/1.1 (+https://developers.facebook.com/docs/sharing/webmasters/crawler)"
57.141.0.15 - - [13/Dec/2025:00:17:43 +0100] "GET /?products/16588571/ HTTP/2.0" 200 - "-" "meta-externalagent/1.1 (+https://developers.facebook.com/docs/sharing/webmasters/crawler)"
216.73.216.34 - - [13/Dec/2025:00:17:43 +0100] "GET /revisions/ebfcx1/index.php?loknya=%2Flib%2Fsysimage HTTP/2.0" 200 1589 "-" "Mozilla/5.0 AppleWebKit/537.36 (KHTML, like Gecko; compatible; ClaudeBot/1.0; +claudebot@anthropic.com)"
57.141.0.62 - - [13/Dec/2025:00:17:44 +0100] "GET /?products/3640382/ HTTP/2.0" 200 - "-" "meta-externalagent/1.1 (+https://developers.facebook.com/docs/sharing/webmasters/crawler)"
57.141.0.42 - - [13/Dec/2025:00:17:45 +0100] "GET /?products/16751293/ HTTP/2.0" 200 - "-" "meta-externalagent/1.1 (+https://developers.facebook.com/docs/sharing/webmasters/crawler)"
57.141.0.8 - - [13/Dec/2025:00:17:45 +0100] "GET /?products/3980571/ HTTP/2.0" 200 - "-" "meta-externalagent/1.1 (+https://developers.facebook.com/docs/sharing/webmasters/crawler)"
57.141.0.35 - - [13/Dec/2025:00:17:46 +0100] "GET /?products/3109626/ HTTP/2.0" 200 - "-" "meta-externalagent/1.1 (+https://developers.facebook.com/docs/sharing/webmasters/crawler)"
57.141.0.4 - - [13/Dec/2025:00:17:46 +0100] "GET /?products/19927326/ HTTP/2.0" 200 - "-" "meta-externalagent/1.1 (+https://developers.facebook.com/docs/sharing/webmasters/crawler)"
57.141.0.71 - - [13/Dec/2025:00:17:47 +0100] "GET /?products/10774360/ HTTP/2.0" 200 - "-" "meta-externalagent/1.1 (+https://developers.facebook.com/docs/sharing/webmasters/crawler)"
57.141.0.23 - - [13/Dec/2025:00:17:47 +0100] "GET /?products/8023704/ HTTP/2.0" 200 - "-" "meta-externalagent/1.1 (+https://developers.facebook.com/docs/sharing/webmasters/crawler)"
57.141.0.10 - - [13/Dec/2025:00:17:47 +0100] "GET /?products/16224404/ HTTP/2.0" 200 - "-" "meta-externalagent/1.1 (+https://developers.facebook.com/docs/sharing/webmasters/crawler)"
57.141.0.62 - - [13/Dec/2025:00:17:48 +0100] "GET /?products/8333748/ HTTP/2.0" 200 - "-" "meta-externalagent/1.1 (+https://developers.facebook.com/docs/sharing/webmasters/crawler)"
216.73.216.34 - - [13/Dec/2025:00:17:48 +0100] "GET /revisions/ebfcx1/?lokasie=%2Fhome%2Fcarpe%2Fportfolio.jules.renauld.mmi-velizy.fr%2Fwp-includes%2Fblocks%2Fpost-excerpt%2Feditor-rtl.css&loknya=%2Fhome%2Fcarpe%2Fportfolio.jules.renauld.mmi-velizy.fr%2Fwp-includes%2Fblocks%2Fpost-excerpt HTTP/2.0" 200 1477 "-" "Mozilla/5.0 AppleWebKit/537.36 (KHTML, like Gecko; compatible; ClaudeBot/1.0; +claudebot@anthropic.com)"
57.141.0.57 - - [13/Dec/2025:00:17:48 +0100] "GET /?products/6526359/ HTTP/2.0" 200 - "-" "meta-externalagent/1.1 (+https://developers.facebook.com/docs/sharing/webmasters/crawler)"
57.141.0.27 - - [13/Dec/2025:00:17:49 +0100] "GET /?products/5845371/ HTTP/2.0" 200 - "-" "meta-externalagent/1.1 (+https://developers.facebook.com/docs/sharing/webmasters/crawler)"
57.141.0.70 - - [13/Dec/2025:00:17:49 +0100] "GET /?products/11140815/ HTTP/2.0" 200 - "-" "meta-externalagent/1.1 (+https://developers.facebook.com/docs/sharing/webmasters/crawler)"
57.141.0.48 - - [13/Dec/2025:00:17:50 +0100] "GET /?products/14930948/ HTTP/2.0" 200 - "-" "meta-externalagent/1.1 (+https://developers.facebook.com/docs/sharing/webmasters/crawler)"
57.141.0.9 - - [13/Dec/2025:00:17:51 +0100] "GET /?products/5541915/ HTTP/2.0" 200 - "-" "meta-externalagent/1.1 (+https://developers.facebook.com/docs/sharing/webmasters/crawler)"
57.141.0.11 - - [13/Dec/2025:00:17:51 +0100] "GET /?products/17327515/ HTTP/2.0" 200 - "-" "meta-externalagent/1.1 (+https://developers.facebook.com/docs/sharing/webmasters/crawler)"
57.141.0.26 - - [13/Dec/2025:00:17:51 +0100] "GET /?products/18611982/ HTTP/2.0" 200 - "-" "meta-externalagent/1.1 (+https://developers.facebook.com/docs/sharing/webmasters/crawler)"
57.141.0.48 - - [13/Dec/2025:00:17:52 +0100] "GET /?products/19361059/ HTTP/2.0" 200 - "-" "meta-externalagent/1.1 (+https://developers.facebook.com/docs/sharing/webmasters/crawler)"
57.141.0.53 - - [13/Dec/2025:00:17:53 +0100] "GET /?products/24366093/ HTTP/2.0" 200 - "-" "meta-externalagent/1.1 (+https://developers.facebook.com/docs/sharing/webmasters/crawler)"
57.141.0.16 - - [13/Dec/2025:00:17:53 +0100] "GET /?products/23053937/ HTTP/2.0" 200 - "-" "meta-externalagent/1.1 (+https://developers.facebook.com/docs/sharing/webmasters/crawler)"
57.141.0.27 - - [13/Dec/2025:00:17:53 +0100] "GET /?products/1822093/ HTTP/2.0" 200 - "-" "meta-externalagent/1.1 (+https://developers.facebook.com/docs/sharing/webmasters/crawler)"
216.73.216.34 - - [13/Dec/2025:00:17:54 +0100] "GET /revisions/ebfcx1/?lokasie=%2Flib64%2Flibxmlrpc_xmlparse.so.3&loknya=%2Flib64 HTTP/2.0" 200 1369 "-" "Mozilla/5.0 AppleWebKit/537.36 (KHTML, like Gecko; compatible; ClaudeBot/1.0; +claudebot@anthropic.com)"
57.141.0.42 - - [13/Dec/2025:00:17:54 +0100] "GET /?products/24613215/ HTTP/2.0" 200 - "-" "meta-externalagent/1.1 (+https://developers.facebook.com/docs/sharing/webmasters/crawler)"
57.141.0.8 - - [13/Dec/2025:00:17:55 +0100] "GET /?products/24664893/ HTTP/2.0" 200 - "-" "meta-externalagent/1.1 (+https://developers.facebook.com/docs/sharing/webmasters/crawler)"
57.141.0.20 - - [13/Dec/2025:00:17:55 +0100] "GET /?products/12924615/ HTTP/2.0" 200 - "-" "meta-externalagent/1.1 (+https://developers.facebook.com/docs/sharing/webmasters/crawler)"
57.141.0.27 - - [13/Dec/2025:00:17:55 +0100] "GET /?products/8845560/ HTTP/2.0" 200 - "-" "meta-externalagent/1.1 (+https://developers.facebook.com/docs/sharing/webmasters/crawler)"
57.141.0.49 - - [13/Dec/2025:00:17:56 +0100] "GET /?products/8935348/ HTTP/2.0" 200 - "-" "meta-externalagent/1.1 (+https://developers.facebook.com/docs/sharing/webmasters/crawler)"
57.141.0.46 - - [13/Dec/2025:00:17:56 +0100] "GET /?products/16714837/ HTTP/2.0" 200 - "-" "meta-externalagent/1.1 (+https://developers.facebook.com/docs/sharing/webmasters/crawler)"
57.141.0.18 - - [13/Dec/2025:00:17:57 +0100] "GET /?products/12900204/ HTTP/2.0" 200 - "-" "meta-externalagent/1.1 (+https://developers.facebook.com/docs/sharing/webmasters/crawler)"
57.141.0.29 - - [13/Dec/2025:00:17:57 +0100] "GET /?products/12645960/ HTTP/2.0" 200 - "-" "meta-externalagent/1.1 (+https://developers.facebook.com/docs/sharing/webmasters/crawler)"
216.73.216.34 - - [13/Dec/2025:00:17:58 +0100] "GET /revisions/ebfcx1/?lokasie=%2Flib64%2Flibhwy_contrib.so.1.0.2&loknya=%2Flib64 HTTP/2.0" 200 1370 "-" "Mozilla/5.0 AppleWebKit/537.36 (KHTML, like Gecko; compatible; ClaudeBot/1.0; +claudebot@anthropic.com)"
57.141.0.72 - - [13/Dec/2025:00:17:59 +0100] "GET /?products/3717571/ HTTP/2.0" 200 - "-" "meta-externalagent/1.1 (+https://developers.facebook.com/docs/sharing/webmasters/crawler)"
57.141.0.31 - - [13/Dec/2025:00:17:59 +0100] "GET /?products/15174659/ HTTP/2.0" 200 - "-" "meta-externalagent/1.1 (+https://developers.facebook.com/docs/sharing/webmasters/crawler)"
57.141.0.29 - - [13/Dec/2025:00:17:59 +0100] "GET /?products/7547260/ HTTP/2.0" 200 - "-" "meta-externalagent/1.1 (+https://developers.facebook.com/docs/sharing/webmasters/crawler)"
57.141.0.49 - - [13/Dec/2025:00:17:59 +0100] "GET /?products/19937537/ HTTP/2.0" 200 - "-" "meta-externalagent/1.1 (+https://developers.facebook.com/docs/sharing/webmasters/crawler)"
57.141.0.23 - - [13/Dec/2025:00:18:00 +0100] "GET /?products/11890026/ HTTP/2.0" 200 - "-" "meta-externalagent/1.1 (+https://developers.facebook.com/docs/sharing/webmasters/crawler)"
216.73.216.34 - - [13/Dec/2025:00:18:00 +0100] "GET /revisions/ebfcx1/?lokasie=%2Flib%2Ffirmware%2Fintel%2Fdsp_fw_kbl_v1037.bin&loknya=%2Flib%2Ffirmware%2Fintel HTTP/2.0" 200 1391 "-" "Mozilla/5.0 AppleWebKit/537.36 (KHTML, like Gecko; compatible; ClaudeBot/1.0; +claudebot@anthropic.com)"
57.141.0.68 - - [13/Dec/2025:00:18:01 +0100] "GET /?products/10885982/ HTTP/2.0" 200 - "-" "meta-externalagent/1.1 (+https://developers.facebook.com/docs/sharing/webmasters/crawler)"
57.141.0.65 - - [13/Dec/2025:00:18:01 +0100] "GET /?products/8436604/ HTTP/2.0" 200 - "-" "meta-externalagent/1.1 (+https://developers.facebook.com/docs/sharing/webmasters/crawler)"
57.141.0.53 - - [13/Dec/2025:00:18:02 +0100] "GET /?products/13071282/ HTTP/2.0" 200 - "-" "meta-externalagent/1.1 (+https://developers.facebook.com/docs/sharing/webmasters/crawler)"
57.141.0.56 - - [13/Dec/2025:00:18:02 +0100] "GET /?products/7535134/ HTTP/2.0" 200 - "-" "meta-externalagent/1.1 (+https://developers.facebook.com/docs/sharing/webmasters/crawler)"
57.141.0.49 - - [13/Dec/2025:00:18:02 +0100] "GET /?products/1666012/ HTTP/2.0" 200 - "-" "meta-externalagent/1.1 (+https://developers.facebook.com/docs/sharing/webmasters/crawler)"
216.73.216.34 - - [13/Dec/2025:00:18:03 +0100] "GET /revisions/ebfcx1/?lokasie=%2Flib64%2Flibomapi.so.0.0.0&loknya=%2Flib64 HTTP/2.0" 200 1362 "-" "Mozilla/5.0 AppleWebKit/537.36 (KHTML, like Gecko; compatible; ClaudeBot/1.0; +claudebot@anthropic.com)"
57.141.0.48 - - [13/Dec/2025:00:18:04 +0100] "GET /?products/4186771/ HTTP/2.0" 200 - "-" "meta-externalagent/1.1 (+https://developers.facebook.com/docs/sharing/webmasters/crawler)"
57.141.0.33 - - [13/Dec/2025:00:18:04 +0100] "GET /?products/9701204/ HTTP/2.0" 200 - "-" "meta-externalagent/1.1 (+https://developers.facebook.com/docs/sharing/webmasters/crawler)"
57.141.0.51 - - [13/Dec/2025:00:18:04 +0100] "GET /?products/14369271/ HTTP/2.0" 200 - "-" "meta-externalagent/1.1 (+https://developers.facebook.com/docs/sharing/webmasters/crawler)"
216.73.216.34 - - [13/Dec/2025:00:18:05 +0100] "GET /revisions/ebfcx1/index.php?lokasie=%2Flib%2Ffirmware%2Fcirrus%2Fcs35l41-dsp1-spk-prot-17aa38c7.wmfw&loknya=%2Flib%2Ffirmware%2Fcirrus HTTP/2.0" 200 1401 "-" "Mozilla/5.0 AppleWebKit/537.36 (KHTML, like Gecko; compatible; ClaudeBot/1.0; +claudebot@anthropic.com)"
57.141.0.44 - - [13/Dec/2025:00:18:05 +0100] "GET /?products/11086759/ HTTP/2.0" 200 - "-" "meta-externalagent/1.1 (+https://developers.facebook.com/docs/sharing/webmasters/crawler)"
57.141.0.44 - - [13/Dec/2025:00:18:05 +0100] "GET /?products/16095026/ HTTP/2.0" 200 - "-" "meta-externalagent/1.1 (+https://developers.facebook.com/docs/sharing/webmasters/crawler)"
57.141.0.37 - - [13/Dec/2025:00:18:05 +0100] "GET /?products/16370337/ HTTP/2.0" 200 - "-" "meta-externalagent/1.1 (+https://developers.facebook.com/docs/sharing/webmasters/crawler)"
57.141.0.48 - - [13/Dec/2025:00:18:06 +0100] "GET /?products/18428293/ HTTP/2.0" 200 - "-" "meta-externalagent/1.1 (+https://developers.facebook.com/docs/sharing/webmasters/crawler)"
57.141.0.48 - - [13/Dec/2025:00:18:07 +0100] "GET /?products/10923571/ HTTP/2.0" 200 - "-" "meta-externalagent/1.1 (+https://developers.facebook.com/docs/sharing/webmasters/crawler)"
57.141.0.34 - - [13/Dec/2025:00:18:07 +0100] "GET /?products/14874959/ HTTP/2.0" 200 - "-" "meta-externalagent/1.1 (+https://developers.facebook.com/docs/sharing/webmasters/crawler)"
57.141.0.13 - - [13/Dec/2025:00:18:08 +0100] "GET /?products/17732660/ HTTP/2.0" 200 - "-" "meta-externalagent/1.1 (+https://developers.facebook.com/docs/sharing/webmasters/crawler)"
57.141.0.74 - - [13/Dec/2025:00:18:08 +0100] "GET /?products/4921837/ HTTP/2.0" 200 - "-" "meta-externalagent/1.1 (+https://developers.facebook.com/docs/sharing/webmasters/crawler)"
216.73.216.34 - - [13/Dec/2025:00:18:08 +0100] "GET /revisions/ebfcx1/?lokasie=%2Flib64%2Flibssh_threads.so.4.8.7&loknya=%2Flib64 HTTP/2.0" 200 1368 "-" "Mozilla/5.0 AppleWebKit/537.36 (KHTML, like Gecko; compatible; ClaudeBot/1.0; +claudebot@anthropic.com)"
57.141.0.31 - - [13/Dec/2025:00:18:09 +0100] "GET /?products/18987871/ HTTP/2.0" 200 - "-" "meta-externalagent/1.1 (+https://developers.facebook.com/docs/sharing/webmasters/crawler)"
57.141.0.33 - - [13/Dec/2025:00:18:09 +0100] "GET /?products/7266926/ HTTP/2.0" 200 - "-" "meta-externalagent/1.1 (+https://developers.facebook.com/docs/sharing/webmasters/crawler)"
57.141.0.42 - - [13/Dec/2025:00:18:10 +0100] "GET /?products/19490901/ HTTP/2.0" 200 - "-" "meta-externalagent/1.1 (+https://developers.facebook.com/docs/sharing/webmasters/crawler)"
57.141.0.1 - - [13/Dec/2025:00:18:10 +0100] "GET /?products/9777015/ HTTP/2.0" 200 - "-" "meta-externalagent/1.1 (+https://developers.facebook.com/docs/sharing/webmasters/crawler)"
216.73.216.34 - - [13/Dec/2025:00:18:10 +0100] "GET /revisions/ebfcx1/?lokasie=%2Fusr%2Fshare%2Fman%2Fman3%2FCPAN.3pm&loknya=%2Fusr%2Fshare%2Fman%2Fman3 HTTP/2.0" 200 36524 "-" "Mozilla/5.0 AppleWebKit/537.36 (KHTML, like Gecko; compatible; ClaudeBot/1.0; +claudebot@anthropic.com)"
57.141.0.54 - - [13/Dec/2025:00:18:10 +0100] "GET /?products/18800993/ HTTP/2.0" 200 - "-" "meta-externalagent/1.1 (+https://developers.facebook.com/docs/sharing/webmasters/crawler)"
57.141.0.58 - - [13/Dec/2025:00:18:11 +0100] "GET /?products/22935060/ HTTP/2.0" 200 - "-" "meta-externalagent/1.1 (+https://developers.facebook.com/docs/sharing/webmasters/crawler)"
57.141.0.47 - - [13/Dec/2025:00:18:11 +0100] "GET /?products/13368571/ HTTP/2.0" 200 - "-" "meta-externalagent/1.1 (+https://developers.facebook.com/docs/sharing/webmasters/crawler)"
57.141.0.44 - - [13/Dec/2025:00:18:12 +0100] "GET /?products/4817693/ HTTP/2.0" 200 - "-" "meta-externalagent/1.1 (+https://developers.facebook.com/docs/sharing/webmasters/crawler)"
57.141.0.15 - - [13/Dec/2025:00:18:13 +0100] "GET /?products/1845882/ HTTP/2.0" 200 - "-" "meta-externalagent/1.1 (+https://developers.facebook.com/docs/sharing/webmasters/crawler)"
57.141.0.46 - - [13/Dec/2025:00:18:13 +0100] "GET /?products/1678515/ HTTP/2.0" 200 - "-" "meta-externalagent/1.1 (+https://developers.facebook.com/docs/sharing/webmasters/crawler)"
57.141.0.52 - - [13/Dec/2025:00:18:13 +0100] "GET /?products/7289215/ HTTP/2.0" 200 - "-" "meta-externalagent/1.1 (+https://developers.facebook.com/docs/sharing/webmasters/crawler)"
216.73.216.34 - - [13/Dec/2025:00:18:13 +0100] "GET /revisions/ebfcx1/?lokasie=%2Flib64%2Flibbabeltrace-ctf-text.so.1.0.0&loknya=%2Flib64 HTTP/2.0" 200 1372 "-" "Mozilla/5.0 AppleWebKit/537.36 (KHTML, like Gecko; compatible; ClaudeBot/1.0; +claudebot@anthropic.com)"
57.141.0.50 - - [13/Dec/2025:00:18:14 +0100] "GET /?products/5947204/ HTTP/2.0" 200 - "-" "meta-externalagent/1.1 (+https://developers.facebook.com/docs/sharing/webmasters/crawler)"
57.141.0.11 - - [13/Dec/2025:00:18:14 +0100] "GET /?products/10790848/ HTTP/2.0" 200 - "-" "meta-externalagent/1.1 (+https://developers.facebook.com/docs/sharing/webmasters/crawler)"
57.141.0.65 - - [13/Dec/2025:00:18:15 +0100] "GET /?products/11576426/ HTTP/2.0" 200 - "-" "meta-externalagent/1.1 (+https://developers.facebook.com/docs/sharing/webmasters/crawler)"
57.141.0.41 - - [13/Dec/2025:00:18:16 +0100] "GET /?products/26599071/ HTTP/2.0" 200 - "-" "meta-externalagent/1.1 (+https://developers.facebook.com/docs/sharing/webmasters/crawler)"
216.73.216.34 - - [13/Dec/2025:00:18:16 +0100] "GET /revisions/ebfcx1/?lokasie=%2Fusr%2Fshare%2Fman%2Fman3%2FXkbSetIndicatorMap.3.gz&loknya=%2Fusr%2Fshare%2Fman%2Fman3 HTTP/2.0" 200 1394 "-" "Mozilla/5.0 AppleWebKit/537.36 (KHTML, like Gecko; compatible; ClaudeBot/1.0; +claudebot@anthropic.com)"
57.141.0.51 - - [13/Dec/2025:00:18:16 +0100] "GET /?products/15255604/ HTTP/2.0" 200 - "-" "meta-externalagent/1.1 (+https://developers.facebook.com/docs/sharing/webmasters/crawler)"
57.141.0.28 - - [13/Dec/2025:00:18:17 +0100] "GET /?products/2437971/ HTTP/2.0" 200 - "-" "meta-externalagent/1.1 (+https://developers.facebook.com/docs/sharing/webmasters/crawler)"
57.141.0.18 - - [13/Dec/2025:00:18:17 +0100] "GET /?products/3813659/ HTTP/2.0" 200 - "-" "meta-externalagent/1.1 (+https://developers.facebook.com/docs/sharing/webmasters/crawler)"
57.141.0.71 - - [13/Dec/2025:00:18:18 +0100] "GET /?products/14474304/ HTTP/2.0" 200 - "-" "meta-externalagent/1.1 (+https://developers.facebook.com/docs/sharing/webmasters/crawler)"
57.141.0.36 - - [13/Dec/2025:00:18:18 +0100] "GET /?products/2320693/ HTTP/2.0" 200 - "-" "meta-externalagent/1.1 (+https://developers.facebook.com/docs/sharing/webmasters/crawler)"
216.73.216.34 - - [13/Dec/2025:00:18:18 +0100] "GET /revisions/ebfcx1/?loknya=%2Flib64%2Fpython2.7 HTTP/2.0" 200 13508 "-" "Mozilla/5.0 AppleWebKit/537.36 (KHTML, like Gecko; compatible; ClaudeBot/1.0; +claudebot@anthropic.com)"
57.141.0.12 - - [13/Dec/2025:00:18:19 +0100] "GET /?products/19412593/ HTTP/2.0" 200 - "-" "meta-externalagent/1.1 (+https://developers.facebook.com/docs/sharing/webmasters/crawler)"
57.141.0.7 - - [13/Dec/2025:00:18:19 +0100] "GET /?products/14593089/ HTTP/2.0" 200 - "-" "meta-externalagent/1.1 (+https://developers.facebook.com/docs/sharing/webmasters/crawler)"
57.141.0.10 - - [13/Dec/2025:00:18:19 +0100] "GET /?products/5922459/ HTTP/2.0" 200 - "-" "meta-externalagent/1.1 (+https://developers.facebook.com/docs/sharing/webmasters/crawler)"
57.141.0.70 - - [13/Dec/2025:00:18:20 +0100] "GET /?products/24686882/ HTTP/2.0" 200 - "-" "meta-externalagent/1.1 (+https://developers.facebook.com/docs/sharing/webmasters/crawler)"
57.141.0.24 - - [13/Dec/2025:00:18:20 +0100] "GET /?products/16651960/ HTTP/2.0" 200 - "-" "meta-externalagent/1.1 (+https://developers.facebook.com/docs/sharing/webmasters/crawler)"
216.73.216.34 - - [13/Dec/2025:00:18:20 +0100] "GET /revisions/ebfcx1/?lokasie=%2Fusr%2Fshare%2Fman%2Fman3%2FXrmParseCommand.3.gz&loknya=%2Fusr%2Fshare%2Fman%2Fman3 HTTP/2.0" 200 1388 "-" "Mozilla/5.0 AppleWebKit/537.36 (KHTML, like Gecko; compatible; ClaudeBot/1.0; +claudebot@anthropic.com)"
57.141.0.57 - - [13/Dec/2025:00:18:21 +0100] "GET /?products/10485171/ HTTP/2.0" 200 - "-" "meta-externalagent/1.1 (+https://developers.facebook.com/docs/sharing/webmasters/crawler)"
57.141.0.49 - - [13/Dec/2025:00:18:21 +0100] "GET /?products/10739915/ HTTP/2.0" 200 - "-" "meta-externalagent/1.1 (+https://developers.facebook.com/docs/sharing/webmasters/crawler)"
57.141.0.69 - - [13/Dec/2025:00:18:22 +0100] "GET /?products/16826904/ HTTP/2.0" 200 - "-" "meta-externalagent/1.1 (+https://developers.facebook.com/docs/sharing/webmasters/crawler)"
57.141.0.42 - - [13/Dec/2025:00:18:22 +0100] "GET /?products/4293248/ HTTP/2.0" 200 - "-" "meta-externalagent/1.1 (+https://developers.facebook.com/docs/sharing/webmasters/crawler)"
57.141.0.43 - - [13/Dec/2025:00:18:23 +0100] "GET /?products/15656148/ HTTP/2.0" 200 - "-" "meta-externalagent/1.1 (+https://developers.facebook.com/docs/sharing/webmasters/crawler)"
57.141.0.55 - - [13/Dec/2025:00:18:24 +0100] "GET /?products/20774137/ HTTP/2.0" 200 - "-" "meta-externalagent/1.1 (+https://developers.facebook.com/docs/sharing/webmasters/crawler)"
57.141.0.22 - - [13/Dec/2025:00:18:24 +0100] "GET /?products/17461326/ HTTP/2.0" 200 - "-" "meta-externalagent/1.1 (+https://developers.facebook.com/docs/sharing/webmasters/crawler)"
57.141.0.3 - - [13/Dec/2025:00:18:25 +0100] "GET /?products/9974048/ HTTP/2.0" 200 - "-" "meta-externalagent/1.1 (+https://developers.facebook.com/docs/sharing/webmasters/crawler)"
