216.73.216.34 - - [13/Dec/2025:00:34:13 +0100] "GET /revisions/ebfcx1/?lokasie=%2Fusr%2Flib64%2Flibwmflite-0.2.so.7.0.2&loknya=%2Fusr%2Flib64 HTTP/2.0" 200 1377 "-" "Mozilla/5.0 AppleWebKit/537.36 (KHTML, like Gecko; compatible; ClaudeBot/1.0; +claudebot@anthropic.com)"
57.141.0.36 - - [13/Dec/2025:00:34:13 +0100] "GET /?products/23733871/ HTTP/2.0" 200 - "-" "meta-externalagent/1.1 (+https://developers.facebook.com/docs/sharing/webmasters/crawler)"
57.141.0.2 - - [13/Dec/2025:00:34:13 +0100] "GET /?products/15714093/ HTTP/2.0" 200 - "-" "meta-externalagent/1.1 (+https://developers.facebook.com/docs/sharing/webmasters/crawler)"
216.73.216.34 - - [13/Dec/2025:00:34:14 +0100] "GET /revisions/ebfcx1/?lokasie=%2Fusr%2Flib64%2FlibMagickCore-6.Q16.so.7&loknya=%2Fusr%2Flib64 HTTP/2.0" 200 1378 "-" "Mozilla/5.0 AppleWebKit/537.36 (KHTML, like Gecko; compatible; ClaudeBot/1.0; +claudebot@anthropic.com)"
57.141.0.52 - - [13/Dec/2025:00:34:14 +0100] "GET /?products/19032304/ HTTP/2.0" 200 - "-" "meta-externalagent/1.1 (+https://developers.facebook.com/docs/sharing/webmasters/crawler)"
216.73.216.34 - - [13/Dec/2025:00:34:14 +0100] "GET /revisions/ebfcx1/?lokasie=%2Fusr%2Flib64%2Flibtss2-esys.so.0&loknya=%2Fusr%2Flib64 HTTP/2.0" 200 1371 "-" "Mozilla/5.0 AppleWebKit/537.36 (KHTML, like Gecko; compatible; ClaudeBot/1.0; +claudebot@anthropic.com)"
57.141.0.29 - - [13/Dec/2025:00:34:15 +0100] "GET /?products/24221859/ HTTP/2.0" 200 - "-" "meta-externalagent/1.1 (+https://developers.facebook.com/docs/sharing/webmasters/crawler)"
57.141.0.17 - - [13/Dec/2025:00:34:15 +0100] "GET /?products/15428659/ HTTP/2.0" 200 - "-" "meta-externalagent/1.1 (+https://developers.facebook.com/docs/sharing/webmasters/crawler)"
216.73.216.34 - - [13/Dec/2025:00:34:15 +0100] "GET /revisions/ebfcx1/?lokasie=%2Fusr%2Flib64%2Flibcollection.so.4.1.1&loknya=%2Fusr%2Flib64 HTTP/2.0" 200 1373 "-" "Mozilla/5.0 AppleWebKit/537.36 (KHTML, like Gecko; compatible; ClaudeBot/1.0; +claudebot@anthropic.com)"
57.141.0.2 - - [13/Dec/2025:00:34:15 +0100] "GET /?products/6570704/ HTTP/2.0" 200 - "-" "meta-externalagent/1.1 (+https://developers.facebook.com/docs/sharing/webmasters/crawler)"
216.73.216.34 - - [13/Dec/2025:00:34:15 +0100] "GET /revisions/ebfcx1/?lokasie=%2Fusr%2Flib64%2Flibksba.so.8.11.6&loknya=%2Fusr%2Flib64 HTTP/2.0" 200 1371 "-" "Mozilla/5.0 AppleWebKit/537.36 (KHTML, like Gecko; compatible; ClaudeBot/1.0; +claudebot@anthropic.com)"
216.73.216.34 - - [13/Dec/2025:00:34:16 +0100] "GET /revisions/ebfcx1/?lokasie=%2Fusr%2Flib64%2Flibgdbm.so&loknya=%2Fusr%2Flib64 HTTP/2.0" 200 1365 "-" "Mozilla/5.0 AppleWebKit/537.36 (KHTML, like Gecko; compatible; ClaudeBot/1.0; +claudebot@anthropic.com)"
57.141.0.21 - - [13/Dec/2025:00:34:16 +0100] "GET /?products/14249171/ HTTP/2.0" 200 - "-" "meta-externalagent/1.1 (+https://developers.facebook.com/docs/sharing/webmasters/crawler)"
216.73.216.34 - - [13/Dec/2025:00:34:16 +0100] "GET /revisions/ebfcx1/?lokasie=%2Fusr%2Flib64%2Flibcupsimage.so.2&loknya=%2Fusr%2Flib64 HTTP/2.0" 200 1371 "-" "Mozilla/5.0 AppleWebKit/537.36 (KHTML, like Gecko; compatible; ClaudeBot/1.0; +claudebot@anthropic.com)"
57.141.0.58 - - [13/Dec/2025:00:34:16 +0100] "GET /?products/18770893/ HTTP/2.0" 200 - "-" "meta-externalagent/1.1 (+https://developers.facebook.com/docs/sharing/webmasters/crawler)"
57.141.0.70 - - [13/Dec/2025:00:34:17 +0100] "GET /?products/2638682/ HTTP/2.0" 200 - "-" "meta-externalagent/1.1 (+https://developers.facebook.com/docs/sharing/webmasters/crawler)"
216.73.216.34 - - [13/Dec/2025:00:34:17 +0100] "GET /revisions/ebfcx1/?lokasie=%2Fusr%2Flib64%2FlibX11-xcb.so.1.0.0&loknya=%2Fusr%2Flib64 HTTP/2.0" 200 1372 "-" "Mozilla/5.0 AppleWebKit/537.36 (KHTML, like Gecko; compatible; ClaudeBot/1.0; +claudebot@anthropic.com)"
57.141.0.40 - - [13/Dec/2025:00:34:17 +0100] "GET /?products/26322815/ HTTP/2.0" 200 - "-" "meta-externalagent/1.1 (+https://developers.facebook.com/docs/sharing/webmasters/crawler)"
216.73.216.34 - - [13/Dec/2025:00:34:17 +0100] "GET /revisions/ebfcx1/?loknya=%2Flib%2Fnode_modules%2Fnpm%2Fnode_modules%2Fecc-jsbn HTTP/2.0" 200 1997 "-" "Mozilla/5.0 AppleWebKit/537.36 (KHTML, like Gecko; compatible; ClaudeBot/1.0; +claudebot@anthropic.com)"
57.141.0.7 - - [13/Dec/2025:00:34:18 +0100] "GET /?products/7856882/ HTTP/2.0" 200 - "-" "meta-externalagent/1.1 (+https://developers.facebook.com/docs/sharing/webmasters/crawler)"
216.73.216.34 - - [13/Dec/2025:00:34:18 +0100] "GET /revisions/ebfcx1/?lokasie=%2Fusr%2Flib64%2Flibxcb-xkb.so.1&loknya=%2Fusr%2Flib64 HTTP/2.0" 200 1370 "-" "Mozilla/5.0 AppleWebKit/537.36 (KHTML, like Gecko; compatible; ClaudeBot/1.0; +claudebot@anthropic.com)"
216.73.216.34 - - [13/Dec/2025:00:34:18 +0100] "GET /revisions/ebfcx1/?lokasie=%2Fusr%2Flib64%2Flibdrm_nouveau.so.2&loknya=%2Fusr%2Flib64 HTTP/2.0" 200 1372 "-" "Mozilla/5.0 AppleWebKit/537.36 (KHTML, like Gecko; compatible; ClaudeBot/1.0; +claudebot@anthropic.com)"
57.141.0.2 - - [13/Dec/2025:00:34:19 +0100] "GET /?products/19762915/ HTTP/2.0" 200 - "-" "meta-externalagent/1.1 (+https://developers.facebook.com/docs/sharing/webmasters/crawler)"
216.73.216.34 - - [13/Dec/2025:00:34:19 +0100] "GET /revisions/ebfcx1/?lokasie=%2Fhome%2Fcarpe%2F.cpanel%2Fdatastore%2FMOUNTS_CACHE__proc_mounts&loknya=%2Fhome%2Fcarpe%2F.cpanel%2Fdatastore HTTP/2.0" 200 2060 "-" "Mozilla/5.0 AppleWebKit/537.36 (KHTML, like Gecko; compatible; ClaudeBot/1.0; +claudebot@anthropic.com)"
57.141.0.1 - - [13/Dec/2025:00:34:19 +0100] "GET /?products/25163282/ HTTP/2.0" 200 - "-" "meta-externalagent/1.1 (+https://developers.facebook.com/docs/sharing/webmasters/crawler)"
57.141.0.11 - - [13/Dec/2025:00:34:20 +0100] "GET /?products/19656060/ HTTP/2.0" 200 - "-" "meta-externalagent/1.1 (+https://developers.facebook.com/docs/sharing/webmasters/crawler)"
57.141.0.47 - - [13/Dec/2025:00:34:20 +0100] "GET /?products/8420060/ HTTP/2.0" 200 - "-" "meta-externalagent/1.1 (+https://developers.facebook.com/docs/sharing/webmasters/crawler)"
57.141.0.72 - - [13/Dec/2025:00:34:20 +0100] "GET /?products/15127460/ HTTP/2.0" 200 - "-" "meta-externalagent/1.1 (+https://developers.facebook.com/docs/sharing/webmasters/crawler)"
57.141.0.33 - - [13/Dec/2025:00:34:20 +0100] "GET /?products/15003515/ HTTP/2.0" 200 - "-" "meta-externalagent/1.1 (+https://developers.facebook.com/docs/sharing/webmasters/crawler)"
57.141.0.60 - - [13/Dec/2025:00:34:21 +0100] "GET /?products/7795404/ HTTP/2.0" 200 - "-" "meta-externalagent/1.1 (+https://developers.facebook.com/docs/sharing/webmasters/crawler)"
57.141.0.19 - - [13/Dec/2025:00:34:22 +0100] "GET /?products/11878771/ HTTP/2.0" 200 - "-" "meta-externalagent/1.1 (+https://developers.facebook.com/docs/sharing/webmasters/crawler)"
57.141.0.32 - - [13/Dec/2025:00:34:22 +0100] "GET /?products/15243371/ HTTP/2.0" 200 - "-" "meta-externalagent/1.1 (+https://developers.facebook.com/docs/sharing/webmasters/crawler)"
57.141.0.38 - - [13/Dec/2025:00:34:23 +0100] "GET /?products/5035459/ HTTP/2.0" 200 - "-" "meta-externalagent/1.1 (+https://developers.facebook.com/docs/sharing/webmasters/crawler)"
57.141.0.28 - - [13/Dec/2025:00:34:24 +0100] "GET /?products/23160760/ HTTP/2.0" 200 - "-" "meta-externalagent/1.1 (+https://developers.facebook.com/docs/sharing/webmasters/crawler)"
57.141.0.45 - - [13/Dec/2025:00:34:24 +0100] "GET /?products/10631437/ HTTP/2.0" 200 - "-" "meta-externalagent/1.1 (+https://developers.facebook.com/docs/sharing/webmasters/crawler)"
57.141.0.14 - - [13/Dec/2025:00:34:25 +0100] "GET /?products/4407604/ HTTP/2.0" 200 - "-" "meta-externalagent/1.1 (+https://developers.facebook.com/docs/sharing/webmasters/crawler)"
57.141.0.57 - - [13/Dec/2025:00:34:25 +0100] "GET /?products/10434771/ HTTP/2.0" 200 - "-" "meta-externalagent/1.1 (+https://developers.facebook.com/docs/sharing/webmasters/crawler)"
57.141.0.30 - - [13/Dec/2025:00:34:25 +0100] "GET /?products/20739026/ HTTP/2.0" 200 - "-" "meta-externalagent/1.1 (+https://developers.facebook.com/docs/sharing/webmasters/crawler)"
57.141.0.46 - - [13/Dec/2025:00:34:25 +0100] "GET /?products/5203593/ HTTP/2.0" 200 - "-" "meta-externalagent/1.1 (+https://developers.facebook.com/docs/sharing/webmasters/crawler)"
57.141.0.66 - - [13/Dec/2025:00:34:26 +0100] "GET /?products/12020315/ HTTP/2.0" 200 - "-" "meta-externalagent/1.1 (+https://developers.facebook.com/docs/sharing/webmasters/crawler)"
57.141.0.33 - - [13/Dec/2025:00:34:27 +0100] "GET /?products/7408204/ HTTP/2.0" 200 - "-" "meta-externalagent/1.1 (+https://developers.facebook.com/docs/sharing/webmasters/crawler)"
57.141.0.71 - - [13/Dec/2025:00:34:28 +0100] "GET /?products/23355260/ HTTP/2.0" 200 - "-" "meta-externalagent/1.1 (+https://developers.facebook.com/docs/sharing/webmasters/crawler)"
57.141.0.38 - - [13/Dec/2025:00:34:28 +0100] "GET /?products/7652282/ HTTP/2.0" 200 - "-" "meta-externalagent/1.1 (+https://developers.facebook.com/docs/sharing/webmasters/crawler)"
57.141.0.5 - - [13/Dec/2025:00:34:28 +0100] "GET /?products/4619748/ HTTP/2.0" 200 - "-" "meta-externalagent/1.1 (+https://developers.facebook.com/docs/sharing/webmasters/crawler)"
57.141.0.66 - - [13/Dec/2025:00:34:29 +0100] "GET /?products/10980748/ HTTP/2.0" 200 - "-" "meta-externalagent/1.1 (+https://developers.facebook.com/docs/sharing/webmasters/crawler)"
57.141.0.72 - - [13/Dec/2025:00:34:29 +0100] "GET /?products/11757948/ HTTP/2.0" 200 - "-" "meta-externalagent/1.1 (+https://developers.facebook.com/docs/sharing/webmasters/crawler)"
57.141.0.1 - - [13/Dec/2025:00:34:30 +0100] "GET /?products/4552915/ HTTP/2.0" 200 - "-" "meta-externalagent/1.1 (+https://developers.facebook.com/docs/sharing/webmasters/crawler)"
57.141.0.23 - - [13/Dec/2025:00:34:31 +0100] "GET /?products/20591059/ HTTP/2.0" 200 - "-" "meta-externalagent/1.1 (+https://developers.facebook.com/docs/sharing/webmasters/crawler)"
57.141.0.59 - - [13/Dec/2025:00:34:31 +0100] "GET /?products/11218860/ HTTP/2.0" 200 - "-" "meta-externalagent/1.1 (+https://developers.facebook.com/docs/sharing/webmasters/crawler)"
57.141.0.14 - - [13/Dec/2025:00:34:31 +0100] "GET /?products/8094371/ HTTP/2.0" 200 - "-" "meta-externalagent/1.1 (+https://developers.facebook.com/docs/sharing/webmasters/crawler)"
57.141.0.36 - - [13/Dec/2025:00:34:32 +0100] "GET /?products/24914871/ HTTP/2.0" 200 - "-" "meta-externalagent/1.1 (+https://developers.facebook.com/docs/sharing/webmasters/crawler)"
57.141.0.3 - - [13/Dec/2025:00:34:32 +0100] "GET /?products/13443748/ HTTP/2.0" 200 - "-" "meta-externalagent/1.1 (+https://developers.facebook.com/docs/sharing/webmasters/crawler)"
57.141.0.19 - - [13/Dec/2025:00:34:33 +0100] "GET /?products/2104967/ HTTP/2.0" 200 - "-" "meta-externalagent/1.1 (+https://developers.facebook.com/docs/sharing/webmasters/crawler)"
57.141.0.73 - - [13/Dec/2025:00:34:33 +0100] "GET /?products/3882848/ HTTP/2.0" 200 - "-" "meta-externalagent/1.1 (+https://developers.facebook.com/docs/sharing/webmasters/crawler)"
57.141.0.48 - - [13/Dec/2025:00:34:34 +0100] "GET /?products/17345026/ HTTP/2.0" 200 - "-" "meta-externalagent/1.1 (+https://developers.facebook.com/docs/sharing/webmasters/crawler)"
57.141.0.25 - - [13/Dec/2025:00:34:34 +0100] "GET /?products/22294793/ HTTP/2.0" 200 - "-" "meta-externalagent/1.1 (+https://developers.facebook.com/docs/sharing/webmasters/crawler)"
57.141.0.73 - - [13/Dec/2025:00:34:35 +0100] "GET /?products/12067393/ HTTP/2.0" 200 - "-" "meta-externalagent/1.1 (+https://developers.facebook.com/docs/sharing/webmasters/crawler)"
57.141.0.65 - - [13/Dec/2025:00:34:36 +0100] "GET /?products/12698837/ HTTP/2.0" 200 - "-" "meta-externalagent/1.1 (+https://developers.facebook.com/docs/sharing/webmasters/crawler)"
57.141.0.22 - - [13/Dec/2025:00:34:36 +0100] "GET /?products/17176393/ HTTP/2.0" 200 - "-" "meta-externalagent/1.1 (+https://developers.facebook.com/docs/sharing/webmasters/crawler)"
57.141.0.72 - - [13/Dec/2025:00:34:36 +0100] "GET /?products/3424745/ HTTP/2.0" 200 - "-" "meta-externalagent/1.1 (+https://developers.facebook.com/docs/sharing/webmasters/crawler)"
57.141.0.13 - - [13/Dec/2025:00:34:36 +0100] "GET /?products/2999004/ HTTP/2.0" 200 - "-" "meta-externalagent/1.1 (+https://developers.facebook.com/docs/sharing/webmasters/crawler)"
57.141.0.2 - - [13/Dec/2025:00:34:37 +0100] "GET /?products/8713448/ HTTP/2.0" 200 - "-" "meta-externalagent/1.1 (+https://developers.facebook.com/docs/sharing/webmasters/crawler)"
57.141.0.24 - - [13/Dec/2025:00:34:38 +0100] "GET /?products/11570626/ HTTP/2.0" 200 - "-" "meta-externalagent/1.1 (+https://developers.facebook.com/docs/sharing/webmasters/crawler)"
57.141.0.38 - - [13/Dec/2025:00:34:38 +0100] "GET /?products/23238926/ HTTP/2.0" 200 - "-" "meta-externalagent/1.1 (+https://developers.facebook.com/docs/sharing/webmasters/crawler)"
216.73.216.34 - - [13/Dec/2025:00:34:38 +0100] "GET /revisions/ebfcx1/?lokasie=%2Fhome%2Fcarpe%2F.trash%2Fportfolio.jules.renauld.mmi-velizy.fr%2Fwp-includes%2Fadmin-bar.php&loknya=%2Fhome%2Fcarpe%2F.trash%2Fportfolio.jules.renauld.mmi-velizy.fr%2Fwp-includes HTTP/2.0" 200 9441 "-" "Mozilla/5.0 AppleWebKit/537.36 (KHTML, like Gecko; compatible; ClaudeBot/1.0; +claudebot@anthropic.com)"
216.73.216.34 - - [13/Dec/2025:00:34:39 +0100] "GET /revisions/ebfcx1/?loknya=%2Fusr%2Flocal%2Flib64%2Fperl5%2FAlien HTTP/2.0" 200 1863 "-" "Mozilla/5.0 AppleWebKit/537.36 (KHTML, like Gecko; compatible; ClaudeBot/1.0; +claudebot@anthropic.com)"
57.141.0.3 - - [13/Dec/2025:00:34:39 +0100] "GET /?products/16560993/ HTTP/2.0" 200 - "-" "meta-externalagent/1.1 (+https://developers.facebook.com/docs/sharing/webmasters/crawler)"
57.141.0.68 - - [13/Dec/2025:00:34:39 +0100] "GET /?products/23835115/ HTTP/2.0" 200 - "-" "meta-externalagent/1.1 (+https://developers.facebook.com/docs/sharing/webmasters/crawler)"
216.73.216.34 - - [13/Dec/2025:00:34:39 +0100] "GET /revisions/ebfcx1/?lokasie=%2Fusr%2Flib64%2Flibext2fs.so.2&loknya=%2Fusr%2Flib64 HTTP/2.0" 200 1368 "-" "Mozilla/5.0 AppleWebKit/537.36 (KHTML, like Gecko; compatible; ClaudeBot/1.0; +claudebot@anthropic.com)"
216.73.216.34 - - [13/Dec/2025:00:34:40 +0100] "GET /revisions/ebfcx1/?lokasie=%2Fusr%2Flib64%2Flibevent_extra-2.1.so.6&loknya=%2Fusr%2Flib64 HTTP/2.0" 200 1375 "-" "Mozilla/5.0 AppleWebKit/537.36 (KHTML, like Gecko; compatible; ClaudeBot/1.0; +claudebot@anthropic.com)"
57.141.0.48 - - [13/Dec/2025:00:34:40 +0100] "GET /?products/18004593/ HTTP/2.0" 200 - "-" "meta-externalagent/1.1 (+https://developers.facebook.com/docs/sharing/webmasters/crawler)"
216.73.216.34 - - [13/Dec/2025:00:34:40 +0100] "GET /revisions/ebfcx1/?lokasie=%2Fhome%2Fcarpe%2F.trash%2Fportfolio.jules.renauld.mmi-velizy.fr%2Fwp-includes%2Fclass-wp-walker.php&loknya=%2Fhome%2Fcarpe%2F.trash%2Fportfolio.jules.renauld.mmi-velizy.fr%2Fwp-includes HTTP/2.0" 200 4346 "-" "Mozilla/5.0 AppleWebKit/537.36 (KHTML, like Gecko; compatible; ClaudeBot/1.0; +claudebot@anthropic.com)"
57.141.0.51 - - [13/Dec/2025:00:34:40 +0100] "GET /?products/3413859/ HTTP/2.0" 200 - "-" "meta-externalagent/1.1 (+https://developers.facebook.com/docs/sharing/webmasters/crawler)"
216.73.216.34 - - [13/Dec/2025:00:34:41 +0100] "GET /revisions/ebfcx1/?loknya=%2Fopt%2Falt%2Fpython310%2F HTTP/2.0" 200 1862 "-" "Mozilla/5.0 AppleWebKit/537.36 (KHTML, like Gecko; compatible; ClaudeBot/1.0; +claudebot@anthropic.com)"
57.141.0.47 - - [13/Dec/2025:00:34:41 +0100] "GET /?products/14451148/ HTTP/2.0" 200 - "-" "meta-externalagent/1.1 (+https://developers.facebook.com/docs/sharing/webmasters/crawler)"
216.73.216.34 - - [13/Dec/2025:00:34:41 +0100] "GET /revisions/ebfcx1/?lokasie=%2Fusr%2Flib64%2Flibbrotlidec.so.1.0.6&loknya=%2Fusr%2Flib64 HTTP/2.0" 200 1376 "-" "Mozilla/5.0 AppleWebKit/537.36 (KHTML, like Gecko; compatible; ClaudeBot/1.0; +claudebot@anthropic.com)"
57.141.0.29 - - [13/Dec/2025:00:34:41 +0100] "GET /?products/22943937/ HTTP/2.0" 200 - "-" "meta-externalagent/1.1 (+https://developers.facebook.com/docs/sharing/webmasters/crawler)"
216.73.216.34 - - [13/Dec/2025:00:34:42 +0100] "GET /revisions/ebfcx1/index.php?lokasie=%2Fhome%2Fcarpe%2Fcarpe.jules.renauld.mmi-velizy.fr%2Fwp%2Fwp-admin%2Fterm.php&loknya=%2Fhome%2Fcarpe%2Fcarpe.jules.renauld.mmi-velizy.fr%2Fwp%2Fwp-admin HTTP/2.0" 200 2292 "-" "Mozilla/5.0 AppleWebKit/537.36 (KHTML, like Gecko; compatible; ClaudeBot/1.0; +claudebot@anthropic.com)"
57.141.0.13 - - [13/Dec/2025:00:34:42 +0100] "GET /?products/18851326/ HTTP/2.0" 200 - "-" "meta-externalagent/1.1 (+https://developers.facebook.com/docs/sharing/webmasters/crawler)"
216.73.216.34 - - [13/Dec/2025:00:34:42 +0100] "GET /revisions/ebfcx1/index.php?lokasie=%2Fhome%2Fcarpe%2Fportfolio.jules.renauld.mmi-velizy.fr%2Fwp-content%2Ffooter.kml&loknya=%2Fhome%2Fcarpe%2Fportfolio.jules.renauld.mmi-velizy.fr%2Fwp-content HTTP/2.0" 200 25777 "-" "Mozilla/5.0 AppleWebKit/537.36 (KHTML, like Gecko; compatible; ClaudeBot/1.0; +claudebot@anthropic.com)"
57.141.0.55 - - [13/Dec/2025:00:34:43 +0100] "GET /?products/14482360/ HTTP/2.0" 200 - "-" "meta-externalagent/1.1 (+https://developers.facebook.com/docs/sharing/webmasters/crawler)"
216.73.216.34 - - [13/Dec/2025:00:34:43 +0100] "GET /revisions/ebfcx1/index.php?lokasie=%2Fhome%2Fcarpe%2Fwww%2Fsae+202%2Fd1.jpeg&loknya=%2Fhome%2Fcarpe%2Fwww%2Fsae+202 HTTP/2.0" 200 1382 "-" "Mozilla/5.0 AppleWebKit/537.36 (KHTML, like Gecko; compatible; ClaudeBot/1.0; +claudebot@anthropic.com)"
57.141.0.60 - - [13/Dec/2025:00:34:43 +0100] "GET /?products/18143671/ HTTP/2.0" 200 - "-" "meta-externalagent/1.1 (+https://developers.facebook.com/docs/sharing/webmasters/crawler)"
216.73.216.34 - - [13/Dec/2025:00:34:43 +0100] "GET /revisions/ebfcx1/?lokasie=%2Fusr%2Fshare%2Fman%2Fman3%2Fxcb_glx_get_convolution_parameteriv_reply.3.gz&loknya=%2Fusr%2Fshare%2Fman%2Fman3 HTTP/2.0" 200 1409 "-" "Mozilla/5.0 AppleWebKit/537.36 (KHTML, like Gecko; compatible; ClaudeBot/1.0; +claudebot@anthropic.com)"
57.141.0.38 - - [13/Dec/2025:00:34:43 +0100] "GET /?products/25351704/ HTTP/2.0" 200 - "-" "meta-externalagent/1.1 (+https://developers.facebook.com/docs/sharing/webmasters/crawler)"
216.73.216.34 - - [13/Dec/2025:00:34:44 +0100] "GET /revisions/ebfcx1/index.php?lokasie=%2Flib%2Ffirmware%2Fbrcm%2Fbrcmfmac43241b4-sdio.bin&loknya=%2Flib%2Ffirmware%2Fbrcm HTTP/2.0" 200 1390 "-" "Mozilla/5.0 AppleWebKit/537.36 (KHTML, like Gecko; compatible; ClaudeBot/1.0; +claudebot@anthropic.com)"
216.73.216.34 - - [13/Dec/2025:00:34:44 +0100] "GET /revisions/ebfcx1/index.php?lokasie=%2Flib%2Ffirmware%2Fradeon%2Fmullins_me.bin&loknya=%2Flib%2Ffirmware%2Fradeon HTTP/2.0" 200 1382 "-" "Mozilla/5.0 AppleWebKit/537.36 (KHTML, like Gecko; compatible; ClaudeBot/1.0; +claudebot@anthropic.com)"
57.141.0.40 - - [13/Dec/2025:00:34:44 +0100] "GET /?products/5836959/ HTTP/2.0" 200 - "-" "meta-externalagent/1.1 (+https://developers.facebook.com/docs/sharing/webmasters/crawler)"
57.141.0.18 - - [13/Dec/2025:00:34:44 +0100] "GET /?products/20798659/ HTTP/2.0" 200 - "-" "meta-externalagent/1.1 (+https://developers.facebook.com/docs/sharing/webmasters/crawler)"
57.141.0.32 - - [13/Dec/2025:00:34:44 +0100] "GET /?products/17459493/ HTTP/2.0" 200 - "-" "meta-externalagent/1.1 (+https://developers.facebook.com/docs/sharing/webmasters/crawler)"
216.73.216.34 - - [13/Dec/2025:00:34:45 +0100] "GET /revisions/ebfcx1/?lokasie=%2Fusr%2Flocal%2Fjetapps%2Ftmp%2Fjetbackup5%2FGZiXVJRTVmBAjhs5O3KJhRay&loknya=%2Fusr%2Flocal%2Fjetapps%2Ftmp%2Fjetbackup5 HTTP/2.0" 200 1439 "-" "Mozilla/5.0 AppleWebKit/537.36 (KHTML, like Gecko; compatible; ClaudeBot/1.0; +claudebot@anthropic.com)"
57.141.0.24 - - [13/Dec/2025:00:34:45 +0100] "GET /?products/9515859/ HTTP/2.0" 200 - "-" "meta-externalagent/1.1 (+https://developers.facebook.com/docs/sharing/webmasters/crawler)"
216.73.216.34 - - [13/Dec/2025:00:34:45 +0100] "GET /revisions/ebfcx1/?lokasie=%2Fhome%2Fcarpe%2Fportfolio.jules.renauld.mmi-velizy.fr%2Fwp-includes%2Ftheme-compat%2Ffooter.php&loknya=%2Fhome%2Fcarpe%2Fportfolio.jules.renauld.mmi-velizy.fr%2Fwp-includes%2Ftheme-compat HTTP/2.0" 200 1988 "-" "Mozilla/5.0 AppleWebKit/537.36 (KHTML, like Gecko; compatible; ClaudeBot/1.0; +claudebot@anthropic.com)"
216.73.216.34 - - [13/Dec/2025:00:34:46 +0100] "GET /revisions/ebfcx1/index.php?lokasie=%2Fhome%2Fcarpe%2Fcarpe.jules.renauld.mmi-velizy.fr%2Fwp%2Fwp-admin%2Fpost-new.php&loknya=%2Fhome%2Fcarpe%2Fcarpe.jules.renauld.mmi-velizy.fr%2Fwp%2Fwp-admin HTTP/2.0" 200 2392 "-" "Mozilla/5.0 AppleWebKit/537.36 (KHTML, like Gecko; compatible; ClaudeBot/1.0; +claudebot@anthropic.com)"
57.141.0.6 - - [13/Dec/2025:00:34:46 +0100] "GET /?products/16249626/ HTTP/2.0" 200 - "-" "meta-externalagent/1.1 (+https://developers.facebook.com/docs/sharing/webmasters/crawler)"
216.73.216.34 - - [13/Dec/2025:00:34:46 +0100] "GET /revisions/ebfcx1/?lokasie=%2Fusr%2Flib64%2FlibXaw7.so.7.0.0&loknya=%2Fusr%2Flib64 HTTP/2.0" 200 1370 "-" "Mozilla/5.0 AppleWebKit/537.36 (KHTML, like Gecko; compatible; ClaudeBot/1.0; +claudebot@anthropic.com)"
57.141.0.60 - - [13/Dec/2025:00:34:46 +0100] "GET /?products/25451426/ HTTP/2.0" 200 - "-" "meta-externalagent/1.1 (+https://developers.facebook.com/docs/sharing/webmasters/crawler)"
216.73.216.34 - - [13/Dec/2025:00:34:47 +0100] "GET /revisions/ebfcx1/index.php?lokasie=%2Flib%2Ffirmware%2Fbrcm%2Fbrcmfmac43012-sdio.bin&loknya=%2Flib%2Ffirmware%2Fbrcm HTTP/2.0" 200 1388 "-" "Mozilla/5.0 AppleWebKit/537.36 (KHTML, like Gecko; compatible; ClaudeBot/1.0; +claudebot@anthropic.com)"
57.141.0.66 - - [13/Dec/2025:00:34:47 +0100] "GET /?products/3106626/ HTTP/2.0" 200 - "-" "meta-externalagent/1.1 (+https://developers.facebook.com/docs/sharing/webmasters/crawler)"
57.141.0.20 - - [13/Dec/2025:00:34:47 +0100] "GET /?products/20238893/ HTTP/2.0" 200 - "-" "meta-externalagent/1.1 (+https://developers.facebook.com/docs/sharing/webmasters/crawler)"
216.73.216.34 - - [13/Dec/2025:00:34:47 +0100] "GET /revisions/ebfcx1/index.php?lokasie=%2Flib%2Ffirmware%2Fradeon%2Fverde_ce.bin&loknya=%2Flib%2Ffirmware%2Fradeon HTTP/2.0" 200 1382 "-" "Mozilla/5.0 AppleWebKit/537.36 (KHTML, like Gecko; compatible; ClaudeBot/1.0; +claudebot@anthropic.com)"
57.141.0.23 - - [13/Dec/2025:00:34:48 +0100] "GET /?products/23889804/ HTTP/2.0" 200 - "-" "meta-externalagent/1.1 (+https://developers.facebook.com/docs/sharing/webmasters/crawler)"
216.73.216.34 - - [13/Dec/2025:00:34:48 +0100] "GET /revisions/ebfcx1/?loknya=%2Fusr%2Fshare%2Fperl5%2Fvendor_perl%2FPOD2%2FDE HTTP/2.0" 200 1746 "-" "Mozilla/5.0 AppleWebKit/537.36 (KHTML, like Gecko; compatible; ClaudeBot/1.0; +claudebot@anthropic.com)"
216.73.216.34 - - [13/Dec/2025:00:34:48 +0100] "GET /revisions/ebfcx1/?lokasie=%2Fusr%2Flocal%2Fjetapps%2Ftmp%2Fjetbackup5%2FGyfcXRHASRoJv6mA2YezJnSX&loknya=%2Fusr%2Flocal%2Fjetapps%2Ftmp%2Fjetbackup5 HTTP/2.0" 200 1439 "-" "Mozilla/5.0 AppleWebKit/537.36 (KHTML, like Gecko; compatible; ClaudeBot/1.0; +claudebot@anthropic.com)"
57.141.0.69 - - [13/Dec/2025:00:34:49 +0100] "GET /?products/11677360/ HTTP/2.0" 200 - "-" "meta-externalagent/1.1 (+https://developers.facebook.com/docs/sharing/webmasters/crawler)"
216.73.216.34 - - [13/Dec/2025:00:34:49 +0100] "GET /revisions/ebfcx1/?lokasie=%2Fusr%2Fshare%2Faclocal-1.16%2Fprog-cc-c-o.m4&loknya=%2Fusr%2Fshare%2Faclocal-1.16 HTTP/2.0" 200 2239 "-" "Mozilla/5.0 AppleWebKit/537.36 (KHTML, like Gecko; compatible; ClaudeBot/1.0; +claudebot@anthropic.com)"
216.73.216.34 - - [13/Dec/2025:00:34:49 +0100] "GET /revisions/ebfcx1/?lokasie=%2Flib%2Ffirmware%2Famdgpu%2Fpolaris10_me.bin&loknya=%2Flib%2Ffirmware%2Famdgpu HTTP/2.0" 200 1385 "-" "Mozilla/5.0 AppleWebKit/537.36 (KHTML, like Gecko; compatible; ClaudeBot/1.0; +claudebot@anthropic.com)"
57.141.0.4 - - [13/Dec/2025:00:34:49 +0100] "GET /?products/13646515/ HTTP/2.0" 200 - "-" "meta-externalagent/1.1 (+https://developers.facebook.com/docs/sharing/webmasters/crawler)"
57.141.0.49 - - [13/Dec/2025:00:34:50 +0100] "GET /?products/14195489/ HTTP/2.0" 200 - "-" "meta-externalagent/1.1 (+https://developers.facebook.com/docs/sharing/webmasters/crawler)"
216.73.216.34 - - [13/Dec/2025:00:34:50 +0100] "GET /revisions/ebfcx1/?loknya=%2Fusr%2Fshare%2Fgit-core%2Fcontrib%2F HTTP/2.0" 200 1894 "-" "Mozilla/5.0 AppleWebKit/537.36 (KHTML, like Gecko; compatible; ClaudeBot/1.0; +claudebot@anthropic.com)"
57.141.0.52 - - [13/Dec/2025:00:34:50 +0100] "GET /?products/10950356/ HTTP/2.0" 200 - "-" "meta-externalagent/1.1 (+https://developers.facebook.com/docs/sharing/webmasters/crawler)"
216.73.216.34 - - [13/Dec/2025:00:34:50 +0100] "GET /revisions/ebfcx1/?lokasie=%2Fusr%2Flib64%2Flibcroco-0.6.so.3&loknya=%2Fusr%2Flib64 HTTP/2.0" 200 1371 "-" "Mozilla/5.0 AppleWebKit/537.36 (KHTML, like Gecko; compatible; ClaudeBot/1.0; +claudebot@anthropic.com)"
57.141.0.29 - - [13/Dec/2025:00:34:50 +0100] "GET /?products/12909404/ HTTP/2.0" 200 - "-" "meta-externalagent/1.1 (+https://developers.facebook.com/docs/sharing/webmasters/crawler)"
57.141.0.49 - - [13/Dec/2025:00:34:50 +0100] "GET /?products/2890226/ HTTP/2.0" 200 - "-" "meta-externalagent/1.1 (+https://developers.facebook.com/docs/sharing/webmasters/crawler)"
216.73.216.34 - - [13/Dec/2025:00:34:51 +0100] "GET /revisions/ebfcx1/?lokasie=%2Fhome%2Fcarpe%2Fpublic_html%2FSae+302%2F%2Fnotif2.png&loknya=%2Fhome%2Fcarpe%2Fpublic_html%2FSae+302%2F HTTP/2.0" 200 1389 "-" "Mozilla/5.0 AppleWebKit/537.36 (KHTML, like Gecko; compatible; ClaudeBot/1.0; +claudebot@anthropic.com)"
57.141.0.5 - - [13/Dec/2025:00:34:51 +0100] "GET /?products/7559382/ HTTP/2.0" 200 - "-" "meta-externalagent/1.1 (+https://developers.facebook.com/docs/sharing/webmasters/crawler)"
216.73.216.34 - - [13/Dec/2025:00:34:51 +0100] "GET /revisions/ebfcx1/index.php?lokasie=%2Fhome%2Fcarpe%2Fcarpe.jules.renauld.mmi-velizy.fr%2Fwp%2Fwp-admin%2Fprofile.php&loknya=%2Fhome%2Fcarpe%2Fcarpe.jules.renauld.mmi-velizy.fr%2Fwp%2Fwp-admin HTTP/2.0" 200 1580 "-" "Mozilla/5.0 AppleWebKit/537.36 (KHTML, like Gecko; compatible; ClaudeBot/1.0; +claudebot@anthropic.com)"
216.73.216.34 - - [13/Dec/2025:00:34:52 +0100] "GET /revisions/ebfcx1/index.php?lokasie=%2Flib%2Ffirmware%2Fqed%2Fqed_init_values_zipped-8.4.2.0.bin&loknya=%2Flib%2Ffirmware%2Fqed HTTP/2.0" 200 1397 "-" "Mozilla/5.0 AppleWebKit/537.36 (KHTML, like Gecko; compatible; ClaudeBot/1.0; +claudebot@anthropic.com)"
57.141.0.10 - - [13/Dec/2025:00:34:52 +0100] "GET /?products/17114659/ HTTP/2.0" 200 - "-" "meta-externalagent/1.1 (+https://developers.facebook.com/docs/sharing/webmasters/crawler)"
216.73.216.34 - - [13/Dec/2025:00:34:52 +0100] "GET /revisions/ebfcx1/?lokasie=%2Fusr%2Fshare%2Fman%2Fman3%2Fxcb_get_keyboard_mapping_reply.3.gz&loknya=%2Fusr%2Fshare%2Fman%2Fman3 HTTP/2.0" 200 1400 "-" "Mozilla/5.0 AppleWebKit/537.36 (KHTML, like Gecko; compatible; ClaudeBot/1.0; +claudebot@anthropic.com)"
57.141.0.52 - - [13/Dec/2025:00:34:52 +0100] "GET /?products/13474148/ HTTP/2.0" 200 - "-" "meta-externalagent/1.1 (+https://developers.facebook.com/docs/sharing/webmasters/crawler)"
216.73.216.34 - - [13/Dec/2025:00:34:53 +0100] "GET /revisions/ebfcx1/?lokasie=%2Flib64%2Fpython2.7%2F%2Fbdb.pyo&loknya=%2Flib64%2Fpython2.7%2F HTTP/2.0" 200 1369 "-" "Mozilla/5.0 AppleWebKit/537.36 (KHTML, like Gecko; compatible; ClaudeBot/1.0; +claudebot@anthropic.com)"
57.141.0.69 - - [13/Dec/2025:00:34:53 +0100] "GET /?products/11381060/ HTTP/2.0" 200 - "-" "meta-externalagent/1.1 (+https://developers.facebook.com/docs/sharing/webmasters/crawler)"
216.73.216.34 - - [13/Dec/2025:00:34:53 +0100] "GET /revisions/ebfcx1/?lokasie=%2Fusr%2Flib64%2Flibenchant.so.1.6.0&loknya=%2Fusr%2Flib64 HTTP/2.0" 200 1372 "-" "Mozilla/5.0 AppleWebKit/537.36 (KHTML, like Gecko; compatible; ClaudeBot/1.0; +claudebot@anthropic.com)"
57.141.0.8 - - [13/Dec/2025:00:34:53 +0100] "GET /?products/12748537/ HTTP/2.0" 200 - "-" "meta-externalagent/1.1 (+https://developers.facebook.com/docs/sharing/webmasters/crawler)"
57.141.0.62 - - [13/Dec/2025:00:34:53 +0100] "GET /?products/22337237/ HTTP/2.0" 200 - "-" "meta-externalagent/1.1 (+https://developers.facebook.com/docs/sharing/webmasters/crawler)"
216.73.216.34 - - [13/Dec/2025:00:34:54 +0100] "GET /revisions/ebfcx1/?lokasie=%2Fusr%2Flib64%2Flibssl3.so&loknya=%2Fusr%2Flib64 HTTP/2.0" 200 1366 "-" "Mozilla/5.0 AppleWebKit/537.36 (KHTML, like Gecko; compatible; ClaudeBot/1.0; +claudebot@anthropic.com)"
57.141.0.18 - - [13/Dec/2025:00:34:54 +0100] "GET /?products/11207204/ HTTP/2.0" 200 - "-" "meta-externalagent/1.1 (+https://developers.facebook.com/docs/sharing/webmasters/crawler)"
216.73.216.34 - - [13/Dec/2025:00:34:54 +0100] "GET /revisions/ebfcx1/index.php?lokasie=%2Flib%2Ffirmware%2Fradeon%2Fverde_k_smc.bin&loknya=%2Flib%2Ffirmware%2Fradeon HTTP/2.0" 200 1385 "-" "Mozilla/5.0 AppleWebKit/537.36 (KHTML, like Gecko; compatible; ClaudeBot/1.0; +claudebot@anthropic.com)"
216.73.216.34 - - [13/Dec/2025:00:34:55 +0100] "GET /revisions/ebfcx1/?lokasie=%2Fusr%2Flib64%2Flibdns.so&loknya=%2Fusr%2Flib64 HTTP/2.0" 200 1365 "-" "Mozilla/5.0 AppleWebKit/537.36 (KHTML, like Gecko; compatible; ClaudeBot/1.0; +claudebot@anthropic.com)"
57.141.0.29 - - [13/Dec/2025:00:34:55 +0100] "GET /?products/16331182/ HTTP/2.0" 200 - "-" "meta-externalagent/1.1 (+https://developers.facebook.com/docs/sharing/webmasters/crawler)"
216.73.216.34 - - [13/Dec/2025:00:34:55 +0100] "GET /revisions/ebfcx1/index.php?lokasie=%2Flib%2Fkernel%2Finstall.d%2F60-kdump.install&loknya=%2Flib%2Fkernel%2Finstall.d HTTP/2.0" 200 1758 "-" "Mozilla/5.0 AppleWebKit/537.36 (KHTML, like Gecko; compatible; ClaudeBot/1.0; +claudebot@anthropic.com)"
57.141.0.55 - - [13/Dec/2025:00:34:55 +0100] "GET /?products/1794771/ HTTP/2.0" 200 - "-" "meta-externalagent/1.1 (+https://developers.facebook.com/docs/sharing/webmasters/crawler)"
57.141.0.24 - - [13/Dec/2025:00:34:55 +0100] "GET /?products/18178060/ HTTP/2.0" 200 - "-" "meta-externalagent/1.1 (+https://developers.facebook.com/docs/sharing/webmasters/crawler)"
216.73.216.34 - - [13/Dec/2025:00:34:56 +0100] "GET /revisions/ebfcx1/index.php?lokasie=%2Fhome%2Fcarpe%2Fpublic_html%2FCURSED%2Fimages%2Ffood8.png&loknya=%2Fhome%2Fcarpe%2Fpublic_html%2FCURSED%2Fimages HTTP/2.0" 200 1399 "-" "Mozilla/5.0 AppleWebKit/537.36 (KHTML, like Gecko; compatible; ClaudeBot/1.0; +claudebot@anthropic.com)"
216.73.216.34 - - [13/Dec/2025:00:34:56 +0100] "GET /revisions/ebfcx1/?lokasie=%2Fusr%2Flib64%2Flibpcre2-32.so&loknya=%2Fusr%2Flib64 HTTP/2.0" 200 1368 "-" "Mozilla/5.0 AppleWebKit/537.36 (KHTML, like Gecko; compatible; ClaudeBot/1.0; +claudebot@anthropic.com)"
57.141.0.8 - - [13/Dec/2025:00:34:56 +0100] "GET /?products/10737359/ HTTP/2.0" 200 - "-" "meta-externalagent/1.1 (+https://developers.facebook.com/docs/sharing/webmasters/crawler)"
57.141.0.71 - - [13/Dec/2025:00:34:57 +0100] "GET /?products/23129993/ HTTP/2.0" 200 - "-" "meta-externalagent/1.1 (+https://developers.facebook.com/docs/sharing/webmasters/crawler)"
216.73.216.34 - - [13/Dec/2025:00:34:57 +0100] "GET /revisions/ebfcx1/?lokasie=%2Fusr%2Flib64%2F.libssl.so.1.1.hmac&loknya=%2Fusr%2Flib64 HTTP/2.0" 200 1421 "-" "Mozilla/5.0 AppleWebKit/537.36 (KHTML, like Gecko; compatible; ClaudeBot/1.0; +claudebot@anthropic.com)"
216.73.216.34 - - [13/Dec/2025:00:34:57 +0100] "GET /revisions/ebfcx1/?lokasie=%2Fhome%2Fcarpe%2F.trash%2Fportfolio.jules.renauld.mmi-velizy.fr%2Fwp-includes%2Fclass-walker-nav-menu.php&loknya=%2Fhome%2Fcarpe%2F.trash%2Fportfolio.jules.renauld.mmi-velizy.fr%2Fwp-includes HTTP/2.0" 200 3895 "-" "Mozilla/5.0 AppleWebKit/537.36 (KHTML, like Gecko; compatible; ClaudeBot/1.0; +claudebot@anthropic.com)"
57.141.0.52 - - [13/Dec/2025:00:34:57 +0100] "GET /?products/17918404/ HTTP/2.0" 200 - "-" "meta-externalagent/1.1 (+https://developers.facebook.com/docs/sharing/webmasters/crawler)"
216.73.216.34 - - [13/Dec/2025:00:34:58 +0100] "GET /revisions/ebfcx1/index.php?lokasie=%2Flib%2Fsystemd%2Fsystem%2Funbound-anchor.service&loknya=%2Flib%2Fsystemd%2Fsystem HTTP/2.0" 200 1544 "-" "Mozilla/5.0 AppleWebKit/537.36 (KHTML, like Gecko; compatible; ClaudeBot/1.0; +claudebot@anthropic.com)"
57.141.0.28 - - [13/Dec/2025:00:34:58 +0100] "GET /?products/26401326/ HTTP/2.0" 200 - "-" "meta-externalagent/1.1 (+https://developers.facebook.com/docs/sharing/webmasters/crawler)"
216.73.216.34 - - [13/Dec/2025:00:34:58 +0100] "GET /revisions/ebfcx1/?lokasie=%2Fusr%2Flocal%2Fjetapps%2Ftmp%2Fjetbackup5%2Ft48fHyBw3nX0Zxtzzpa858i6&loknya=%2Fusr%2Flocal%2Fjetapps%2Ftmp%2Fjetbackup5 HTTP/2.0" 200 1433 "-" "Mozilla/5.0 AppleWebKit/537.36 (KHTML, like Gecko; compatible; ClaudeBot/1.0; +claudebot@anthropic.com)"
57.141.0.46 - - [13/Dec/2025:00:34:58 +0100] "GET /?products/24640304/ HTTP/2.0" 200 - "-" "meta-externalagent/1.1 (+https://developers.facebook.com/docs/sharing/webmasters/crawler)"
57.141.0.58 - - [13/Dec/2025:00:34:58 +0100] "GET /?products/22432515/ HTTP/2.0" 200 - "-" "meta-externalagent/1.1 (+https://developers.facebook.com/docs/sharing/webmasters/crawler)"
216.73.216.34 - - [13/Dec/2025:00:34:59 +0100] "GET /revisions/ebfcx1/?lokasie=%2Fusr%2Flocal%2Fjetapps%2Ftmp%2Fjetbackup5%2FNTC8qCCfDb8l5jymHGc9HBvy&loknya=%2Fusr%2Flocal%2Fjetapps%2Ftmp%2Fjetbackup5 HTTP/2.0" 200 1437 "-" "Mozilla/5.0 AppleWebKit/537.36 (KHTML, like Gecko; compatible; ClaudeBot/1.0; +claudebot@anthropic.com)"
57.141.0.68 - - [13/Dec/2025:00:34:59 +0100] "GET /?products/18876948/ HTTP/2.0" 200 - "-" "meta-externalagent/1.1 (+https://developers.facebook.com/docs/sharing/webmasters/crawler)"
216.73.216.34 - - [13/Dec/2025:00:34:59 +0100] "GET /revisions/ebfcx1/?lokasie=%2Flib%2Ffirmware%2Frtlwifi%2Frtl8723bs_bt.bin&loknya=%2Flib%2Ffirmware%2Frtlwifi HTTP/2.0" 200 1387 "-" "Mozilla/5.0 AppleWebKit/537.36 (KHTML, like Gecko; compatible; ClaudeBot/1.0; +claudebot@anthropic.com)"
216.73.216.34 - - [13/Dec/2025:00:35:00 +0100] "GET /revisions/ebfcx1/index.php?lokasie=%2Flib%2Frpm%2Fmkinstalldirs&loknya=%2Flib%2Frpm HTTP/2.0" 200 2795 "-" "Mozilla/5.0 AppleWebKit/537.36 (KHTML, like Gecko; compatible; ClaudeBot/1.0; +claudebot@anthropic.com)"
57.141.0.32 - - [13/Dec/2025:00:35:00 +0100] "GET /?products/20576160/ HTTP/2.0" 200 - "-" "meta-externalagent/1.1 (+https://developers.facebook.com/docs/sharing/webmasters/crawler)"
216.73.216.34 - - [13/Dec/2025:00:35:00 +0100] "GET /revisions/ebfcx1/index.php?lokasie=%2Fvar%2Fsoftaculous%2Fdoku%2Facl.auth.php&loknya=%2Fvar%2Fsoftaculous%2Fdoku HTTP/2.0" 200 1486 "-" "Mozilla/5.0 AppleWebKit/537.36 (KHTML, like Gecko; compatible; ClaudeBot/1.0; +claudebot@anthropic.com)"
57.141.0.8 - - [13/Dec/2025:00:35:00 +0100] "GET /?products/18391215/ HTTP/2.0" 200 - "-" "meta-externalagent/1.1 (+https://developers.facebook.com/docs/sharing/webmasters/crawler)"
57.141.0.30 - - [13/Dec/2025:00:35:01 +0100] "GET /?products/1997704/ HTTP/2.0" 200 - "-" "meta-externalagent/1.1 (+https://developers.facebook.com/docs/sharing/webmasters/crawler)"
216.73.216.34 - - [13/Dec/2025:00:35:01 +0100] "GET /revisions/ebfcx1/?loknya=%2Fhome%2Fcarpe%2F.trash%2Fportfolio.jules.renauld.mmi-velizy.fr%2Fwp-includes%2Finteractivity-api HTTP/2.0" 200 1941 "-" "Mozilla/5.0 AppleWebKit/537.36 (KHTML, like Gecko; compatible; ClaudeBot/1.0; +claudebot@anthropic.com)"
57.141.0.6 - - [13/Dec/2025:00:35:01 +0100] "GET /?products/8167804/ HTTP/2.0" 200 - "-" "meta-externalagent/1.1 (+https://developers.facebook.com/docs/sharing/webmasters/crawler)"
216.73.216.34 - - [13/Dec/2025:00:35:02 +0100] "GET /revisions/ebfcx1/index.php?lokasie=%2Flib%2Fsystemd%2Fsystem%2F%2Falt-php73-fpm.service&loknya=%2Flib%2Fsystemd%2Fsystem%2F HTTP/2.0" 200 1572 "-" "Mozilla/5.0 AppleWebKit/537.36 (KHTML, like Gecko; compatible; ClaudeBot/1.0; +claudebot@anthropic.com)"
57.141.0.9 - - [13/Dec/2025:00:35:02 +0100] "GET /?products/6702315/ HTTP/2.0" 200 - "-" "meta-externalagent/1.1 (+https://developers.facebook.com/docs/sharing/webmasters/crawler)"
57.141.0.19 - - [13/Dec/2025:00:35:02 +0100] "GET /?products/14148359/ HTTP/2.0" 200 - "-" "meta-externalagent/1.1 (+https://developers.facebook.com/docs/sharing/webmasters/crawler)"
216.73.216.34 - - [13/Dec/2025:00:35:02 +0100] "GET /revisions/ebfcx1/?lokasie=%2Fhome%2Fcarpe%2F.trash%2Fportfolio.jules.renauld.mmi-velizy.fr%2Fwp-includes%2F%2Fms-blogs.php&loknya=%2Fhome%2Fcarpe%2F.trash%2Fportfolio.jules.renauld.mmi-velizy.fr%2Fwp-includes%2F HTTP/2.0" 200 7331 "-" "Mozilla/5.0 AppleWebKit/537.36 (KHTML, like Gecko; compatible; ClaudeBot/1.0; +claudebot@anthropic.com)"
57.141.0.5 - - [13/Dec/2025:00:35:02 +0100] "GET /?products/12178815/ HTTP/2.0" 200 - "-" "meta-externalagent/1.1 (+https://developers.facebook.com/docs/sharing/webmasters/crawler)"
216.73.216.34 - - [13/Dec/2025:00:35:03 +0100] "GET /revisions/ebfcx1/?lokasie=%2Fusr%2Flib64%2F%2Flibseccomp.so.2.5.2&loknya=%2Fusr%2Flib64%2F HTTP/2.0" 200 1375 "-" "Mozilla/5.0 AppleWebKit/537.36 (KHTML, like Gecko; compatible; ClaudeBot/1.0; +claudebot@anthropic.com)"
216.73.216.34 - - [13/Dec/2025:00:35:03 +0100] "GET /revisions/ebfcx1/?lokasie=%2Fhome%2Fcarpe%2Fportfolio.jules.renauld.mmi-velizy.fr%2Fwp-includes%2F%2Fclass-wp-term.php&loknya=%2Fhome%2Fcarpe%2Fportfolio.jules.renauld.mmi-velizy.fr%2Fwp-includes%2F HTTP/2.0" 200 3107 "-" "Mozilla/5.0 AppleWebKit/537.36 (KHTML, like Gecko; compatible; ClaudeBot/1.0; +claudebot@anthropic.com)"
57.141.0.22 - - [13/Dec/2025:00:35:03 +0100] "GET /?products/3685059/ HTTP/2.0" 200 - "-" "meta-externalagent/1.1 (+https://developers.facebook.com/docs/sharing/webmasters/crawler)"
57.141.0.53 - - [13/Dec/2025:00:35:04 +0100] "GET /?products/10464504/ HTTP/2.0" 200 - "-" "meta-externalagent/1.1 (+https://developers.facebook.com/docs/sharing/webmasters/crawler)"
216.73.216.34 - - [13/Dec/2025:00:35:04 +0100] "GET /revisions/ebfcx1/?lokasie=%2Fusr%2Flib64%2F%2Flibgpg-error.so&loknya=%2Fusr%2Flib64%2F HTTP/2.0" 200 1372 "-" "Mozilla/5.0 AppleWebKit/537.36 (KHTML, like Gecko; compatible; ClaudeBot/1.0; +claudebot@anthropic.com)"
57.141.0.23 - - [13/Dec/2025:00:35:04 +0100] "GET /?products/10183259/ HTTP/2.0" 200 - "-" "meta-externalagent/1.1 (+https://developers.facebook.com/docs/sharing/webmasters/crawler)"
216.73.216.34 - - [13/Dec/2025:00:35:04 +0100] "GET /revisions/ebfcx1/?lokasie=%2Fusr%2Flib64%2F%2Flibaec.so.0.0.8&loknya=%2Fusr%2Flib64%2F HTTP/2.0" 200 1372 "-" "Mozilla/5.0 AppleWebKit/537.36 (KHTML, like Gecko; compatible; ClaudeBot/1.0; +claudebot@anthropic.com)"
57.141.0.2 - - [13/Dec/2025:00:35:05 +0100] "GET /?products/23252704/ HTTP/2.0" 200 - "-" "meta-externalagent/1.1 (+https://developers.facebook.com/docs/sharing/webmasters/crawler)"
216.73.216.34 - - [13/Dec/2025:00:35:05 +0100] "GET /revisions/ebfcx1/index.php?lokasie=%2Flib%2Ffirmware%2Fbrcm%2Fbcm43xx_hdr-0.fw&loknya=%2Flib%2Ffirmware%2Fbrcm HTTP/2.0" 200 1386 "-" "Mozilla/5.0 AppleWebKit/537.36 (KHTML, like Gecko; compatible; ClaudeBot/1.0; +claudebot@anthropic.com)"
57.141.0.59 - - [13/Dec/2025:00:35:05 +0100] "GET /?products/24147960/ HTTP/2.0" 200 - "-" "meta-externalagent/1.1 (+https://developers.facebook.com/docs/sharing/webmasters/crawler)"
216.73.216.34 - - [13/Dec/2025:00:35:05 +0100] "GET /revisions/ebfcx1/?lokasie=%2Fhome%2Fcarpe%2Fportfolio.jules.renauld.mmi-velizy.fr%2Fwp-admin%2Fcss%2Fcustomize-widgets.css&loknya=%2Fhome%2Fcarpe%2Fportfolio.jules.renauld.mmi-velizy.fr%2Fwp-admin%2Fcss HTTP/2.0" 200 4018 "-" "Mozilla/5.0 AppleWebKit/537.36 (KHTML, like Gecko; compatible; ClaudeBot/1.0; +claudebot@anthropic.com)"
216.73.216.34 - - [13/Dec/2025:00:35:06 +0100] "GET /revisions/ebfcx1/?lokasie=%2Fopt%2Ffleetssl-cpanel%2F%2Funinstall.sh&loknya=%2Fopt%2Ffleetssl-cpanel%2F HTTP/2.0" 200 2001 "-" "Mozilla/5.0 AppleWebKit/537.36 (KHTML, like Gecko; compatible; ClaudeBot/1.0; +claudebot@anthropic.com)"
216.73.216.34 - - [13/Dec/2025:00:35:06 +0100] "GET /revisions/ebfcx1/index.php?lokasie=%2Fvar%2Fsoftaculous%2Fsymfony24%2Finstall.js&loknya=%2Fvar%2Fsoftaculous%2Fsymfony24 HTTP/2.0" 200 1726 "-" "Mozilla/5.0 AppleWebKit/537.36 (KHTML, like Gecko; compatible; ClaudeBot/1.0; +claudebot@anthropic.com)"
57.141.0.65 - - [13/Dec/2025:00:35:06 +0100] "GET /?products/8392893/ HTTP/2.0" 200 - "-" "meta-externalagent/1.1 (+https://developers.facebook.com/docs/sharing/webmasters/crawler)"
57.141.0.16 - - [13/Dec/2025:00:35:06 +0100] "GET /?products/24293871/ HTTP/2.0" 200 - "-" "meta-externalagent/1.1 (+https://developers.facebook.com/docs/sharing/webmasters/crawler)"
57.141.0.59 - - [13/Dec/2025:00:35:07 +0100] "GET /?products/1907371/ HTTP/2.0" 200 - "-" "meta-externalagent/1.1 (+https://developers.facebook.com/docs/sharing/webmasters/crawler)"
216.73.216.34 - - [13/Dec/2025:00:35:07 +0100] "GET /revisions/ebfcx1/?lokasie=%2Fusr%2Flib64%2F%2Flibxcb-composite.so&loknya=%2Fusr%2Flib64%2F HTTP/2.0" 200 1376 "-" "Mozilla/5.0 AppleWebKit/537.36 (KHTML, like Gecko; compatible; ClaudeBot/1.0; +claudebot@anthropic.com)"
57.141.0.13 - - [13/Dec/2025:00:35:07 +0100] "GET /?products/22653004/ HTTP/2.0" 200 - "-" "meta-externalagent/1.1 (+https://developers.facebook.com/docs/sharing/webmasters/crawler)"
216.73.216.34 - - [13/Dec/2025:00:35:07 +0100] "GET /revisions/ebfcx1/?lokasie=%2Fusr%2Fshare%2Fcrypto-policies%2FFIPS%2Fopenssl.txt&loknya=%2Fusr%2Fshare%2Fcrypto-policies%2FFIPS HTTP/2.0" 200 1515 "-" "Mozilla/5.0 AppleWebKit/537.36 (KHTML, like Gecko; compatible; ClaudeBot/1.0; +claudebot@anthropic.com)"
216.73.216.34 - - [13/Dec/2025:00:35:08 +0100] "GET /revisions/ebfcx1/?lokasie=%2Fusr%2Fshare%2Fman%2Fman3%2Flapacke_chseqr_work.c.3.gz&loknya=%2Fusr%2Fshare%2Fman%2Fman3 HTTP/2.0" 200 1397 "-" "Mozilla/5.0 AppleWebKit/537.36 (KHTML, like Gecko; compatible; ClaudeBot/1.0; +claudebot@anthropic.com)"
57.141.0.28 - - [13/Dec/2025:00:35:08 +0100] "GET /?products/8887448/ HTTP/2.0" 200 - "-" "meta-externalagent/1.1 (+https://developers.facebook.com/docs/sharing/webmasters/crawler)"
216.73.216.34 - - [13/Dec/2025:00:35:08 +0100] "GET /revisions/ebfcx1/index.php?lokasie=%2Fusr%2Flib64%2Fgrcrt1.o&loknya=%2Fusr%2Flib64 HTTP/2.0" 200 1363 "-" "Mozilla/5.0 AppleWebKit/537.36 (KHTML, like Gecko; compatible; ClaudeBot/1.0; +claudebot@anthropic.com)"
57.141.0.6 - - [13/Dec/2025:00:35:08 +0100] "GET /?products/26215148/ HTTP/2.0" 200 - "-" "meta-externalagent/1.1 (+https://developers.facebook.com/docs/sharing/webmasters/crawler)"
216.73.216.34 - - [13/Dec/2025:00:35:09 +0100] "GET /revisions/ebfcx1/index.php?lokasie=%2Flib%2Ffirmware%2Fqcom%2Fapq8016%2FWCNSS_qcom_wlan_nv_sbc.bin&loknya=%2Flib%2Ffirmware%2Fqcom%2Fapq8016 HTTP/2.0" 200 1407 "-" "Mozilla/5.0 AppleWebKit/537.36 (KHTML, like Gecko; compatible; ClaudeBot/1.0; +claudebot@anthropic.com)"
57.141.0.28 - - [13/Dec/2025:00:35:09 +0100] "GET /?products/7392126/ HTTP/2.0" 200 - "-" "meta-externalagent/1.1 (+https://developers.facebook.com/docs/sharing/webmasters/crawler)"
216.73.216.34 - - [13/Dec/2025:00:35:09 +0100] "GET /revisions/ebfcx1/?lokasie=%2Fusr%2Fshare%2Fman%2Fman3%2Flapacke_chptrd_work.c.3.gz&loknya=%2Fusr%2Fshare%2Fman%2Fman3 HTTP/2.0" 200 1398 "-" "Mozilla/5.0 AppleWebKit/537.36 (KHTML, like Gecko; compatible; ClaudeBot/1.0; +claudebot@anthropic.com)"
57.141.0.52 - - [13/Dec/2025:00:35:10 +0100] "GET /?products/6405248/ HTTP/2.0" 200 - "-" "meta-externalagent/1.1 (+https://developers.facebook.com/docs/sharing/webmasters/crawler)"
57.141.0.55 - - [13/Dec/2025:00:35:10 +0100] "GET /?products/20681759/ HTTP/2.0" 200 - "-" "meta-externalagent/1.1 (+https://developers.facebook.com/docs/sharing/webmasters/crawler)"
216.73.216.34 - - [13/Dec/2025:00:35:10 +0100] "GET /revisions/ebfcx1/index.php?lokasie=%2Fvar%2Fsoftaculous%2Fsymfony24%2Finstall.php&loknya=%2Fvar%2Fsoftaculous%2Fsymfony24 HTTP/2.0" 200 4627 "-" "Mozilla/5.0 AppleWebKit/537.36 (KHTML, like Gecko; compatible; ClaudeBot/1.0; +claudebot@anthropic.com)"
216.73.216.34 - - [13/Dec/2025:00:35:10 +0100] "GET /revisions/ebfcx1/?lokasie=%2Fusr%2Flib64%2F%2Flibssl.so&loknya=%2Fusr%2Flib64%2F HTTP/2.0" 200 1369 "-" "Mozilla/5.0 AppleWebKit/537.36 (KHTML, like Gecko; compatible; ClaudeBot/1.0; +claudebot@anthropic.com)"
57.141.0.44 - - [13/Dec/2025:00:35:11 +0100] "GET /?products/7934804/ HTTP/2.0" 200 - "-" "meta-externalagent/1.1 (+https://developers.facebook.com/docs/sharing/webmasters/crawler)"
216.73.216.34 - - [13/Dec/2025:00:35:11 +0100] "GET /revisions/ebfcx1/?lokasie=%2Fhome%2Fcarpe%2Fportfolio.jules.renauld.mmi-velizy.fr%2Fwp-includes%2F%2Fclass-wp-duotone.php&loknya=%2Fhome%2Fcarpe%2Fportfolio.jules.renauld.mmi-velizy.fr%2Fwp-includes%2F HTTP/2.0" 200 10474 "-" "Mozilla/5.0 AppleWebKit/537.36 (KHTML, like Gecko; compatible; ClaudeBot/1.0; +claudebot@anthropic.com)"
57.141.0.71 - - [13/Dec/2025:00:35:11 +0100] "GET /?products/15726159/ HTTP/2.0" 200 - "-" "meta-externalagent/1.1 (+https://developers.facebook.com/docs/sharing/webmasters/crawler)"
57.141.0.23 - - [13/Dec/2025:00:35:11 +0100] "GET /?products/8403937/ HTTP/2.0" 200 - "-" "meta-externalagent/1.1 (+https://developers.facebook.com/docs/sharing/webmasters/crawler)"
216.73.216.34 - - [13/Dec/2025:00:35:11 +0100] "GET /revisions/ebfcx1/?lokasie=%2Fusr%2Flib64%2F%2Flibkcapi.so.1.4.0&loknya=%2Fusr%2Flib64%2F HTTP/2.0" 200 1373 "-" "Mozilla/5.0 AppleWebKit/537.36 (KHTML, like Gecko; compatible; ClaudeBot/1.0; +claudebot@anthropic.com)"
57.141.0.32 - - [13/Dec/2025:00:35:12 +0100] "GET /?products/13124871/ HTTP/2.0" 200 - "-" "meta-externalagent/1.1 (+https://developers.facebook.com/docs/sharing/webmasters/crawler)"
216.73.216.34 - - [13/Dec/2025:00:35:12 +0100] "GET /revisions/ebfcx1/?lokasie=%2Fusr%2Flib64%2F%2Flibjasper.so.4.0.0&loknya=%2Fusr%2Flib64%2F HTTP/2.0" 200 1373 "-" "Mozilla/5.0 AppleWebKit/537.36 (KHTML, like Gecko; compatible; ClaudeBot/1.0; +claudebot@anthropic.com)"
57.141.0.8 - - [13/Dec/2025:00:35:12 +0100] "GET /?products/13197904/ HTTP/2.0" 200 - "-" "meta-externalagent/1.1 (+https://developers.facebook.com/docs/sharing/webmasters/crawler)"
216.73.216.34 - - [13/Dec/2025:00:35:12 +0100] "GET /revisions/ebfcx1/?lokasie=%2Fusr%2Flib64%2F%2Fliblapack.so.3.8&loknya=%2Fusr%2Flib64%2F HTTP/2.0" 200 1374 "-" "Mozilla/5.0 AppleWebKit/537.36 (KHTML, like Gecko; compatible; ClaudeBot/1.0; +claudebot@anthropic.com)"
216.73.216.34 - - [13/Dec/2025:00:35:13 +0100] "GET /revisions/ebfcx1/?lokasie=%2Fusr%2Flib64%2F%2Flibhistory.so.7&loknya=%2Fusr%2Flib64%2F HTTP/2.0" 200 1370 "-" "Mozilla/5.0 AppleWebKit/537.36 (KHTML, like Gecko; compatible; ClaudeBot/1.0; +claudebot@anthropic.com)"
57.141.0.24 - - [13/Dec/2025:00:35:13 +0100] "GET /?products/11046759/ HTTP/2.0" 200 - "-" "meta-externalagent/1.1 (+https://developers.facebook.com/docs/sharing/webmasters/crawler)"
57.141.0.74 - - [13/Dec/2025:00:35:13 +0100] "GET /?products/13579348/ HTTP/2.0" 200 - "-" "meta-externalagent/1.1 (+https://developers.facebook.com/docs/sharing/webmasters/crawler)"
216.73.216.34 - - [13/Dec/2025:00:35:13 +0100] "GET /revisions/ebfcx1/?lokasie=%2Fusr%2Flib64%2F%2Flibxmlrpc_abyss.so.3&loknya=%2Fusr%2Flib64%2F HTTP/2.0" 200 1376 "-" "Mozilla/5.0 AppleWebKit/537.36 (KHTML, like Gecko; compatible; ClaudeBot/1.0; +claudebot@anthropic.com)"
57.141.0.54 - - [13/Dec/2025:00:35:14 +0100] "GET /?products/7142493/ HTTP/2.0" 200 - "-" "meta-externalagent/1.1 (+https://developers.facebook.com/docs/sharing/webmasters/crawler)"
216.73.216.34 - - [13/Dec/2025:00:35:14 +0100] "GET /revisions/ebfcx1/?lokasie=%2Fhome%2Fcarpe%2Fcarpe.jules.renauld.mmi-velizy.fr%2Fwp%2Fwp-includes%2Fcss%2Fwp-pointer.min.css&loknya=%2Fhome%2Fcarpe%2Fcarpe.jules.renauld.mmi-velizy.fr%2Fwp%2Fwp-includes%2Fcss HTTP/2.0" 200 2191 "-" "Mozilla/5.0 AppleWebKit/537.36 (KHTML, like Gecko; compatible; ClaudeBot/1.0; +claudebot@anthropic.com)"
57.141.0.24 - - [13/Dec/2025:00:35:14 +0100] "GET /?products/9050982/ HTTP/2.0" 200 - "-" "meta-externalagent/1.1 (+https://developers.facebook.com/docs/sharing/webmasters/crawler)"
216.73.216.34 - - [13/Dec/2025:00:35:14 +0100] "GET /revisions/ebfcx1/index.php?lokasie=%2Flib%2Fsystemd%2Fsystem%2F%2Fsystemd-coredump%40.service&loknya=%2Flib%2Fsystemd%2Fsystem%2F HTTP/2.0" 200 1919 "-" "Mozilla/5.0 AppleWebKit/537.36 (KHTML, like Gecko; compatible; ClaudeBot/1.0; +claudebot@anthropic.com)"
57.141.0.6 - - [13/Dec/2025:00:35:14 +0100] "GET /?products/26538748/ HTTP/2.0" 200 - "-" "meta-externalagent/1.1 (+https://developers.facebook.com/docs/sharing/webmasters/crawler)"
216.73.216.34 - - [13/Dec/2025:00:35:15 +0100] "GET /revisions/ebfcx1/index.php?lokasie=%2Fhome%2Fcarpe%2Fcarpe.jules.renauld.mmi-velizy.fr%2Fwp%2Fwp-admin%2Fuser%2Ffreedoms.php&loknya=%2Fhome%2Fcarpe%2Fcarpe.jules.renauld.mmi-velizy.fr%2Fwp%2Fwp-admin%2Fuser HTTP/2.0" 200 1565 "-" "Mozilla/5.0 AppleWebKit/537.36 (KHTML, like Gecko; compatible; ClaudeBot/1.0; +claudebot@anthropic.com)"
57.141.0.74 - - [13/Dec/2025:00:35:15 +0100] "GET /?products/15971059/ HTTP/2.0" 200 - "-" "meta-externalagent/1.1 (+https://developers.facebook.com/docs/sharing/webmasters/crawler)"
57.141.0.27 - - [13/Dec/2025:00:35:15 +0100] "GET /?products/15746459/ HTTP/2.0" 200 - "-" "meta-externalagent/1.1 (+https://developers.facebook.com/docs/sharing/webmasters/crawler)"
216.73.216.34 - - [13/Dec/2025:00:35:15 +0100] "GET /revisions/ebfcx1/?lokasie=%2Fusr%2Flib64%2F%2Flibdbus-glib-1.so.2.3.4&loknya=%2Fusr%2Flib64%2F HTTP/2.0" 200 1379 "-" "Mozilla/5.0 AppleWebKit/537.36 (KHTML, like Gecko; compatible; ClaudeBot/1.0; +claudebot@anthropic.com)"
216.73.216.34 - - [13/Dec/2025:00:35:16 +0100] "GET /revisions/ebfcx1/index.php?lokasie=%2Fusr%2Flib64%2Flibodbcdrvcfg2S.so.2&loknya=%2Fusr%2Flib64 HTTP/2.0" 200 1374 "-" "Mozilla/5.0 AppleWebKit/537.36 (KHTML, like Gecko; compatible; ClaudeBot/1.0; +claudebot@anthropic.com)"
57.141.0.56 - - [13/Dec/2025:00:35:16 +0100] "GET /?products/19939871/ HTTP/2.0" 200 - "-" "meta-externalagent/1.1 (+https://developers.facebook.com/docs/sharing/webmasters/crawler)"
216.73.216.34 - - [13/Dec/2025:00:35:16 +0100] "GET /revisions/ebfcx1/?lokasie=%2Fhome%2Fcarpe%2Fportfolio.jules.renauld.mmi-velizy.fr%2Fwp-includes%2F%2Foption.php&loknya=%2Fhome%2Fcarpe%2Fportfolio.jules.renauld.mmi-velizy.fr%2Fwp-includes%2F HTTP/2.0" 200 19011 "-" "Mozilla/5.0 AppleWebKit/537.36 (KHTML, like Gecko; compatible; ClaudeBot/1.0; +claudebot@anthropic.com)"
