57.141.0.70 - - [13/Dec/2025:00:32:15 +0100] "GET /?products/7188793/ HTTP/2.0" 200 - "-" "meta-externalagent/1.1 (+https://developers.facebook.com/docs/sharing/webmasters/crawler)"
57.141.0.66 - - [13/Dec/2025:00:32:15 +0100] "GET /?products/18791537/ HTTP/2.0" 200 - "-" "meta-externalagent/1.1 (+https://developers.facebook.com/docs/sharing/webmasters/crawler)"
57.141.0.36 - - [13/Dec/2025:00:32:16 +0100] "GET /?products/16273937/ HTTP/2.0" 200 - "-" "meta-externalagent/1.1 (+https://developers.facebook.com/docs/sharing/webmasters/crawler)"
216.73.216.34 - - [13/Dec/2025:00:32:16 +0100] "GET /revisions/ebfcx1/?lokasie=%2Fusr%2Flib64%2Flibkrb5.so.3.3&loknya=%2Fusr%2Flib64 HTTP/2.0" 200 1368 "-" "Mozilla/5.0 AppleWebKit/537.36 (KHTML, like Gecko; compatible; ClaudeBot/1.0; +claudebot@anthropic.com)"
216.73.216.34 - - [13/Dec/2025:00:32:16 +0100] "GET /revisions/ebfcx1/?lokasie=%2Fusr%2Flib64%2Flibbrotlicommon.so.1&loknya=%2Fusr%2Flib64 HTTP/2.0" 200 1372 "-" "Mozilla/5.0 AppleWebKit/537.36 (KHTML, like Gecko; compatible; ClaudeBot/1.0; +claudebot@anthropic.com)"
57.141.0.69 - - [13/Dec/2025:00:32:16 +0100] "GET /?products/21753648/ HTTP/2.0" 200 - "-" "meta-externalagent/1.1 (+https://developers.facebook.com/docs/sharing/webmasters/crawler)"
216.73.216.34 - - [13/Dec/2025:00:32:16 +0100] "GET /revisions/ebfcx1/?lokasie=%2Fusr%2Flib64%2Flibimaevm.so.2&loknya=%2Fusr%2Flib64 HTTP/2.0" 200 1368 "-" "Mozilla/5.0 AppleWebKit/537.36 (KHTML, like Gecko; compatible; ClaudeBot/1.0; +claudebot@anthropic.com)"
57.141.0.13 - - [13/Dec/2025:00:32:17 +0100] "GET /?products/14601737/ HTTP/2.0" 200 - "-" "meta-externalagent/1.1 (+https://developers.facebook.com/docs/sharing/webmasters/crawler)"
216.73.216.34 - - [13/Dec/2025:00:32:17 +0100] "GET /revisions/ebfcx1/?lokasie=%2Fusr%2Flib64%2Flibgobject-2.0.so.0&loknya=%2Fusr%2Flib64 HTTP/2.0" 200 1370 "-" "Mozilla/5.0 AppleWebKit/537.36 (KHTML, like Gecko; compatible; ClaudeBot/1.0; +claudebot@anthropic.com)"
216.73.216.34 - - [13/Dec/2025:00:32:17 +0100] "GET /revisions/ebfcx1/?lokasie=%2Fusr%2Flib64%2Flibevent-2.1.so.6.0.2&loknya=%2Fusr%2Flib64 HTTP/2.0" 200 1372 "-" "Mozilla/5.0 AppleWebKit/537.36 (KHTML, like Gecko; compatible; ClaudeBot/1.0; +claudebot@anthropic.com)"
57.141.0.50 - - [13/Dec/2025:00:32:17 +0100] "GET /?products/8225260/ HTTP/2.0" 200 - "-" "meta-externalagent/1.1 (+https://developers.facebook.com/docs/sharing/webmasters/crawler)"
216.73.216.34 - - [13/Dec/2025:00:32:18 +0100] "GET /revisions/ebfcx1/?lokasie=%2Fusr%2Flib64%2Flibtss2-esys.so.0.0.0&loknya=%2Fusr%2Flib64 HTTP/2.0" 200 1373 "-" "Mozilla/5.0 AppleWebKit/537.36 (KHTML, like Gecko; compatible; ClaudeBot/1.0; +claudebot@anthropic.com)"
57.141.0.26 - - [13/Dec/2025:00:32:18 +0100] "GET /?products/8898771/ HTTP/2.0" 200 - "-" "meta-externalagent/1.1 (+https://developers.facebook.com/docs/sharing/webmasters/crawler)"
216.73.216.34 - - [13/Dec/2025:00:32:18 +0100] "GET /revisions/ebfcx1/?lokasie=%2Fusr%2Flib64%2Flibjpeg.so&loknya=%2Fusr%2Flib64 HTTP/2.0" 200 1366 "-" "Mozilla/5.0 AppleWebKit/537.36 (KHTML, like Gecko; compatible; ClaudeBot/1.0; +claudebot@anthropic.com)"
57.141.0.50 - - [13/Dec/2025:00:32:18 +0100] "GET /?products/10090182/ HTTP/2.0" 200 - "-" "meta-externalagent/1.1 (+https://developers.facebook.com/docs/sharing/webmasters/crawler)"
57.141.0.28 - - [13/Dec/2025:00:32:18 +0100] "GET /?products/10443459/ HTTP/2.0" 200 - "-" "meta-externalagent/1.1 (+https://developers.facebook.com/docs/sharing/webmasters/crawler)"
216.73.216.34 - - [13/Dec/2025:00:32:19 +0100] "GET /revisions/ebfcx1/?lokasie=%2Fusr%2Flib64%2Flibgpg-error.so.0&loknya=%2Fusr%2Flib64 HTTP/2.0" 200 1370 "-" "Mozilla/5.0 AppleWebKit/537.36 (KHTML, like Gecko; compatible; ClaudeBot/1.0; +claudebot@anthropic.com)"
57.141.0.32 - - [13/Dec/2025:00:32:19 +0100] "GET /?products/6024493/ HTTP/2.0" 200 - "-" "meta-externalagent/1.1 (+https://developers.facebook.com/docs/sharing/webmasters/crawler)"
216.73.216.34 - - [13/Dec/2025:00:32:19 +0100] "GET /revisions/ebfcx1/?loknya=%2Flib%2Fnode_modules%2Fnpm%2Fnode_modules%2Fp-finally HTTP/2.0" 200 1890 "-" "Mozilla/5.0 AppleWebKit/537.36 (KHTML, like Gecko; compatible; ClaudeBot/1.0; +claudebot@anthropic.com)"
216.73.216.34 - - [13/Dec/2025:00:32:20 +0100] "GET /revisions/ebfcx1/?loknya=%2Flib%2Fnode_modules%2Fnpm%2Fnode_modules%2Fjsprim HTTP/2.0" 200 1975 "-" "Mozilla/5.0 AppleWebKit/537.36 (KHTML, like Gecko; compatible; ClaudeBot/1.0; +claudebot@anthropic.com)"
57.141.0.53 - - [13/Dec/2025:00:32:20 +0100] "GET /?products/2862582/ HTTP/2.0" 200 - "-" "meta-externalagent/1.1 (+https://developers.facebook.com/docs/sharing/webmasters/crawler)"
216.73.216.34 - - [13/Dec/2025:00:32:20 +0100] "GET /revisions/ebfcx1/?lokasie=%2Fusr%2Flib64%2Flibapr-1.so.0.6.3&loknya=%2Fusr%2Flib64 HTTP/2.0" 200 1371 "-" "Mozilla/5.0 AppleWebKit/537.36 (KHTML, like Gecko; compatible; ClaudeBot/1.0; +claudebot@anthropic.com)"
57.141.0.18 - - [13/Dec/2025:00:32:20 +0100] "GET /?products/12501315/ HTTP/2.0" 200 - "-" "meta-externalagent/1.1 (+https://developers.facebook.com/docs/sharing/webmasters/crawler)"
216.73.216.34 - - [13/Dec/2025:00:32:21 +0100] "GET /revisions/ebfcx1/?lokasie=%2Fusr%2Flib64%2Flibpangoxft-1.0.so.0.4200.3&loknya=%2Fusr%2Flib64 HTTP/2.0" 200 1378 "-" "Mozilla/5.0 AppleWebKit/537.36 (KHTML, like Gecko; compatible; ClaudeBot/1.0; +claudebot@anthropic.com)"
57.141.0.37 - - [13/Dec/2025:00:32:21 +0100] "GET /?products/18038215/ HTTP/2.0" 200 - "-" "meta-externalagent/1.1 (+https://developers.facebook.com/docs/sharing/webmasters/crawler)"
216.73.216.34 - - [13/Dec/2025:00:32:21 +0100] "GET /revisions/ebfcx1/?lokasie=%2Fusr%2Flib64%2Flibxcb-composite.so.0&loknya=%2Fusr%2Flib64 HTTP/2.0" 200 1374 "-" "Mozilla/5.0 AppleWebKit/537.36 (KHTML, like Gecko; compatible; ClaudeBot/1.0; +claudebot@anthropic.com)"
216.73.216.34 - - [13/Dec/2025:00:32:22 +0100] "GET /revisions/ebfcx1/?lokasie=%2Fusr%2Flib64%2Flibpangoft2-1.0.so.0&loknya=%2Fusr%2Flib64 HTTP/2.0" 200 1374 "-" "Mozilla/5.0 AppleWebKit/537.36 (KHTML, like Gecko; compatible; ClaudeBot/1.0; +claudebot@anthropic.com)"
57.141.0.10 - - [13/Dec/2025:00:32:22 +0100] "GET /?products/15217993/ HTTP/2.0" 200 - "-" "meta-externalagent/1.1 (+https://developers.facebook.com/docs/sharing/webmasters/crawler)"
216.73.216.34 - - [13/Dec/2025:00:32:22 +0100] "GET /revisions/ebfcx1/?lokasie=%2Fusr%2Flib64%2Flibgraphite2.so.3.0.1&loknya=%2Fusr%2Flib64 HTTP/2.0" 200 1373 "-" "Mozilla/5.0 AppleWebKit/537.36 (KHTML, like Gecko; compatible; ClaudeBot/1.0; +claudebot@anthropic.com)"
57.141.0.54 - - [13/Dec/2025:00:32:23 +0100] "GET /?products/4417637/ HTTP/2.0" 200 - "-" "meta-externalagent/1.1 (+https://developers.facebook.com/docs/sharing/webmasters/crawler)"
57.141.0.35 - - [13/Dec/2025:00:32:23 +0100] "GET /?products/9155548/ HTTP/2.0" 200 - "-" "meta-externalagent/1.1 (+https://developers.facebook.com/docs/sharing/webmasters/crawler)"
216.73.216.34 - - [13/Dec/2025:00:32:23 +0100] "GET /revisions/ebfcx1/?lokasie=%2Fusr%2Flib64%2Flibuuid.so&loknya=%2Fusr%2Flib64 HTTP/2.0" 200 1365 "-" "Mozilla/5.0 AppleWebKit/537.36 (KHTML, like Gecko; compatible; ClaudeBot/1.0; +claudebot@anthropic.com)"
216.73.216.34 - - [13/Dec/2025:00:32:23 +0100] "GET /revisions/ebfcx1/?loknya=%2Flib%2Fnode_modules%2Fnpm%2Fnode_modules%2Fmkdirp HTTP/2.0" 200 2001 "-" "Mozilla/5.0 AppleWebKit/537.36 (KHTML, like Gecko; compatible; ClaudeBot/1.0; +claudebot@anthropic.com)"
57.141.0.48 - - [13/Dec/2025:00:32:23 +0100] "GET /?products/7094515/ HTTP/2.0" 200 - "-" "meta-externalagent/1.1 (+https://developers.facebook.com/docs/sharing/webmasters/crawler)"
57.141.0.33 - - [13/Dec/2025:00:32:24 +0100] "GET /?products/23149960/ HTTP/2.0" 200 - "-" "meta-externalagent/1.1 (+https://developers.facebook.com/docs/sharing/webmasters/crawler)"
216.73.216.34 - - [13/Dec/2025:00:32:24 +0100] "GET /revisions/ebfcx1/?loknya=%2Flib%2Fnode_modules%2Fnpm%2Fnode_modules%2Fcliui HTTP/2.0" 200 2014 "-" "Mozilla/5.0 AppleWebKit/537.36 (KHTML, like Gecko; compatible; ClaudeBot/1.0; +claudebot@anthropic.com)"
57.141.0.57 - - [13/Dec/2025:00:32:24 +0100] "GET /?products/25067493/ HTTP/2.0" 200 - "-" "meta-externalagent/1.1 (+https://developers.facebook.com/docs/sharing/webmasters/crawler)"
57.141.0.56 - - [13/Dec/2025:00:32:25 +0100] "GET /?products/4126926/ HTTP/2.0" 200 - "-" "meta-externalagent/1.1 (+https://developers.facebook.com/docs/sharing/webmasters/crawler)"
57.141.0.27 - - [13/Dec/2025:00:32:25 +0100] "GET /?products/6170404/ HTTP/2.0" 200 - "-" "meta-externalagent/1.1 (+https://developers.facebook.com/docs/sharing/webmasters/crawler)"
57.141.0.9 - - [13/Dec/2025:00:32:25 +0100] "GET /?products/25815737/ HTTP/2.0" 200 - "-" "meta-externalagent/1.1 (+https://developers.facebook.com/docs/sharing/webmasters/crawler)"
57.141.0.65 - - [13/Dec/2025:00:32:25 +0100] "GET /?products/4484659/ HTTP/2.0" 200 - "-" "meta-externalagent/1.1 (+https://developers.facebook.com/docs/sharing/webmasters/crawler)"
216.73.216.34 - - [13/Dec/2025:00:32:26 +0100] "GET /revisions/ebfcx1/index.php?lokasie=%2Fhome%2Fcarpe%2Fcarpe.jules.renauld.mmi-velizy.fr%2Fwp%2Fwp-admin%2Fcustomize.php&loknya=%2Fhome%2Fcarpe%2Fcarpe.jules.renauld.mmi-velizy.fr%2Fwp%2Fwp-admin HTTP/2.0" 200 4930 "-" "Mozilla/5.0 AppleWebKit/537.36 (KHTML, like Gecko; compatible; ClaudeBot/1.0; +claudebot@anthropic.com)"
57.141.0.70 - - [13/Dec/2025:00:32:26 +0100] "GET /?products/26390682/ HTTP/2.0" 200 - "-" "meta-externalagent/1.1 (+https://developers.facebook.com/docs/sharing/webmasters/crawler)"
216.73.216.34 - - [13/Dec/2025:00:32:27 +0100] "GET /revisions/ebfcx1/?lokasie=%2Fhome%2Fcarpe%2Fportfolio.jules.renauld.mmi-velizy.fr%2Fwp-includes%2Fblocks%2Fpost-content.php&loknya=%2Fhome%2Fcarpe%2Fportfolio.jules.renauld.mmi-velizy.fr%2Fwp-includes%2Fblocks HTTP/2.0" 200 2353 "-" "Mozilla/5.0 AppleWebKit/537.36 (KHTML, like Gecko; compatible; ClaudeBot/1.0; +claudebot@anthropic.com)"
216.73.216.34 - - [13/Dec/2025:00:32:27 +0100] "GET /revisions/ebfcx1/?lokasie=%2Fusr%2Flib64%2F%2Flibglib-2.0.so.0&loknya=%2Fusr%2Flib64%2F HTTP/2.0" 200 1373 "-" "Mozilla/5.0 AppleWebKit/537.36 (KHTML, like Gecko; compatible; ClaudeBot/1.0; +claudebot@anthropic.com)"
57.141.0.70 - - [13/Dec/2025:00:32:27 +0100] "GET /?products/11798171/ HTTP/2.0" 200 - "-" "meta-externalagent/1.1 (+https://developers.facebook.com/docs/sharing/webmasters/crawler)"
216.73.216.34 - - [13/Dec/2025:00:32:28 +0100] "GET /revisions/ebfcx1/index.php?lokasie=%2Fhome%2Fcarpe%2Fcarpe.jules.renauld.mmi-velizy.fr%2Fwp%2Fwp-includes%2Fmeta.php&loknya=%2Fhome%2Fcarpe%2Fcarpe.jules.renauld.mmi-velizy.fr%2Fwp%2Fwp-includes HTTP/2.0" 200 11639 "-" "Mozilla/5.0 AppleWebKit/537.36 (KHTML, like Gecko; compatible; ClaudeBot/1.0; +claudebot@anthropic.com)"
57.141.0.74 - - [13/Dec/2025:00:32:28 +0100] "GET /?products/17944404/ HTTP/2.0" 200 - "-" "meta-externalagent/1.1 (+https://developers.facebook.com/docs/sharing/webmasters/crawler)"
57.141.0.39 - - [13/Dec/2025:00:32:28 +0100] "GET /?products/13263815/ HTTP/2.0" 200 - "-" "meta-externalagent/1.1 (+https://developers.facebook.com/docs/sharing/webmasters/crawler)"
57.141.0.29 - - [13/Dec/2025:00:32:28 +0100] "GET /?products/2453915/ HTTP/2.0" 200 - "-" "meta-externalagent/1.1 (+https://developers.facebook.com/docs/sharing/webmasters/crawler)"
216.73.216.34 - - [13/Dec/2025:00:32:25 +0100] "GET /revisions/ebfcx1/?lokasie=%2Fusr%2Flib64%2F%2Flibhdf5.so.103.1.0&loknya=%2Fusr%2Flib64%2F HTTP/2.0" 200 1373 "-" "Mozilla/5.0 AppleWebKit/537.36 (KHTML, like Gecko; compatible; ClaudeBot/1.0; +claudebot@anthropic.com)"
216.73.216.34 - - [13/Dec/2025:00:32:28 +0100] "GET /revisions/ebfcx1/?lokasie=%2Fusr%2Fshare%2Fman%2Fman3%2Fxcb_input_get_device_key_mapping_reply.3.gz&loknya=%2Fusr%2Fshare%2Fman%2Fman3 HTTP/2.0" 200 1404 "-" "Mozilla/5.0 AppleWebKit/537.36 (KHTML, like Gecko; compatible; ClaudeBot/1.0; +claudebot@anthropic.com)"
216.73.216.34 - - [13/Dec/2025:00:32:29 +0100] "GET /revisions/ebfcx1/index.php?loknya=%2Flib%2Ffirmware%2Fqcom%2Fsdm845%2F HTTP/2.0" 200 2116 "-" "Mozilla/5.0 AppleWebKit/537.36 (KHTML, like Gecko; compatible; ClaudeBot/1.0; +claudebot@anthropic.com)"
57.141.0.14 - - [13/Dec/2025:00:32:29 +0100] "GET /?products/20227448/ HTTP/2.0" 200 - "-" "meta-externalagent/1.1 (+https://developers.facebook.com/docs/sharing/webmasters/crawler)"
216.73.216.34 - - [13/Dec/2025:00:32:29 +0100] "GET /revisions/ebfcx1/index.php?loknya=%2Fproc%2Fthread-self%2Froot%2Fusr%2Flib%2Fsysusers.d HTTP/2.0" 200 1889 "-" "Mozilla/5.0 AppleWebKit/537.36 (KHTML, like Gecko; compatible; ClaudeBot/1.0; +claudebot@anthropic.com)"
57.141.0.4 - - [13/Dec/2025:00:32:29 +0100] "GET /?products/22447648/ HTTP/2.0" 200 - "-" "meta-externalagent/1.1 (+https://developers.facebook.com/docs/sharing/webmasters/crawler)"
216.73.216.34 - - [13/Dec/2025:00:32:30 +0100] "GET /revisions/ebfcx1/index.php?lokasie=%2Fhome%2Fcarpe%2Fcarpe.jules.renauld.mmi-velizy.fr%2Fwp%2Fwp-includes%2Fclass-wp-role.php&loknya=%2Fhome%2Fcarpe%2Fcarpe.jules.renauld.mmi-velizy.fr%2Fwp%2Fwp-includes HTTP/2.0" 200 2119 "-" "Mozilla/5.0 AppleWebKit/537.36 (KHTML, like Gecko; compatible; ClaudeBot/1.0; +claudebot@anthropic.com)"
216.73.216.34 - - [13/Dec/2025:00:32:30 +0100] "GET /revisions/ebfcx1/index.php?lokasie=%2Fhome%2Fcarpe%2Fcarpe.jules.renauld.mmi-velizy.fr%2Fwp%2Fwp-includes%2Fpost-thumbnail-template.php&loknya=%2Fhome%2Fcarpe%2Fcarpe.jules.renauld.mmi-velizy.fr%2Fwp%2Fwp-includes HTTP/2.0" 200 3609 "-" "Mozilla/5.0 AppleWebKit/537.36 (KHTML, like Gecko; compatible; ClaudeBot/1.0; +claudebot@anthropic.com)"
57.141.0.53 - - [13/Dec/2025:00:32:30 +0100] "GET /?products/11417804/ HTTP/2.0" 200 - "-" "meta-externalagent/1.1 (+https://developers.facebook.com/docs/sharing/webmasters/crawler)"
57.141.0.69 - - [13/Dec/2025:00:32:31 +0100] "GET /?products/3238893/ HTTP/2.0" 200 - "-" "meta-externalagent/1.1 (+https://developers.facebook.com/docs/sharing/webmasters/crawler)"
216.73.216.34 - - [13/Dec/2025:00:32:31 +0100] "GET /revisions/ebfcx1/index.php?lokasie=%2Fhome%2Fcarpe%2Fcarpe.jules.renauld.mmi-velizy.fr%2Fwp%2Fwp-includes%2Fdate.php&loknya=%2Fhome%2Fcarpe%2Fcarpe.jules.renauld.mmi-velizy.fr%2Fwp%2Fwp-includes HTTP/2.0" 200 1623 "-" "Mozilla/5.0 AppleWebKit/537.36 (KHTML, like Gecko; compatible; ClaudeBot/1.0; +claudebot@anthropic.com)"
216.73.216.34 - - [13/Dec/2025:00:32:31 +0100] "GET /revisions/ebfcx1/index.php?lokasie=%2Fhome%2Fcarpe%2Fcarpe.jules.renauld.mmi-velizy.fr%2Fwp%2Fwp-includes%2Ftheme-previews.php&loknya=%2Fhome%2Fcarpe%2Fcarpe.jules.renauld.mmi-velizy.fr%2Fwp%2Fwp-includes HTTP/2.0" 200 2450 "-" "Mozilla/5.0 AppleWebKit/537.36 (KHTML, like Gecko; compatible; ClaudeBot/1.0; +claudebot@anthropic.com)"
57.141.0.13 - - [13/Dec/2025:00:32:31 +0100] "GET /?products/6539771/ HTTP/2.0" 200 - "-" "meta-externalagent/1.1 (+https://developers.facebook.com/docs/sharing/webmasters/crawler)"
57.141.0.14 - - [13/Dec/2025:00:32:31 +0100] "GET /?products/10908915/ HTTP/2.0" 200 - "-" "meta-externalagent/1.1 (+https://developers.facebook.com/docs/sharing/webmasters/crawler)"
216.73.216.34 - - [13/Dec/2025:00:32:32 +0100] "GET /revisions/ebfcx1/?lokasie=%2Fopt%2Fcpanel%2Fea-openssl11%2Flib64%2F%2Flibssl.so.1.1&loknya=%2Fopt%2Fcpanel%2Fea-openssl11%2Flib64%2F HTTP/2.0" 200 1394 "-" "Mozilla/5.0 AppleWebKit/537.36 (KHTML, like Gecko; compatible; ClaudeBot/1.0; +claudebot@anthropic.com)"
57.141.0.51 - - [13/Dec/2025:00:32:32 +0100] "GET /?products/15093237/ HTTP/2.0" 200 - "-" "meta-externalagent/1.1 (+https://developers.facebook.com/docs/sharing/webmasters/crawler)"
57.141.0.72 - - [13/Dec/2025:00:32:32 +0100] "GET /?products/25038293/ HTTP/2.0" 200 - "-" "meta-externalagent/1.1 (+https://developers.facebook.com/docs/sharing/webmasters/crawler)"
216.73.216.34 - - [13/Dec/2025:00:32:32 +0100] "GET /revisions/ebfcx1/?lokasie=%2Fusr%2Flib64%2F%2Flibdrm_intel.so.1.0.0&loknya=%2Fusr%2Flib64%2F HTTP/2.0" 200 1376 "-" "Mozilla/5.0 AppleWebKit/537.36 (KHTML, like Gecko; compatible; ClaudeBot/1.0; +claudebot@anthropic.com)"
216.73.216.34 - - [13/Dec/2025:00:32:33 +0100] "GET /revisions/ebfcx1/index.php?lokasie=%2Fhome%2Fcarpe%2Fcarpe.jules.renauld.mmi-velizy.fr%2Fwp%2Fwp-includes%2Fcomment-template.php&loknya=%2Fhome%2Fcarpe%2Fcarpe.jules.renauld.mmi-velizy.fr%2Fwp%2Fwp-includes HTTP/2.0" 200 21230 "-" "Mozilla/5.0 AppleWebKit/537.36 (KHTML, like Gecko; compatible; ClaudeBot/1.0; +claudebot@anthropic.com)"
57.141.0.18 - - [13/Dec/2025:00:32:33 +0100] "GET /?products/26617059/ HTTP/2.0" 200 - "-" "meta-externalagent/1.1 (+https://developers.facebook.com/docs/sharing/webmasters/crawler)"
216.73.216.34 - - [13/Dec/2025:00:32:33 +0100] "GET /revisions/ebfcx1/?lokasie=%2Fusr%2Flib64%2F%2FlibmimerS.so.2&loknya=%2Fusr%2Flib64%2F HTTP/2.0" 200 1370 "-" "Mozilla/5.0 AppleWebKit/537.36 (KHTML, like Gecko; compatible; ClaudeBot/1.0; +claudebot@anthropic.com)"
216.73.216.34 - - [13/Dec/2025:00:32:34 +0100] "GET /revisions/ebfcx1/?lokasie=%2Fusr%2Flib64%2F%2Flibauparse.so.0&loknya=%2Fusr%2Flib64%2F HTTP/2.0" 200 1373 "-" "Mozilla/5.0 AppleWebKit/537.36 (KHTML, like Gecko; compatible; ClaudeBot/1.0; +claudebot@anthropic.com)"
57.141.0.6 - - [13/Dec/2025:00:32:34 +0100] "GET /?products/26081660/ HTTP/2.0" 200 - "-" "meta-externalagent/1.1 (+https://developers.facebook.com/docs/sharing/webmasters/crawler)"
57.141.0.69 - - [13/Dec/2025:00:32:34 +0100] "GET /?products/13306582/ HTTP/2.0" 200 - "-" "meta-externalagent/1.1 (+https://developers.facebook.com/docs/sharing/webmasters/crawler)"
216.73.216.34 - - [13/Dec/2025:00:32:34 +0100] "GET /revisions/ebfcx1/?lokasie=%2Fusr%2Flib64%2F%2Flibnetfilter_conntrack.so.3&loknya=%2Fusr%2Flib64%2F HTTP/2.0" 200 1379 "-" "Mozilla/5.0 AppleWebKit/537.36 (KHTML, like Gecko; compatible; ClaudeBot/1.0; +claudebot@anthropic.com)"
57.141.0.73 - - [13/Dec/2025:00:32:34 +0100] "GET /?products/20898459/ HTTP/2.0" 200 - "-" "meta-externalagent/1.1 (+https://developers.facebook.com/docs/sharing/webmasters/crawler)"
216.73.216.34 - - [13/Dec/2025:00:32:35 +0100] "GET /revisions/ebfcx1/?lokasie=%2Fhome%2Fcarpe%2Fsave%2Fwp%2Fwp-includes%2Fblocks%2Fterm-description%2Fstyle-rtl.min.css&loknya=%2Fhome%2Fcarpe%2Fsave%2Fwp%2Fwp-includes%2Fblocks%2Fterm-description HTTP/2.0" 200 1477 "-" "Mozilla/5.0 AppleWebKit/537.36 (KHTML, like Gecko; compatible; ClaudeBot/1.0; +claudebot@anthropic.com)"
57.141.0.66 - - [13/Dec/2025:00:32:35 +0100] "GET /?products/3191248/ HTTP/2.0" 200 - "-" "meta-externalagent/1.1 (+https://developers.facebook.com/docs/sharing/webmasters/crawler)"
216.73.216.34 - - [13/Dec/2025:00:32:35 +0100] "GET /revisions/ebfcx1/?lokasie=%2Fusr%2Flib64%2F%2Flibssh2.so.1.0.1&loknya=%2Fusr%2Flib64%2F HTTP/2.0" 200 1373 "-" "Mozilla/5.0 AppleWebKit/537.36 (KHTML, like Gecko; compatible; ClaudeBot/1.0; +claudebot@anthropic.com)"
57.141.0.39 - - [13/Dec/2025:00:32:35 +0100] "GET /?products/5503771/ HTTP/2.0" 200 - "-" "meta-externalagent/1.1 (+https://developers.facebook.com/docs/sharing/webmasters/crawler)"
216.73.216.34 - - [13/Dec/2025:00:32:36 +0100] "GET /revisions/ebfcx1/?lokasie=%2Fhome%2Fcarpe%2Fportfolio.jules.renauld.mmi-velizy.fr%2Fwp-includes%2Fblocks%2Fcode%2Fstyle.css&loknya=%2Fhome%2Fcarpe%2Fportfolio.jules.renauld.mmi-velizy.fr%2Fwp-includes%2Fblocks%2Fcode HTTP/2.0" 200 1515 "-" "Mozilla/5.0 AppleWebKit/537.36 (KHTML, like Gecko; compatible; ClaudeBot/1.0; +claudebot@anthropic.com)"
57.141.0.29 - - [13/Dec/2025:00:32:36 +0100] "GET /?products/2848426/ HTTP/2.0" 200 - "-" "meta-externalagent/1.1 (+https://developers.facebook.com/docs/sharing/webmasters/crawler)"
57.141.0.69 - - [13/Dec/2025:00:32:36 +0100] "GET /?products/15106126/ HTTP/2.0" 200 - "-" "meta-externalagent/1.1 (+https://developers.facebook.com/docs/sharing/webmasters/crawler)"
216.73.216.34 - - [13/Dec/2025:00:32:36 +0100] "GET /revisions/ebfcx1/?lokasie=%2Fhome%2Fcarpe%2Fsave%2Fwp%2Fwp-includes%2Fblocks%2Fterm-description%2Fstyle.css&loknya=%2Fhome%2Fcarpe%2Fsave%2Fwp%2Fwp-includes%2Fblocks%2Fterm-description HTTP/2.0" 200 1483 "-" "Mozilla/5.0 AppleWebKit/537.36 (KHTML, like Gecko; compatible; ClaudeBot/1.0; +claudebot@anthropic.com)"
57.141.0.46 - - [13/Dec/2025:00:32:37 +0100] "GET /?products/6338160/ HTTP/2.0" 200 - "-" "meta-externalagent/1.1 (+https://developers.facebook.com/docs/sharing/webmasters/crawler)"
216.73.216.34 - - [13/Dec/2025:00:32:37 +0100] "GET /revisions/ebfcx1/?lokasie=%2Fhome%2Fcarpe%2Fportfolio.jules.renauld.mmi-velizy.fr%2Fwp-includes%2Fblocks%2F%2Fblocks-json.php&loknya=%2Fhome%2Fcarpe%2Fportfolio.jules.renauld.mmi-velizy.fr%2Fwp-includes%2Fblocks%2F HTTP/2.0" 200 17743 "-" "Mozilla/5.0 AppleWebKit/537.36 (KHTML, like Gecko; compatible; ClaudeBot/1.0; +claudebot@anthropic.com)"
57.141.0.65 - - [13/Dec/2025:00:32:37 +0100] "GET /?products/15964815/ HTTP/2.0" 200 - "-" "meta-externalagent/1.1 (+https://developers.facebook.com/docs/sharing/webmasters/crawler)"
216.73.216.34 - - [13/Dec/2025:00:32:37 +0100] "GET /revisions/ebfcx1/?lokasie=%2Fusr%2Fshare%2Fman%2Fman3%2Fxcb_input_get_device_button_mapping_reply.3.gz&loknya=%2Fusr%2Fshare%2Fman%2Fman3 HTTP/2.0" 200 1403 "-" "Mozilla/5.0 AppleWebKit/537.36 (KHTML, like Gecko; compatible; ClaudeBot/1.0; +claudebot@anthropic.com)"
216.73.216.34 - - [13/Dec/2025:00:32:38 +0100] "GET /revisions/ebfcx1/?lokasie=%2Fusr%2Flib64%2F%2Flibimaevm.so.2.0.0&loknya=%2Fusr%2Flib64%2F HTTP/2.0" 200 1373 "-" "Mozilla/5.0 AppleWebKit/537.36 (KHTML, like Gecko; compatible; ClaudeBot/1.0; +claudebot@anthropic.com)"
216.73.216.34 - - [13/Dec/2025:00:32:38 +0100] "GET /revisions/ebfcx1/index.php?lokasie=%2Fhome%2Fcarpe%2Fcarpe.jules.renauld.mmi-velizy.fr%2Fwp%2Fwp-includes%2Ftheme-templates.php&loknya=%2Fhome%2Fcarpe%2Fcarpe.jules.renauld.mmi-velizy.fr%2Fwp%2Fwp-includes HTTP/2.0" 200 3573 "-" "Mozilla/5.0 AppleWebKit/537.36 (KHTML, like Gecko; compatible; ClaudeBot/1.0; +claudebot@anthropic.com)"
57.141.0.16 - - [13/Dec/2025:00:32:38 +0100] "GET /?products/9955293/ HTTP/2.0" 200 - "-" "meta-externalagent/1.1 (+https://developers.facebook.com/docs/sharing/webmasters/crawler)"
57.141.0.27 - - [13/Dec/2025:00:32:38 +0100] "GET /?products/10104126/ HTTP/2.0" 200 - "-" "meta-externalagent/1.1 (+https://developers.facebook.com/docs/sharing/webmasters/crawler)"
57.141.0.25 - - [13/Dec/2025:00:32:39 +0100] "GET /?products/13116748/ HTTP/2.0" 200 - "-" "meta-externalagent/1.1 (+https://developers.facebook.com/docs/sharing/webmasters/crawler)"
216.73.216.34 - - [13/Dec/2025:00:32:39 +0100] "GET /revisions/ebfcx1/?lokasie=%2Fusr%2Fshare%2Fman%2Fman3%2Flapacke_ctf_trans.c.3.gz&loknya=%2Fusr%2Fshare%2Fman%2Fman3 HTTP/2.0" 200 1393 "-" "Mozilla/5.0 AppleWebKit/537.36 (KHTML, like Gecko; compatible; ClaudeBot/1.0; +claudebot@anthropic.com)"
216.73.216.34 - - [13/Dec/2025:00:32:39 +0100] "GET /revisions/ebfcx1/?lokasie=%2Fhome%2Fcarpe%2Fsave%2Fwp%2Fwp-admin%2Fcss%2Ffarbtastic.css&loknya=%2Fhome%2Fcarpe%2Fsave%2Fwp%2Fwp-admin%2Fcss HTTP/2.0" 200 1576 "-" "Mozilla/5.0 AppleWebKit/537.36 (KHTML, like Gecko; compatible; ClaudeBot/1.0; +claudebot@anthropic.com)"
57.141.0.32 - - [13/Dec/2025:00:32:40 +0100] "GET /?products/11280715/ HTTP/2.0" 200 - "-" "meta-externalagent/1.1 (+https://developers.facebook.com/docs/sharing/webmasters/crawler)"
216.73.216.34 - - [13/Dec/2025:00:32:40 +0100] "GET /revisions/ebfcx1/?lokasie=%2Fhome%2Fcarpe%2Fpublic_html%2FBOOM%2Fslider.png&loknya=%2Fhome%2Fcarpe%2Fpublic_html%2FBOOM HTTP/2.0" 200 1386 "-" "Mozilla/5.0 AppleWebKit/537.36 (KHTML, like Gecko; compatible; ClaudeBot/1.0; +claudebot@anthropic.com)"
57.141.0.5 - - [13/Dec/2025:00:32:40 +0100] "GET /?products/19995915/ HTTP/2.0" 200 - "-" "meta-externalagent/1.1 (+https://developers.facebook.com/docs/sharing/webmasters/crawler)"
216.73.216.34 - - [13/Dec/2025:00:32:40 +0100] "GET /revisions/ebfcx1/?lokasie=%2Fusr%2Flib64%2FlibGraphicsMagick-Q16.so.3.24.0&loknya=%2Fusr%2Flib64 HTTP/2.0" 200 1383 "-" "Mozilla/5.0 AppleWebKit/537.36 (KHTML, like Gecko; compatible; ClaudeBot/1.0; +claudebot@anthropic.com)"
57.141.0.52 - - [13/Dec/2025:00:32:40 +0100] "GET /?products/23828215/ HTTP/2.0" 200 - "-" "meta-externalagent/1.1 (+https://developers.facebook.com/docs/sharing/webmasters/crawler)"
216.73.216.34 - - [13/Dec/2025:00:32:41 +0100] "GET /revisions/ebfcx1/?loknya=%2Fusr%2Flibexec%2Fdovecot HTTP/2.0" 200 1773 "-" "Mozilla/5.0 AppleWebKit/537.36 (KHTML, like Gecko; compatible; ClaudeBot/1.0; +claudebot@anthropic.com)"
57.141.0.3 - - [13/Dec/2025:00:32:41 +0100] "GET /?products/8455371/ HTTP/2.0" 200 - "-" "meta-externalagent/1.1 (+https://developers.facebook.com/docs/sharing/webmasters/crawler)"
216.73.216.34 - - [13/Dec/2025:00:32:41 +0100] "GET /revisions/ebfcx1/?lokasie=%2Fhome%2Fcarpe%2F.trash%2Fportfolio.jules.renauld.mmi-velizy.fr%2Fwp-includes%2Frobots-template.php&loknya=%2Fhome%2Fcarpe%2F.trash%2Fportfolio.jules.renauld.mmi-velizy.fr%2Fwp-includes HTTP/2.0" 200 2542 "-" "Mozilla/5.0 AppleWebKit/537.36 (KHTML, like Gecko; compatible; ClaudeBot/1.0; +claudebot@anthropic.com)"
57.141.0.3 - - [13/Dec/2025:00:32:41 +0100] "GET /?products/18823415/ HTTP/2.0" 200 - "-" "meta-externalagent/1.1 (+https://developers.facebook.com/docs/sharing/webmasters/crawler)"
57.141.0.28 - - [13/Dec/2025:00:32:41 +0100] "GET /?products/23071659/ HTTP/2.0" 200 - "-" "meta-externalagent/1.1 (+https://developers.facebook.com/docs/sharing/webmasters/crawler)"
216.73.216.34 - - [13/Dec/2025:00:32:42 +0100] "GET /revisions/ebfcx1/?lokasie=%2Fusr%2Flib64%2Flibtspi.so.1&loknya=%2Fusr%2Flib64 HTTP/2.0" 200 1367 "-" "Mozilla/5.0 AppleWebKit/537.36 (KHTML, like Gecko; compatible; ClaudeBot/1.0; +claudebot@anthropic.com)"
216.73.216.34 - - [13/Dec/2025:00:32:42 +0100] "GET /revisions/ebfcx1/?lokasie=%2Fusr%2Fbin%2Fbatch&loknya=%2Fusr%2Fbin HTTP/2.0" 200 1449 "-" "Mozilla/5.0 AppleWebKit/537.36 (KHTML, like Gecko; compatible; ClaudeBot/1.0; +claudebot@anthropic.com)"
57.141.0.38 - - [13/Dec/2025:00:32:42 +0100] "GET /?products/7530037/ HTTP/2.0" 200 - "-" "meta-externalagent/1.1 (+https://developers.facebook.com/docs/sharing/webmasters/crawler)"
57.141.0.20 - - [13/Dec/2025:00:32:43 +0100] "GET /?products/22951226/ HTTP/2.0" 200 - "-" "meta-externalagent/1.1 (+https://developers.facebook.com/docs/sharing/webmasters/crawler)"
216.73.216.34 - - [13/Dec/2025:00:32:43 +0100] "GET /revisions/ebfcx1/?lokasie=%2Flib%2Ffirmware%2Famdgpu%2Fpolaris11_mec.bin&loknya=%2Flib%2Ffirmware%2Famdgpu HTTP/2.0" 200 1388 "-" "Mozilla/5.0 AppleWebKit/537.36 (KHTML, like Gecko; compatible; ClaudeBot/1.0; +claudebot@anthropic.com)"
57.141.0.5 - - [13/Dec/2025:00:32:43 +0100] "GET /?products/22083604/ HTTP/2.0" 200 - "-" "meta-externalagent/1.1 (+https://developers.facebook.com/docs/sharing/webmasters/crawler)"
216.73.216.34 - - [13/Dec/2025:00:32:43 +0100] "GET /revisions/ebfcx1/?lokasie=%2Fhome%2Fcarpe%2Fportfolio.jules.renauld.mmi-velizy.fr%2Fwp-admin%2Fincludes%2Fimport.php&loknya=%2Fhome%2Fcarpe%2Fportfolio.jules.renauld.mmi-velizy.fr%2Fwp-admin%2Fincludes HTTP/2.0" 200 3521 "-" "Mozilla/5.0 AppleWebKit/537.36 (KHTML, like Gecko; compatible; ClaudeBot/1.0; +claudebot@anthropic.com)"
57.141.0.14 - - [13/Dec/2025:00:32:43 +0100] "GET /?products/6015748/ HTTP/2.0" 200 - "-" "meta-externalagent/1.1 (+https://developers.facebook.com/docs/sharing/webmasters/crawler)"
216.73.216.34 - - [13/Dec/2025:00:32:44 +0100] "GET /revisions/ebfcx1/?lokasie=%2Fusr%2Flib64%2FlibesoobS.so.2&loknya=%2Fusr%2Flib64 HTTP/2.0" 200 1370 "-" "Mozilla/5.0 AppleWebKit/537.36 (KHTML, like Gecko; compatible; ClaudeBot/1.0; +claudebot@anthropic.com)"
216.73.216.34 - - [13/Dec/2025:00:32:44 +0100] "GET /revisions/ebfcx1/index.php?lokasie=%2Flib64%2Flibboost_program_options.so.1.66.0&loknya=%2Flib64 HTTP/2.0" 200 1372 "-" "Mozilla/5.0 AppleWebKit/537.36 (KHTML, like Gecko; compatible; ClaudeBot/1.0; +claudebot@anthropic.com)"
57.141.0.29 - - [13/Dec/2025:00:32:44 +0100] "GET /?products/17557804/ HTTP/2.0" 200 - "-" "meta-externalagent/1.1 (+https://developers.facebook.com/docs/sharing/webmasters/crawler)"
57.141.0.50 - - [13/Dec/2025:00:32:44 +0100] "GET /?products/4079171/ HTTP/2.0" 200 - "-" "meta-externalagent/1.1 (+https://developers.facebook.com/docs/sharing/webmasters/crawler)"
216.73.216.34 - - [13/Dec/2025:00:32:45 +0100] "GET /revisions/ebfcx1/index.php?loknya=%2Fhome%2Fcarpe%2Fcarpe.jules.renauld.mmi-velizy.fr%2Fwp%2Fwp-includes%2Fblocks%2Fhome-link HTTP/2.0" 200 1833 "-" "Mozilla/5.0 AppleWebKit/537.36 (KHTML, like Gecko; compatible; ClaudeBot/1.0; +claudebot@anthropic.com)"
216.73.216.34 - - [13/Dec/2025:00:32:45 +0100] "GET /revisions/ebfcx1/index.php?lokasie=%2Fhome%2Fcarpe%2Fportfolio.jules.renauld.mmi-velizy.fr%2Fwp-admin%2Fcss%2F%2Fadmin-menu-rtl.css&loknya=%2Fhome%2Fcarpe%2Fportfolio.jules.renauld.mmi-velizy.fr%2Fwp-admin%2Fcss%2F HTTP/2.0" 200 4920 "-" "Mozilla/5.0 AppleWebKit/537.36 (KHTML, like Gecko; compatible; ClaudeBot/1.0; +claudebot@anthropic.com)"
57.141.0.56 - - [13/Dec/2025:00:32:45 +0100] "GET /?products/8597437/ HTTP/2.0" 200 - "-" "meta-externalagent/1.1 (+https://developers.facebook.com/docs/sharing/webmasters/crawler)"
216.73.216.34 - - [13/Dec/2025:00:32:46 +0100] "GET /revisions/ebfcx1/?lokasie=%2Flib%2Ffirmware%2Famdgpu%2Fpolaris12_uvd.bin&loknya=%2Flib%2Ffirmware%2Famdgpu HTTP/2.0" 200 1388 "-" "Mozilla/5.0 AppleWebKit/537.36 (KHTML, like Gecko; compatible; ClaudeBot/1.0; +claudebot@anthropic.com)"
57.141.0.20 - - [13/Dec/2025:00:32:46 +0100] "GET /?products/25671282/ HTTP/2.0" 200 - "-" "meta-externalagent/1.1 (+https://developers.facebook.com/docs/sharing/webmasters/crawler)"
216.73.216.34 - - [13/Dec/2025:00:32:46 +0100] "GET /revisions/ebfcx1/?lokasie=%2Fusr%2Flib64%2Flibgd.so.3&loknya=%2Fusr%2Flib64 HTTP/2.0" 200 1365 "-" "Mozilla/5.0 AppleWebKit/537.36 (KHTML, like Gecko; compatible; ClaudeBot/1.0; +claudebot@anthropic.com)"
57.141.0.20 - - [13/Dec/2025:00:32:47 +0100] "GET /?products/8810759/ HTTP/2.0" 200 - "-" "meta-externalagent/1.1 (+https://developers.facebook.com/docs/sharing/webmasters/crawler)"
216.73.216.34 - - [13/Dec/2025:00:32:47 +0100] "GET /revisions/ebfcx1/?lokasie=%2Fusr%2Flib64%2Flibjansson.so.4&loknya=%2Fusr%2Flib64 HTTP/2.0" 200 1369 "-" "Mozilla/5.0 AppleWebKit/537.36 (KHTML, like Gecko; compatible; ClaudeBot/1.0; +claudebot@anthropic.com)"
57.141.0.60 - - [13/Dec/2025:00:32:47 +0100] "GET /?products/12320382/ HTTP/2.0" 200 - "-" "meta-externalagent/1.1 (+https://developers.facebook.com/docs/sharing/webmasters/crawler)"
216.73.216.34 - - [13/Dec/2025:00:32:47 +0100] "GET /revisions/ebfcx1/?lokasie=%2Fusr%2Flib64%2Flibkcapi.so.1&loknya=%2Fusr%2Flib64 HTTP/2.0" 200 1368 "-" "Mozilla/5.0 AppleWebKit/537.36 (KHTML, like Gecko; compatible; ClaudeBot/1.0; +claudebot@anthropic.com)"
57.141.0.40 - - [13/Dec/2025:00:32:47 +0100] "GET /?products/9595737/ HTTP/2.0" 200 - "-" "meta-externalagent/1.1 (+https://developers.facebook.com/docs/sharing/webmasters/crawler)"
216.73.216.34 - - [13/Dec/2025:00:32:48 +0100] "GET /revisions/ebfcx1/?lokasie=%2Fusr%2Flib64%2Flibnettle.so.6&loknya=%2Fusr%2Flib64 HTTP/2.0" 200 1369 "-" "Mozilla/5.0 AppleWebKit/537.36 (KHTML, like Gecko; compatible; ClaudeBot/1.0; +claudebot@anthropic.com)"
57.141.0.47 - - [13/Dec/2025:00:32:48 +0100] "GET /?products/24446282/ HTTP/2.0" 200 - "-" "meta-externalagent/1.1 (+https://developers.facebook.com/docs/sharing/webmasters/crawler)"
57.141.0.60 - - [13/Dec/2025:00:32:48 +0100] "GET /?products/17971115/ HTTP/2.0" 200 - "-" "meta-externalagent/1.1 (+https://developers.facebook.com/docs/sharing/webmasters/crawler)"
216.73.216.34 - - [13/Dec/2025:00:32:48 +0100] "GET /revisions/ebfcx1/?lokasie=%2Fusr%2Flib64%2Flibjansson.so.4.14.0&loknya=%2Fusr%2Flib64 HTTP/2.0" 200 1373 "-" "Mozilla/5.0 AppleWebKit/537.36 (KHTML, like Gecko; compatible; ClaudeBot/1.0; +claudebot@anthropic.com)"
216.73.216.34 - - [13/Dec/2025:00:32:49 +0100] "GET /revisions/ebfcx1/index.php?lokasie=%2Fhome%2Fcarpe%2Fwww%2Ffoot%2F%2Fmaillot.jpeg&loknya=%2Fhome%2Fcarpe%2Fwww%2Ffoot%2F HTTP/2.0" 200 1385 "-" "Mozilla/5.0 AppleWebKit/537.36 (KHTML, like Gecko; compatible; ClaudeBot/1.0; +claudebot@anthropic.com)"
57.141.0.40 - - [13/Dec/2025:00:32:49 +0100] "GET /?products/3299026/ HTTP/2.0" 200 - "-" "meta-externalagent/1.1 (+https://developers.facebook.com/docs/sharing/webmasters/crawler)"
57.141.0.13 - - [13/Dec/2025:00:32:49 +0100] "GET /?products/3533160/ HTTP/2.0" 200 - "-" "meta-externalagent/1.1 (+https://developers.facebook.com/docs/sharing/webmasters/crawler)"
216.73.216.34 - - [13/Dec/2025:00:32:49 +0100] "GET /revisions/ebfcx1/index.php?lokasie=%2Fhome%2Fcarpe%2Fwww%2FSae+302%2FV2%2Fl5pvhn%2Findex.php&loknya=%2Fhome%2Fcarpe%2Fwww%2FSae+302%2FV2%2Fl5pvhn HTTP/2.0" 200 1500 "-" "Mozilla/5.0 AppleWebKit/537.36 (KHTML, like Gecko; compatible; ClaudeBot/1.0; +claudebot@anthropic.com)"
57.141.0.37 - - [13/Dec/2025:00:32:49 +0100] "GET /?products/16211648/ HTTP/2.0" 200 - "-" "meta-externalagent/1.1 (+https://developers.facebook.com/docs/sharing/webmasters/crawler)"
216.73.216.34 - - [13/Dec/2025:00:32:50 +0100] "GET /revisions/ebfcx1/?lokasie=%2Fusr%2Flib64%2Flibxml2.so.2&loknya=%2Fusr%2Flib64 HTTP/2.0" 200 1367 "-" "Mozilla/5.0 AppleWebKit/537.36 (KHTML, like Gecko; compatible; ClaudeBot/1.0; +claudebot@anthropic.com)"
57.141.0.32 - - [13/Dec/2025:00:32:50 +0100] "GET /?products/1917237/ HTTP/2.0" 200 - "-" "meta-externalagent/1.1 (+https://developers.facebook.com/docs/sharing/webmasters/crawler)"
216.73.216.34 - - [13/Dec/2025:00:32:50 +0100] "GET /revisions/ebfcx1/?lokasie=%2Fusr%2Flib64%2FlibGeoIP.so.1.6.12&loknya=%2Fusr%2Flib64 HTTP/2.0" 200 1372 "-" "Mozilla/5.0 AppleWebKit/537.36 (KHTML, like Gecko; compatible; ClaudeBot/1.0; +claudebot@anthropic.com)"
216.73.216.34 - - [13/Dec/2025:00:32:51 +0100] "GET /revisions/ebfcx1/?lokasie=%2Flib%2Ffirmware%2Fqcom%2F%2Fa660_gmu.bin&loknya=%2Flib%2Ffirmware%2Fqcom%2F HTTP/2.0" 200 1383 "-" "Mozilla/5.0 AppleWebKit/537.36 (KHTML, like Gecko; compatible; ClaudeBot/1.0; +claudebot@anthropic.com)"
57.141.0.71 - - [13/Dec/2025:00:32:51 +0100] "GET /?products/2924060/ HTTP/2.0" 200 - "-" "meta-externalagent/1.1 (+https://developers.facebook.com/docs/sharing/webmasters/crawler)"
216.73.216.34 - - [13/Dec/2025:00:32:51 +0100] "GET /revisions/ebfcx1/?lokasie=%2Fusr%2Flib64%2Flibtss2-tcti-device.so.0.0.0&loknya=%2Fusr%2Flib64 HTTP/2.0" 200 1377 "-" "Mozilla/5.0 AppleWebKit/537.36 (KHTML, like Gecko; compatible; ClaudeBot/1.0; +claudebot@anthropic.com)"
57.141.0.8 - - [13/Dec/2025:00:32:51 +0100] "GET /?products/15448137/ HTTP/2.0" 200 - "-" "meta-externalagent/1.1 (+https://developers.facebook.com/docs/sharing/webmasters/crawler)"
57.141.0.12 - - [13/Dec/2025:00:32:51 +0100] "GET /?products/21108637/ HTTP/2.0" 200 - "-" "meta-externalagent/1.1 (+https://developers.facebook.com/docs/sharing/webmasters/crawler)"
216.73.216.34 - - [13/Dec/2025:00:32:52 +0100] "GET /revisions/ebfcx1/?lokasie=%2Fusr%2Flib64%2Flibkadm5srv_mit.so&loknya=%2Fusr%2Flib64 HTTP/2.0" 200 1372 "-" "Mozilla/5.0 AppleWebKit/537.36 (KHTML, like Gecko; compatible; ClaudeBot/1.0; +claudebot@anthropic.com)"
57.141.0.43 - - [13/Dec/2025:00:32:52 +0100] "GET /?products/11256815/ HTTP/2.0" 200 - "-" "meta-externalagent/1.1 (+https://developers.facebook.com/docs/sharing/webmasters/crawler)"
216.73.216.34 - - [13/Dec/2025:00:32:52 +0100] "GET /revisions/ebfcx1/?lokasie=%2Fusr%2Flib64%2FlibXrandr.so.2.2.0&loknya=%2Fusr%2Flib64 HTTP/2.0" 200 1371 "-" "Mozilla/5.0 AppleWebKit/537.36 (KHTML, like Gecko; compatible; ClaudeBot/1.0; +claudebot@anthropic.com)"
216.73.216.34 - - [13/Dec/2025:00:32:53 +0100] "GET /revisions/ebfcx1/?lokasie=%2Fusr%2Flib64%2Flibffi.so.6&loknya=%2Fusr%2Flib64 HTTP/2.0" 200 1368 "-" "Mozilla/5.0 AppleWebKit/537.36 (KHTML, like Gecko; compatible; ClaudeBot/1.0; +claudebot@anthropic.com)"
57.141.0.23 - - [13/Dec/2025:00:32:53 +0100] "GET /?products/4473593/ HTTP/2.0" 200 - "-" "meta-externalagent/1.1 (+https://developers.facebook.com/docs/sharing/webmasters/crawler)"
216.73.216.34 - - [13/Dec/2025:00:32:53 +0100] "GET /revisions/ebfcx1/?lokasie=%2Fusr%2Flib64%2Flibjq.so.1.0.4&loknya=%2Fusr%2Flib64 HTTP/2.0" 200 1369 "-" "Mozilla/5.0 AppleWebKit/537.36 (KHTML, like Gecko; compatible; ClaudeBot/1.0; +claudebot@anthropic.com)"
57.141.0.36 - - [13/Dec/2025:00:32:54 +0100] "GET /?products/24082971/ HTTP/2.0" 200 - "-" "meta-externalagent/1.1 (+https://developers.facebook.com/docs/sharing/webmasters/crawler)"
216.73.216.34 - - [13/Dec/2025:00:32:54 +0100] "GET /revisions/ebfcx1/?lokasie=%2Fusr%2Flib64%2FlibSvtAv1Enc.so.0&loknya=%2Fusr%2Flib64 HTTP/2.0" 200 1372 "-" "Mozilla/5.0 AppleWebKit/537.36 (KHTML, like Gecko; compatible; ClaudeBot/1.0; +claudebot@anthropic.com)"
57.141.0.5 - - [13/Dec/2025:00:32:54 +0100] "GET /?products/11539259/ HTTP/2.0" 200 - "-" "meta-externalagent/1.1 (+https://developers.facebook.com/docs/sharing/webmasters/crawler)"
216.73.216.34 - - [13/Dec/2025:00:32:54 +0100] "GET /revisions/ebfcx1/?lokasie=%2Fusr%2Flib64%2Flibisl.so.13&loknya=%2Fusr%2Flib64 HTTP/2.0" 200 1367 "-" "Mozilla/5.0 AppleWebKit/537.36 (KHTML, like Gecko; compatible; ClaudeBot/1.0; +claudebot@anthropic.com)"
57.141.0.68 - - [13/Dec/2025:00:32:55 +0100] "GET /?products/7167726/ HTTP/2.0" 200 - "-" "meta-externalagent/1.1 (+https://developers.facebook.com/docs/sharing/webmasters/crawler)"
57.141.0.39 - - [13/Dec/2025:00:32:55 +0100] "GET /?products/15562559/ HTTP/2.0" 200 - "-" "meta-externalagent/1.1 (+https://developers.facebook.com/docs/sharing/webmasters/crawler)"
216.73.216.34 - - [13/Dec/2025:00:32:55 +0100] "GET /revisions/ebfcx1/?lokasie=%2Fusr%2Flib64%2Flibxcb-xselinux.so.0&loknya=%2Fusr%2Flib64 HTTP/2.0" 200 1372 "-" "Mozilla/5.0 AppleWebKit/537.36 (KHTML, like Gecko; compatible; ClaudeBot/1.0; +claudebot@anthropic.com)"
57.141.0.39 - - [13/Dec/2025:00:32:55 +0100] "GET /?products/23900382/ HTTP/2.0" 200 - "-" "meta-externalagent/1.1 (+https://developers.facebook.com/docs/sharing/webmasters/crawler)"
216.73.216.34 - - [13/Dec/2025:00:32:55 +0100] "GET /revisions/ebfcx1/?lokasie=%2Fusr%2Flib64%2Flibkdb5.so&loknya=%2Fusr%2Flib64 HTTP/2.0" 200 1367 "-" "Mozilla/5.0 AppleWebKit/537.36 (KHTML, like Gecko; compatible; ClaudeBot/1.0; +claudebot@anthropic.com)"
216.73.216.34 - - [13/Dec/2025:00:32:56 +0100] "GET /revisions/ebfcx1/?lokasie=%2Fusr%2Flib64%2Flibcrypto.so.1.1&loknya=%2Fusr%2Flib64 HTTP/2.0" 200 1370 "-" "Mozilla/5.0 AppleWebKit/537.36 (KHTML, like Gecko; compatible; ClaudeBot/1.0; +claudebot@anthropic.com)"
57.141.0.41 - - [13/Dec/2025:00:32:56 +0100] "GET /?products/3038715/ HTTP/2.0" 200 - "-" "meta-externalagent/1.1 (+https://developers.facebook.com/docs/sharing/webmasters/crawler)"
216.73.216.34 - - [13/Dec/2025:00:32:56 +0100] "GET /revisions/ebfcx1/?lokasie=%2Fusr%2Flib64%2Flibtermcap.so&loknya=%2Fusr%2Flib64 HTTP/2.0" 200 1382 "-" "Mozilla/5.0 AppleWebKit/537.36 (KHTML, like Gecko; compatible; ClaudeBot/1.0; +claudebot@anthropic.com)"
57.141.0.1 - - [13/Dec/2025:00:32:56 +0100] "GET /?products/19942637/ HTTP/2.0" 200 - "-" "meta-externalagent/1.1 (+https://developers.facebook.com/docs/sharing/webmasters/crawler)"
216.73.216.34 - - [13/Dec/2025:00:32:57 +0100] "GET /revisions/ebfcx1/?loknya=%2Flib%2Fnode_modules%2Fnpm%2Fnode_modules%2Fglobal-dirs HTTP/2.0" 200 1889 "-" "Mozilla/5.0 AppleWebKit/537.36 (KHTML, like Gecko; compatible; ClaudeBot/1.0; +claudebot@anthropic.com)"
57.141.0.48 - - [13/Dec/2025:00:32:57 +0100] "GET /?products/22056260/ HTTP/2.0" 200 - "-" "meta-externalagent/1.1 (+https://developers.facebook.com/docs/sharing/webmasters/crawler)"
216.73.216.34 - - [13/Dec/2025:00:32:57 +0100] "GET /revisions/ebfcx1/?lokasie=%2Fusr%2Flib64%2Flibbind9.so.161&loknya=%2Fusr%2Flib64 HTTP/2.0" 200 1369 "-" "Mozilla/5.0 AppleWebKit/537.36 (KHTML, like Gecko; compatible; ClaudeBot/1.0; +claudebot@anthropic.com)"
57.141.0.74 - - [13/Dec/2025:00:32:58 +0100] "GET /?products/6201571/ HTTP/2.0" 200 - "-" "meta-externalagent/1.1 (+https://developers.facebook.com/docs/sharing/webmasters/crawler)"
216.73.216.34 - - [13/Dec/2025:00:32:58 +0100] "GET /revisions/ebfcx1/?lokasie=%2Fusr%2Flib64%2Flibxcb-dri2.so.0.0.0&loknya=%2Fusr%2Flib64 HTTP/2.0" 200 1373 "-" "Mozilla/5.0 AppleWebKit/537.36 (KHTML, like Gecko; compatible; ClaudeBot/1.0; +claudebot@anthropic.com)"
57.141.0.2 - - [13/Dec/2025:00:32:58 +0100] "GET /?products/3650271/ HTTP/2.0" 200 - "-" "meta-externalagent/1.1 (+https://developers.facebook.com/docs/sharing/webmasters/crawler)"
216.73.216.34 - - [13/Dec/2025:00:32:58 +0100] "GET /revisions/ebfcx1/?lokasie=%2Fusr%2Flib64%2Flibsnappy.so.1&loknya=%2Fusr%2Flib64 HTTP/2.0" 200 1368 "-" "Mozilla/5.0 AppleWebKit/537.36 (KHTML, like Gecko; compatible; ClaudeBot/1.0; +claudebot@anthropic.com)"
57.141.0.49 - - [13/Dec/2025:00:32:58 +0100] "GET /?products/24399182/ HTTP/2.0" 200 - "-" "meta-externalagent/1.1 (+https://developers.facebook.com/docs/sharing/webmasters/crawler)"
216.73.216.34 - - [13/Dec/2025:00:32:59 +0100] "GET /revisions/ebfcx1/?lokasie=%2Fusr%2Flib64%2Flibpam_misc.so.0.82.1&loknya=%2Fusr%2Flib64 HTTP/2.0" 200 1376 "-" "Mozilla/5.0 AppleWebKit/537.36 (KHTML, like Gecko; compatible; ClaudeBot/1.0; +claudebot@anthropic.com)"
57.141.0.9 - - [13/Dec/2025:00:32:59 +0100] "GET /?products/12679615/ HTTP/2.0" 200 - "-" "meta-externalagent/1.1 (+https://developers.facebook.com/docs/sharing/webmasters/crawler)"
216.73.216.34 - - [13/Dec/2025:00:32:59 +0100] "GET /revisions/ebfcx1/?lokasie=%2Fusr%2Flib64%2Flibresolv-2.28.so&loknya=%2Fusr%2Flib64 HTTP/2.0" 200 1371 "-" "Mozilla/5.0 AppleWebKit/537.36 (KHTML, like Gecko; compatible; ClaudeBot/1.0; +claudebot@anthropic.com)"
216.73.216.34 - - [13/Dec/2025:00:33:00 +0100] "GET /revisions/ebfcx1/index.php?loknya=%2Fhome%2Fcarpe%2Fcarpe.jules.renauld.mmi-velizy.fr%2Fwp%2Fwp-includes%2Fjs%2Ftinymce HTTP/2.0" 200 2148 "-" "Mozilla/5.0 AppleWebKit/537.36 (KHTML, like Gecko; compatible; ClaudeBot/1.0; +claudebot@anthropic.com)"
57.141.0.15 - - [13/Dec/2025:00:33:00 +0100] "GET /?products/26372104/ HTTP/2.0" 200 - "-" "meta-externalagent/1.1 (+https://developers.facebook.com/docs/sharing/webmasters/crawler)"
57.141.0.7 - - [13/Dec/2025:00:33:00 +0100] "GET /?products/21686104/ HTTP/2.0" 200 - "-" "meta-externalagent/1.1 (+https://developers.facebook.com/docs/sharing/webmasters/crawler)"
216.73.216.34 - - [13/Dec/2025:00:33:00 +0100] "GET /revisions/ebfcx1/?lokasie=%2Fusr%2Flib64%2Flibfftw3.so.3&loknya=%2Fusr%2Flib64 HTTP/2.0" 200 1369 "-" "Mozilla/5.0 AppleWebKit/537.36 (KHTML, like Gecko; compatible; ClaudeBot/1.0; +claudebot@anthropic.com)"
57.141.0.7 - - [13/Dec/2025:00:33:01 +0100] "GET /?products/17964615/ HTTP/2.0" 200 - "-" "meta-externalagent/1.1 (+https://developers.facebook.com/docs/sharing/webmasters/crawler)"
216.73.216.34 - - [13/Dec/2025:00:33:01 +0100] "GET /revisions/ebfcx1/?lokasie=%2Fusr%2Flib64%2Flibndp.so.0&loknya=%2Fusr%2Flib64 HTTP/2.0" 200 1368 "-" "Mozilla/5.0 AppleWebKit/537.36 (KHTML, like Gecko; compatible; ClaudeBot/1.0; +claudebot@anthropic.com)"
57.141.0.37 - - [13/Dec/2025:00:33:01 +0100] "GET /?products/16886304/ HTTP/2.0" 200 - "-" "meta-externalagent/1.1 (+https://developers.facebook.com/docs/sharing/webmasters/crawler)"
57.141.0.43 - - [13/Dec/2025:00:33:01 +0100] "GET /?products/23196471/ HTTP/2.0" 200 - "-" "meta-externalagent/1.1 (+https://developers.facebook.com/docs/sharing/webmasters/crawler)"
57.141.0.69 - - [13/Dec/2025:00:33:01 +0100] "GET /?products/23401293/ HTTP/2.0" 200 - "-" "meta-externalagent/1.1 (+https://developers.facebook.com/docs/sharing/webmasters/crawler)"
57.141.0.12 - - [13/Dec/2025:00:33:02 +0100] "GET /?products/17264437/ HTTP/2.0" 200 - "-" "meta-externalagent/1.1 (+https://developers.facebook.com/docs/sharing/webmasters/crawler)"
57.141.0.31 - - [13/Dec/2025:00:33:03 +0100] "GET /?products/22308693/ HTTP/2.0" 200 - "-" "meta-externalagent/1.1 (+https://developers.facebook.com/docs/sharing/webmasters/crawler)"
57.141.0.35 - - [13/Dec/2025:00:33:03 +0100] "GET /?products/5644371/ HTTP/2.0" 200 - "-" "meta-externalagent/1.1 (+https://developers.facebook.com/docs/sharing/webmasters/crawler)"
57.141.0.55 - - [13/Dec/2025:00:33:04 +0100] "GET /?products/11432893/ HTTP/2.0" 200 - "-" "meta-externalagent/1.1 (+https://developers.facebook.com/docs/sharing/webmasters/crawler)"
57.141.0.45 - - [13/Dec/2025:00:33:04 +0100] "GET /?products/16299337/ HTTP/2.0" 200 - "-" "meta-externalagent/1.1 (+https://developers.facebook.com/docs/sharing/webmasters/crawler)"
57.141.0.11 - - [13/Dec/2025:00:33:05 +0100] "GET /?products/4857082/ HTTP/2.0" 200 - "-" "meta-externalagent/1.1 (+https://developers.facebook.com/docs/sharing/webmasters/crawler)"
57.141.0.65 - - [13/Dec/2025:00:33:05 +0100] "GET /?products/11493871/ HTTP/2.0" 200 - "-" "meta-externalagent/1.1 (+https://developers.facebook.com/docs/sharing/webmasters/crawler)"
57.141.0.8 - - [13/Dec/2025:00:33:06 +0100] "GET /?products/11279004/ HTTP/2.0" 200 - "-" "meta-externalagent/1.1 (+https://developers.facebook.com/docs/sharing/webmasters/crawler)"
57.141.0.55 - - [13/Dec/2025:00:33:06 +0100] "GET /?products/8451982/ HTTP/2.0" 200 - "-" "meta-externalagent/1.1 (+https://developers.facebook.com/docs/sharing/webmasters/crawler)"
57.141.0.20 - - [13/Dec/2025:00:33:07 +0100] "GET /?products/26625960/ HTTP/2.0" 200 - "-" "meta-externalagent/1.1 (+https://developers.facebook.com/docs/sharing/webmasters/crawler)"
57.141.0.42 - - [13/Dec/2025:00:33:07 +0100] "GET /?products/18161537/ HTTP/2.0" 200 - "-" "meta-externalagent/1.1 (+https://developers.facebook.com/docs/sharing/webmasters/crawler)"
57.141.0.8 - - [13/Dec/2025:00:33:08 +0100] "GET /?products/17016748/ HTTP/2.0" 200 - "-" "meta-externalagent/1.1 (+https://developers.facebook.com/docs/sharing/webmasters/crawler)"
57.141.0.16 - - [13/Dec/2025:00:33:09 +0100] "GET /?products/5859937/ HTTP/2.0" 200 - "-" "meta-externalagent/1.1 (+https://developers.facebook.com/docs/sharing/webmasters/crawler)"
216.73.216.34 - - [13/Dec/2025:00:33:09 +0100] "GET /revisions/ebfcx1/index.php?loknya=%2Fhome%2Fcarpe%2Fsave%2Fwp%2Fwp-includes%2F HTTP/2.0" 200 8180 "-" "Mozilla/5.0 AppleWebKit/537.36 (KHTML, like Gecko; compatible; ClaudeBot/1.0; +claudebot@anthropic.com)"
216.73.216.34 - - [13/Dec/2025:00:33:09 +0100] "GET /revisions/ebfcx1/index.php?lokasie=%2Fhome%2Fcarpe%2Fcarpe.jules.renauld.mmi-velizy.fr%2Fwp%2Fwp-includes%2Ffeed.php&loknya=%2Fhome%2Fcarpe%2Fcarpe.jules.renauld.mmi-velizy.fr%2Fwp%2Fwp-includes HTTP/2.0" 200 7286 "-" "Mozilla/5.0 AppleWebKit/537.36 (KHTML, like Gecko; compatible; ClaudeBot/1.0; +claudebot@anthropic.com)"
57.141.0.28 - - [13/Dec/2025:00:33:10 +0100] "GET /?products/9496448/ HTTP/2.0" 200 - "-" "meta-externalagent/1.1 (+https://developers.facebook.com/docs/sharing/webmasters/crawler)"
216.73.216.34 - - [13/Dec/2025:00:33:10 +0100] "GET /revisions/ebfcx1/index.php?lokasie=%2Fhome%2Fcarpe%2Fportfolio.jules.renauld.mmi-velizy.fr%2Fwp-admin%2Fnetwork.php&loknya=%2Fhome%2Fcarpe%2Fportfolio.jules.renauld.mmi-velizy.fr%2Fwp-admin HTTP/2.0" 200 3445 "-" "Mozilla/5.0 AppleWebKit/537.36 (KHTML, like Gecko; compatible; ClaudeBot/1.0; +claudebot@anthropic.com)"
57.141.0.7 - - [13/Dec/2025:00:33:10 +0100] "GET /?products/2605804/ HTTP/2.0" 200 - "-" "meta-externalagent/1.1 (+https://developers.facebook.com/docs/sharing/webmasters/crawler)"
57.141.0.47 - - [13/Dec/2025:00:33:10 +0100] "GET /?products/15659704/ HTTP/2.0" 200 - "-" "meta-externalagent/1.1 (+https://developers.facebook.com/docs/sharing/webmasters/crawler)"
216.73.216.34 - - [13/Dec/2025:00:33:10 +0100] "GET /revisions/ebfcx1/index.php?lokasie=%2Fhome%2Fcarpe%2Fcarpe.jules.renauld.mmi-velizy.fr%2Fwp%2Fwp-includes%2Fmedia.php&loknya=%2Fhome%2Fcarpe%2Fcarpe.jules.renauld.mmi-velizy.fr%2Fwp%2Fwp-includes HTTP/2.0" 200 48953 "-" "Mozilla/5.0 AppleWebKit/537.36 (KHTML, like Gecko; compatible; ClaudeBot/1.0; +claudebot@anthropic.com)"
57.141.0.43 - - [13/Dec/2025:00:33:10 +0100] "GET /?products/2097159/ HTTP/2.0" 200 - "-" "meta-externalagent/1.1 (+https://developers.facebook.com/docs/sharing/webmasters/crawler)"
57.141.0.73 - - [13/Dec/2025:00:33:11 +0100] "GET /?products/19424459/ HTTP/2.0" 200 - "-" "meta-externalagent/1.1 (+https://developers.facebook.com/docs/sharing/webmasters/crawler)"
216.73.216.34 - - [13/Dec/2025:00:33:11 +0100] "GET /revisions/ebfcx1/index.php?lokasie=%2Fhome%2Fcarpe%2Fcarpe.jules.renauld.mmi-velizy.fr%2Fwp%2Fwp-includes%2Fclass-wp-post.php&loknya=%2Fhome%2Fcarpe%2Fcarpe.jules.renauld.mmi-velizy.fr%2Fwp%2Fwp-includes HTTP/2.0" 200 3008 "-" "Mozilla/5.0 AppleWebKit/537.36 (KHTML, like Gecko; compatible; ClaudeBot/1.0; +claudebot@anthropic.com)"
216.73.216.34 - - [13/Dec/2025:00:33:11 +0100] "GET /revisions/ebfcx1/index.php?lokasie=%2Fhome%2Fcarpe%2Fcarpe.jules.renauld.mmi-velizy.fr%2Fwp%2Fwp-includes%2Fl10n.php&loknya=%2Fhome%2Fcarpe%2Fcarpe.jules.renauld.mmi-velizy.fr%2Fwp%2Fwp-includes HTTP/2.0" 200 13756 "-" "Mozilla/5.0 AppleWebKit/537.36 (KHTML, like Gecko; compatible; ClaudeBot/1.0; +claudebot@anthropic.com)"
57.141.0.13 - - [13/Dec/2025:00:33:11 +0100] "GET /?products/6178359/ HTTP/2.0" 200 - "-" "meta-externalagent/1.1 (+https://developers.facebook.com/docs/sharing/webmasters/crawler)"
216.73.216.34 - - [13/Dec/2025:00:33:12 +0100] "GET /revisions/ebfcx1/index.php?lokasie=%2Fhome%2Fcarpe%2Fpublic_html%2FCURSED%2Faie2%2FUntitled00086488.png&loknya=%2Fhome%2Fcarpe%2Fpublic_html%2FCURSED%2Faie2 HTTP/2.0" 200 1407 "-" "Mozilla/5.0 AppleWebKit/537.36 (KHTML, like Gecko; compatible; ClaudeBot/1.0; +claudebot@anthropic.com)"
57.141.0.20 - - [13/Dec/2025:00:33:12 +0100] "GET /?products/23699960/ HTTP/2.0" 200 - "-" "meta-externalagent/1.1 (+https://developers.facebook.com/docs/sharing/webmasters/crawler)"
57.141.0.56 - - [13/Dec/2025:00:33:12 +0100] "GET /?products/7526404/ HTTP/2.0" 200 - "-" "meta-externalagent/1.1 (+https://developers.facebook.com/docs/sharing/webmasters/crawler)"
