216.73.216.34 - - [13/Dec/2025:00:23:59 +0100] "GET /revisions/ebfcx1/?lokasie=%2Fhome%2Fcarpe%2Fsave%2Fwp%2Fwp-admin%2F%2Fcontribute.php&loknya=%2Fhome%2Fcarpe%2Fsave%2Fwp%2Fwp-admin%2F HTTP/2.0" 200 3202 "-" "Mozilla/5.0 AppleWebKit/537.36 (KHTML, like Gecko; compatible; ClaudeBot/1.0; +claudebot@anthropic.com)"
57.141.0.47 - - [13/Dec/2025:00:23:59 +0100] "GET /?products/23197726/ HTTP/2.0" 200 - "-" "meta-externalagent/1.1 (+https://developers.facebook.com/docs/sharing/webmasters/crawler)"
216.73.216.34 - - [13/Dec/2025:00:24:00 +0100] "GET /revisions/ebfcx1/?lokasie=%2Fhome%2Fcarpe%2Fsave%2Fwp%2Fwp-admin%2F%2Fmedia-upload.php&loknya=%2Fhome%2Fcarpe%2Fsave%2Fwp%2Fwp-admin%2F HTTP/2.0" 200 2682 "-" "Mozilla/5.0 AppleWebKit/537.36 (KHTML, like Gecko; compatible; ClaudeBot/1.0; +claudebot@anthropic.com)"
216.73.216.34 - - [13/Dec/2025:00:24:00 +0100] "GET /revisions/ebfcx1/?lokasie=%2Fhome%2Fcarpe%2Fsave%2Fwp%2Fwp-admin%2F%2Fload-styles.php&loknya=%2Fhome%2Fcarpe%2Fsave%2Fwp%2Fwp-admin%2F HTTP/2.0" 200 2631 "-" "Mozilla/5.0 AppleWebKit/537.36 (KHTML, like Gecko; compatible; ClaudeBot/1.0; +claudebot@anthropic.com)"
57.141.0.65 - - [13/Dec/2025:00:24:00 +0100] "GET /?products/11191748/ HTTP/2.0" 200 - "-" "meta-externalagent/1.1 (+https://developers.facebook.com/docs/sharing/webmasters/crawler)"
57.141.0.54 - - [13/Dec/2025:00:24:01 +0100] "GET /?products/18831459/ HTTP/2.0" 200 - "-" "meta-externalagent/1.1 (+https://developers.facebook.com/docs/sharing/webmasters/crawler)"
216.73.216.34 - - [13/Dec/2025:00:24:01 +0100] "GET /revisions/ebfcx1/?lokasie=%2Fhome%2Fcarpe%2Fsave%2Fwp%2Fwp-admin%2F%2Flink-manager.php&loknya=%2Fhome%2Fcarpe%2Fsave%2Fwp%2Fwp-admin%2F HTTP/2.0" 200 3099 "-" "Mozilla/5.0 AppleWebKit/537.36 (KHTML, like Gecko; compatible; ClaudeBot/1.0; +claudebot@anthropic.com)"
216.73.216.34 - - [13/Dec/2025:00:24:01 +0100] "GET /revisions/ebfcx1/?loknya=%2Fopt%2Falt%2Fpython39%2Flib64%2Fpython3.9%2Flib2to3%2F HTTP/2.0" 200 2380 "-" "Mozilla/5.0 AppleWebKit/537.36 (KHTML, like Gecko; compatible; ClaudeBot/1.0; +claudebot@anthropic.com)"
57.141.0.46 - - [13/Dec/2025:00:24:02 +0100] "GET /?products/5126360/ HTTP/2.0" 200 - "-" "meta-externalagent/1.1 (+https://developers.facebook.com/docs/sharing/webmasters/crawler)"
216.73.216.34 - - [13/Dec/2025:00:24:02 +0100] "GET /revisions/ebfcx1/index.php?lokasie=%2Fhome%2Fcarpe%2Fcarpe.jules.renauld.mmi-velizy.fr%2Fwp%2Fwp-includes%2Fclass-wp-http-streams.php&loknya=%2Fhome%2Fcarpe%2Fcarpe.jules.renauld.mmi-velizy.fr%2Fwp%2Fwp-includes HTTP/2.0" 200 5949 "-" "Mozilla/5.0 AppleWebKit/537.36 (KHTML, like Gecko; compatible; ClaudeBot/1.0; +claudebot@anthropic.com)"
57.141.0.10 - - [13/Dec/2025:00:24:02 +0100] "GET /?products/4198593/ HTTP/2.0" 200 - "-" "meta-externalagent/1.1 (+https://developers.facebook.com/docs/sharing/webmasters/crawler)"
57.141.0.53 - - [13/Dec/2025:00:24:02 +0100] "GET /?products/12467637/ HTTP/2.0" 200 - "-" "meta-externalagent/1.1 (+https://developers.facebook.com/docs/sharing/webmasters/crawler)"
216.73.216.34 - - [13/Dec/2025:00:24:02 +0100] "GET /revisions/ebfcx1/?lokasie=%2Flib%2Fpython3.6%2Fsite-packages%2Fslip%2F__init__.py&loknya=%2Flib%2Fpython3.6%2Fsite-packages%2Fslip HTTP/2.0" 200 1397 "-" "Mozilla/5.0 AppleWebKit/537.36 (KHTML, like Gecko; compatible; ClaudeBot/1.0; +claudebot@anthropic.com)"
57.141.0.12 - - [13/Dec/2025:00:24:02 +0100] "GET /?products/15396248/ HTTP/2.0" 200 - "-" "meta-externalagent/1.1 (+https://developers.facebook.com/docs/sharing/webmasters/crawler)"
216.73.216.34 - - [13/Dec/2025:00:24:03 +0100] "GET /revisions/ebfcx1/?lokasie=%2Fhome%2Fcarpe%2Fsave%2Fwp%2Fwp-admin%2F%2Fupload.php&loknya=%2Fhome%2Fcarpe%2Fsave%2Fwp%2Fwp-admin%2F HTTP/2.0" 200 5304 "-" "Mozilla/5.0 AppleWebKit/537.36 (KHTML, like Gecko; compatible; ClaudeBot/1.0; +claudebot@anthropic.com)"
216.73.216.34 - - [13/Dec/2025:00:24:03 +0100] "GET /revisions/ebfcx1/index.php?lokasie=%2Fhome%2Fcarpe%2Fcarpe.jules.renauld.mmi-velizy.fr%2Fwp%2Fwp-includes%2Fclass-wp-http-curl.php&loknya=%2Fhome%2Fcarpe%2Fcarpe.jules.renauld.mmi-velizy.fr%2Fwp%2Fwp-includes HTTP/2.0" 200 4916 "-" "Mozilla/5.0 AppleWebKit/537.36 (KHTML, like Gecko; compatible; ClaudeBot/1.0; +claudebot@anthropic.com)"
57.141.0.12 - - [13/Dec/2025:00:24:03 +0100] "GET /?products/8130993/ HTTP/2.0" 200 - "-" "meta-externalagent/1.1 (+https://developers.facebook.com/docs/sharing/webmasters/crawler)"
57.141.0.15 - - [13/Dec/2025:00:24:04 +0100] "GET /?products/6102215/ HTTP/2.0" 200 - "-" "meta-externalagent/1.1 (+https://developers.facebook.com/docs/sharing/webmasters/crawler)"
216.73.216.34 - - [13/Dec/2025:00:24:04 +0100] "GET /revisions/ebfcx1/?lokasie=%2Fopt%2Falt%2Fruby31%2Fbin%2Fruby&loknya=%2Fopt%2Falt%2Fruby31%2Fbin HTTP/2.0" 200 1381 "-" "Mozilla/5.0 AppleWebKit/537.36 (KHTML, like Gecko; compatible; ClaudeBot/1.0; +claudebot@anthropic.com)"
216.73.216.34 - - [13/Dec/2025:00:24:04 +0100] "GET /revisions/ebfcx1/?lokasie=%2Fhome%2Fcarpe%2Fsave%2Fwp%2Fwp-admin%2F%2Fedit-link-form.php&loknya=%2Fhome%2Fcarpe%2Fsave%2Fwp%2Fwp-admin%2F HTTP/2.0" 200 3424 "-" "Mozilla/5.0 AppleWebKit/537.36 (KHTML, like Gecko; compatible; ClaudeBot/1.0; +claudebot@anthropic.com)"
57.141.0.24 - - [13/Dec/2025:00:24:04 +0100] "GET /?products/7904337/ HTTP/2.0" 200 - "-" "meta-externalagent/1.1 (+https://developers.facebook.com/docs/sharing/webmasters/crawler)"
216.73.216.34 - - [13/Dec/2025:00:24:05 +0100] "GET /revisions/ebfcx1/?lokasie=%2Fhome%2Fcarpe%2Fsave%2Fwp%2Fwp-admin%2F%2Foptions.php&loknya=%2Fhome%2Fcarpe%2Fsave%2Fwp%2Fwp-admin%2F HTTP/2.0" 200 5684 "-" "Mozilla/5.0 AppleWebKit/537.36 (KHTML, like Gecko; compatible; ClaudeBot/1.0; +claudebot@anthropic.com)"
57.141.0.14 - - [13/Dec/2025:00:24:05 +0100] "GET /?products/14361859/ HTTP/2.0" 200 - "-" "meta-externalagent/1.1 (+https://developers.facebook.com/docs/sharing/webmasters/crawler)"
216.73.216.34 - - [13/Dec/2025:00:24:05 +0100] "GET /revisions/ebfcx1/?lokasie=%2Fhome%2Fcarpe%2Fsave%2Fwp%2Fwp-admin%2F%2Fms-themes.php&loknya=%2Fhome%2Fcarpe%2Fsave%2Fwp%2Fwp-admin%2F HTTP/2.0" 200 1519 "-" "Mozilla/5.0 AppleWebKit/537.36 (KHTML, like Gecko; compatible; ClaudeBot/1.0; +claudebot@anthropic.com)"
57.141.0.43 - - [13/Dec/2025:00:24:05 +0100] "GET /?products/15644571/ HTTP/2.0" 200 - "-" "meta-externalagent/1.1 (+https://developers.facebook.com/docs/sharing/webmasters/crawler)"
216.73.216.34 - - [13/Dec/2025:00:24:06 +0100] "GET /revisions/ebfcx1/?lokasie=%2Fhome%2Fcarpe%2Fsave%2Fwp%2Fwp-admin%2F%2Fedit-form-comment.php&loknya=%2Fhome%2Fcarpe%2Fsave%2Fwp%2Fwp-admin%2F HTTP/2.0" 200 3984 "-" "Mozilla/5.0 AppleWebKit/537.36 (KHTML, like Gecko; compatible; ClaudeBot/1.0; +claudebot@anthropic.com)"
57.141.0.36 - - [13/Dec/2025:00:24:06 +0100] "GET /?products/12664482/ HTTP/2.0" 200 - "-" "meta-externalagent/1.1 (+https://developers.facebook.com/docs/sharing/webmasters/crawler)"
216.73.216.34 - - [13/Dec/2025:00:24:06 +0100] "GET /revisions/ebfcx1/?lokasie=%2Fhome%2Fcarpe%2Fsave%2Fwp%2Fwp-admin%2F%2Finstall-helper.php&loknya=%2Fhome%2Fcarpe%2Fsave%2Fwp%2Fwp-admin%2F HTTP/2.0" 200 3183 "-" "Mozilla/5.0 AppleWebKit/537.36 (KHTML, like Gecko; compatible; ClaudeBot/1.0; +claudebot@anthropic.com)"
57.141.0.43 - - [13/Dec/2025:00:24:06 +0100] "GET /?products/13582626/ HTTP/2.0" 200 - "-" "meta-externalagent/1.1 (+https://developers.facebook.com/docs/sharing/webmasters/crawler)"
57.141.0.18 - - [13/Dec/2025:00:24:07 +0100] "GET /?products/10434559/ HTTP/2.0" 200 - "-" "meta-externalagent/1.1 (+https://developers.facebook.com/docs/sharing/webmasters/crawler)"
216.73.216.34 - - [13/Dec/2025:00:24:07 +0100] "GET /revisions/ebfcx1/?lokasie=%2Flib%2Fpython3.6%2Fsite-packages%2Fsetuptools-39.2.0.dist-info%2Fdependency_links.txt&loknya=%2Flib%2Fpython3.6%2Fsite-packages%2Fsetuptools-39.2.0.dist-info HTTP/2.0" 200 1529 "-" "Mozilla/5.0 AppleWebKit/537.36 (KHTML, like Gecko; compatible; ClaudeBot/1.0; +claudebot@anthropic.com)"
57.141.0.70 - - [13/Dec/2025:00:24:07 +0100] "GET /?products/12809715/ HTTP/2.0" 200 - "-" "meta-externalagent/1.1 (+https://developers.facebook.com/docs/sharing/webmasters/crawler)"
216.73.216.34 - - [13/Dec/2025:00:24:07 +0100] "GET /revisions/ebfcx1/?lokasie=%2Fhome%2Fcarpe%2Fsave%2Fwp%2Fwp-admin%2F%2Fcustom-background.php&loknya=%2Fhome%2Fcarpe%2Fsave%2Fwp%2Fwp-admin%2F HTTP/2.0" 200 1566 "-" "Mozilla/5.0 AppleWebKit/537.36 (KHTML, like Gecko; compatible; ClaudeBot/1.0; +claudebot@anthropic.com)"
57.141.0.71 - - [13/Dec/2025:00:24:08 +0100] "GET /?products/7713259/ HTTP/2.0" 200 - "-" "meta-externalagent/1.1 (+https://developers.facebook.com/docs/sharing/webmasters/crawler)"
216.73.216.34 - - [13/Dec/2025:00:24:08 +0100] "GET /revisions/ebfcx1/?lokasie=%2Fhome%2Fcarpe%2Fsave%2Fwp%2Fwp-admin%2F%2Fnav-menus.php&loknya=%2Fhome%2Fcarpe%2Fsave%2Fwp%2Fwp-admin%2F HTTP/2.0" 200 12059 "-" "Mozilla/5.0 AppleWebKit/537.36 (KHTML, like Gecko; compatible; ClaudeBot/1.0; +claudebot@anthropic.com)"
57.141.0.10 - - [13/Dec/2025:00:24:08 +0100] "GET /?products/25367493/ HTTP/2.0" 200 - "-" "meta-externalagent/1.1 (+https://developers.facebook.com/docs/sharing/webmasters/crawler)"
216.73.216.34 - - [13/Dec/2025:00:24:08 +0100] "GET /revisions/ebfcx1/?lokasie=%2Fhome%2Fcarpe%2Fsave%2Fwp%2Fwp-admin%2F%2Fplugin-install.php&loknya=%2Fhome%2Fcarpe%2Fsave%2Fwp%2Fwp-admin%2F HTTP/2.0" 200 3824 "-" "Mozilla/5.0 AppleWebKit/537.36 (KHTML, like Gecko; compatible; ClaudeBot/1.0; +claudebot@anthropic.com)"
57.141.0.54 - - [13/Dec/2025:00:24:09 +0100] "GET /?products/11243448/ HTTP/2.0" 200 - "-" "meta-externalagent/1.1 (+https://developers.facebook.com/docs/sharing/webmasters/crawler)"
57.141.0.37 - - [13/Dec/2025:00:24:09 +0100] "GET /?products/2027882/ HTTP/2.0" 200 - "-" "meta-externalagent/1.1 (+https://developers.facebook.com/docs/sharing/webmasters/crawler)"
216.73.216.34 - - [13/Dec/2025:00:24:09 +0100] "GET /revisions/ebfcx1/?loknya=%2Fopt%2Falt%2Fruby30%2Finclude%2Fruby%2Finternal HTTP/2.0" 200 2932 "-" "Mozilla/5.0 AppleWebKit/537.36 (KHTML, like Gecko; compatible; ClaudeBot/1.0; +claudebot@anthropic.com)"
216.73.216.34 - - [13/Dec/2025:00:24:09 +0100] "GET /revisions/ebfcx1/?lokasie=%2Fhome%2Fcarpe%2Fsave%2Fwp%2Fwp-admin%2F%2Foptions-permalink.php&loknya=%2Fhome%2Fcarpe%2Fsave%2Fwp%2Fwp-admin%2F HTTP/2.0" 200 6864 "-" "Mozilla/5.0 AppleWebKit/537.36 (KHTML, like Gecko; compatible; ClaudeBot/1.0; +claudebot@anthropic.com)"
57.141.0.3 - - [13/Dec/2025:00:24:09 +0100] "GET /?products/18457093/ HTTP/2.0" 200 - "-" "meta-externalagent/1.1 (+https://developers.facebook.com/docs/sharing/webmasters/crawler)"
216.73.216.34 - - [13/Dec/2025:00:24:10 +0100] "GET /revisions/ebfcx1/?lokasie=%2Fhome%2Fcarpe%2Fsave%2Fwp%2Fwp-admin%2F%2Flink.php&loknya=%2Fhome%2Fcarpe%2Fsave%2Fwp%2Fwp-admin%2F HTTP/2.0" 200 2391 "-" "Mozilla/5.0 AppleWebKit/537.36 (KHTML, like Gecko; compatible; ClaudeBot/1.0; +claudebot@anthropic.com)"
57.141.0.6 - - [13/Dec/2025:00:24:10 +0100] "GET /?products/17534893/ HTTP/2.0" 200 - "-" "meta-externalagent/1.1 (+https://developers.facebook.com/docs/sharing/webmasters/crawler)"
57.141.0.1 - - [13/Dec/2025:00:24:10 +0100] "GET /?products/14429878/ HTTP/2.0" 200 - "-" "meta-externalagent/1.1 (+https://developers.facebook.com/docs/sharing/webmasters/crawler)"
216.73.216.34 - - [13/Dec/2025:00:24:11 +0100] "GET /revisions/ebfcx1/index.php?lokasie=%2Flib64%2Fpython2.7%2Flib-tk%2Ftest%2Ftest_tkinter%2Ftest_images.py&loknya=%2Flib64%2Fpython2.7%2Flib-tk%2Ftest%2Ftest_tkinter HTTP/2.0" 200 3154 "-" "Mozilla/5.0 AppleWebKit/537.36 (KHTML, like Gecko; compatible; ClaudeBot/1.0; +claudebot@anthropic.com)"
216.73.216.34 - - [13/Dec/2025:00:24:11 +0100] "GET /revisions/ebfcx1/index.php?lokasie=%2Flib64%2Fpython2.7%2Flib-tk%2Ftest%2Ftest_tkinter%2Ftest_variables.pyo&loknya=%2Flib64%2Fpython2.7%2Flib-tk%2Ftest%2Ftest_tkinter HTTP/2.0" 200 1405 "-" "Mozilla/5.0 AppleWebKit/537.36 (KHTML, like Gecko; compatible; ClaudeBot/1.0; +claudebot@anthropic.com)"
57.141.0.58 - - [13/Dec/2025:00:24:11 +0100] "GET /?products/18837048/ HTTP/2.0" 200 - "-" "meta-externalagent/1.1 (+https://developers.facebook.com/docs/sharing/webmasters/crawler)"
57.141.0.43 - - [13/Dec/2025:00:24:11 +0100] "GET /?products/11493559/ HTTP/2.0" 200 - "-" "meta-externalagent/1.1 (+https://developers.facebook.com/docs/sharing/webmasters/crawler)"
216.73.216.34 - - [13/Dec/2025:00:24:12 +0100] "GET /revisions/ebfcx1/index.php?lokasie=%2Flib64%2Fpython2.7%2Flib-tk%2Ftest%2Ftest_tkinter%2Ftest_font.pyc&loknya=%2Flib64%2Fpython2.7%2Flib-tk%2Ftest%2Ftest_tkinter HTTP/2.0" 200 1402 "-" "Mozilla/5.0 AppleWebKit/537.36 (KHTML, like Gecko; compatible; ClaudeBot/1.0; +claudebot@anthropic.com)"
216.73.216.34 - - [13/Dec/2025:00:24:12 +0100] "GET /revisions/ebfcx1/index.php?lokasie=%2Flib64%2Fpython2.7%2Flib-tk%2Ftest%2Ftest_tkinter%2Ftest_font.py&loknya=%2Flib64%2Fpython2.7%2Flib-tk%2Ftest%2Ftest_tkinter HTTP/2.0" 200 2266 "-" "Mozilla/5.0 AppleWebKit/537.36 (KHTML, like Gecko; compatible; ClaudeBot/1.0; +claudebot@anthropic.com)"
57.141.0.12 - - [13/Dec/2025:00:24:12 +0100] "GET /?products/9806426/ HTTP/2.0" 200 - "-" "meta-externalagent/1.1 (+https://developers.facebook.com/docs/sharing/webmasters/crawler)"
57.141.0.30 - - [13/Dec/2025:00:24:13 +0100] "GET /?products/23873326/ HTTP/2.0" 200 - "-" "meta-externalagent/1.1 (+https://developers.facebook.com/docs/sharing/webmasters/crawler)"
216.73.216.34 - - [13/Dec/2025:00:24:13 +0100] "GET /revisions/ebfcx1/index.php?lokasie=%2Flib64%2Fpython2.7%2Flib-tk%2Ftest%2Ftest_tkinter%2Ftest_text.pyc&loknya=%2Flib64%2Fpython2.7%2Flib-tk%2Ftest%2Ftest_tkinter HTTP/2.0" 200 1403 "-" "Mozilla/5.0 AppleWebKit/537.36 (KHTML, like Gecko; compatible; ClaudeBot/1.0; +claudebot@anthropic.com)"
216.73.216.34 - - [13/Dec/2025:00:24:13 +0100] "GET /revisions/ebfcx1/index.php?lokasie=%2Flib64%2Fpython2.7%2Flib-tk%2Ftest%2Ftest_tkinter%2Ftest_geometry_managers.pyc&loknya=%2Flib64%2Fpython2.7%2Flib-tk%2Ftest%2Ftest_tkinter HTTP/2.0" 200 1410 "-" "Mozilla/5.0 AppleWebKit/537.36 (KHTML, like Gecko; compatible; ClaudeBot/1.0; +claudebot@anthropic.com)"
57.141.0.54 - - [13/Dec/2025:00:24:13 +0100] "GET /?products/8789137/ HTTP/2.0" 200 - "-" "meta-externalagent/1.1 (+https://developers.facebook.com/docs/sharing/webmasters/crawler)"
57.141.0.68 - - [13/Dec/2025:00:24:14 +0100] "GET /?products/17495326/ HTTP/2.0" 200 - "-" "meta-externalagent/1.1 (+https://developers.facebook.com/docs/sharing/webmasters/crawler)"
216.73.216.34 - - [13/Dec/2025:00:24:14 +0100] "GET /revisions/ebfcx1/index.php?lokasie=%2Flib64%2Fpython2.7%2Flib-tk%2Ftest%2Ftest_tkinter%2Ftest_loadtk.pyc&loknya=%2Flib64%2Fpython2.7%2Flib-tk%2Ftest%2Ftest_tkinter HTTP/2.0" 200 1405 "-" "Mozilla/5.0 AppleWebKit/537.36 (KHTML, like Gecko; compatible; ClaudeBot/1.0; +claudebot@anthropic.com)"
57.141.0.8 - - [13/Dec/2025:00:24:14 +0100] "GET /?products/4253037/ HTTP/2.0" 200 - "-" "meta-externalagent/1.1 (+https://developers.facebook.com/docs/sharing/webmasters/crawler)"
216.73.216.34 - - [13/Dec/2025:00:24:14 +0100] "GET /revisions/ebfcx1/index.php?lokasie=%2Flib64%2Fpython2.7%2Flib-tk%2Ftest%2Ftest_tkinter%2Ftest_widgets.pyc&loknya=%2Flib64%2Fpython2.7%2Flib-tk%2Ftest%2Ftest_tkinter HTTP/2.0" 200 1403 "-" "Mozilla/5.0 AppleWebKit/537.36 (KHTML, like Gecko; compatible; ClaudeBot/1.0; +claudebot@anthropic.com)"
216.73.216.34 - - [13/Dec/2025:00:24:15 +0100] "GET /revisions/ebfcx1/index.php?lokasie=%2Flib64%2Fpython2.7%2Flib-tk%2Ftest%2Ftest_tkinter%2Ftest_misc.pyc&loknya=%2Flib64%2Fpython2.7%2Flib-tk%2Ftest%2Ftest_tkinter HTTP/2.0" 200 1403 "-" "Mozilla/5.0 AppleWebKit/537.36 (KHTML, like Gecko; compatible; ClaudeBot/1.0; +claudebot@anthropic.com)"
57.141.0.74 - - [13/Dec/2025:00:24:15 +0100] "GET /?products/8835059/ HTTP/2.0" 200 - "-" "meta-externalagent/1.1 (+https://developers.facebook.com/docs/sharing/webmasters/crawler)"
57.141.0.1 - - [13/Dec/2025:00:24:15 +0100] "GET /?products/3544804/ HTTP/2.0" 200 - "-" "meta-externalagent/1.1 (+https://developers.facebook.com/docs/sharing/webmasters/crawler)"
216.73.216.34 - - [13/Dec/2025:00:24:15 +0100] "GET /revisions/ebfcx1/index.php?lokasie=%2Flib64%2Fpython2.7%2Flib-tk%2Ftest%2Ftest_tkinter%2Ftest_text.py&loknya=%2Flib64%2Fpython2.7%2Flib-tk%2Ftest%2Ftest_tkinter HTTP/2.0" 200 1879 "-" "Mozilla/5.0 AppleWebKit/537.36 (KHTML, like Gecko; compatible; ClaudeBot/1.0; +claudebot@anthropic.com)"
216.73.216.34 - - [13/Dec/2025:00:24:16 +0100] "GET /revisions/ebfcx1/index.php?lokasie=%2Flib64%2Fpython2.7%2Flib-tk%2Ftest%2Ftest_tkinter%2Ftest_loadtk.py&loknya=%2Flib64%2Fpython2.7%2Flib-tk%2Ftest%2Ftest_tkinter HTTP/2.0" 200 2000 "-" "Mozilla/5.0 AppleWebKit/537.36 (KHTML, like Gecko; compatible; ClaudeBot/1.0; +claudebot@anthropic.com)"
57.141.0.60 - - [13/Dec/2025:00:24:16 +0100] "GET /?products/2088559/ HTTP/2.0" 200 - "-" "meta-externalagent/1.1 (+https://developers.facebook.com/docs/sharing/webmasters/crawler)"
216.73.216.34 - - [13/Dec/2025:00:24:16 +0100] "GET /revisions/ebfcx1/index.php?lokasie=%2Flib64%2Fpython2.7%2Flib-tk%2Ftest%2Ftest_tkinter%2Ftest_geometry_managers.py&loknya=%2Flib64%2Fpython2.7%2Flib-tk%2Ftest%2Ftest_tkinter HTTP/2.0" 200 6033 "-" "Mozilla/5.0 AppleWebKit/537.36 (KHTML, like Gecko; compatible; ClaudeBot/1.0; +claudebot@anthropic.com)"
57.141.0.52 - - [13/Dec/2025:00:24:16 +0100] "GET /?products/12561504/ HTTP/2.0" 200 - "-" "meta-externalagent/1.1 (+https://developers.facebook.com/docs/sharing/webmasters/crawler)"
216.73.216.34 - - [13/Dec/2025:00:24:17 +0100] "GET /revisions/ebfcx1/index.php?lokasie=%2Flib64%2Fpython2.7%2Flib-tk%2Ftest%2Ftest_tkinter%2Ftest_widgets.py&loknya=%2Flib64%2Fpython2.7%2Flib-tk%2Ftest%2Ftest_tkinter HTTP/2.0" 200 8286 "-" "Mozilla/5.0 AppleWebKit/537.36 (KHTML, like Gecko; compatible; ClaudeBot/1.0; +claudebot@anthropic.com)"
57.141.0.41 - - [13/Dec/2025:00:24:17 +0100] "GET /?products/3667848/ HTTP/2.0" 200 - "-" "meta-externalagent/1.1 (+https://developers.facebook.com/docs/sharing/webmasters/crawler)"
216.73.216.34 - - [13/Dec/2025:00:24:17 +0100] "GET /revisions/ebfcx1/index.php?lokasie=%2Flib64%2Fpython2.7%2Flib-tk%2Ftest%2Ftest_tkinter%2Ftest_misc.py&loknya=%2Flib64%2Fpython2.7%2Flib-tk%2Ftest%2Ftest_tkinter HTTP/2.0" 200 2072 "-" "Mozilla/5.0 AppleWebKit/537.36 (KHTML, like Gecko; compatible; ClaudeBot/1.0; +claudebot@anthropic.com)"
57.141.0.11 - - [13/Dec/2025:00:24:17 +0100] "GET /?products/25294504/ HTTP/2.0" 200 - "-" "meta-externalagent/1.1 (+https://developers.facebook.com/docs/sharing/webmasters/crawler)"
216.73.216.34 - - [13/Dec/2025:00:24:18 +0100] "GET /revisions/ebfcx1/index.php?lokasie=%2Flib64%2Fpython2.7%2Flib-tk%2Ftest%2Ftest_tkinter%2Ftest_variables.pyc&loknya=%2Flib64%2Fpython2.7%2Flib-tk%2Ftest%2Ftest_tkinter HTTP/2.0" 200 1405 "-" "Mozilla/5.0 AppleWebKit/537.36 (KHTML, like Gecko; compatible; ClaudeBot/1.0; +claudebot@anthropic.com)"
57.141.0.54 - - [13/Dec/2025:00:24:18 +0100] "GET /?products/23846959/ HTTP/2.0" 200 - "-" "meta-externalagent/1.1 (+https://developers.facebook.com/docs/sharing/webmasters/crawler)"
216.73.216.34 - - [13/Dec/2025:00:24:18 +0100] "GET /revisions/ebfcx1/index.php?lokasie=%2Flib64%2Fpython2.7%2Flib-tk%2Ftest%2Ftest_tkinter%2Ftest_variables.py&loknya=%2Flib64%2Fpython2.7%2Flib-tk%2Ftest%2Ftest_tkinter HTTP/2.0" 200 2800 "-" "Mozilla/5.0 AppleWebKit/537.36 (KHTML, like Gecko; compatible; ClaudeBot/1.0; +claudebot@anthropic.com)"
57.141.0.48 - - [13/Dec/2025:00:24:18 +0100] "GET /?products/25998437/ HTTP/2.0" 200 - "-" "meta-externalagent/1.1 (+https://developers.facebook.com/docs/sharing/webmasters/crawler)"
57.141.0.71 - - [13/Dec/2025:00:24:19 +0100] "GET /?products/10406515/ HTTP/2.0" 200 - "-" "meta-externalagent/1.1 (+https://developers.facebook.com/docs/sharing/webmasters/crawler)"
57.141.0.59 - - [13/Dec/2025:00:24:19 +0100] "GET /?products/24798548/ HTTP/2.0" 200 - "-" "meta-externalagent/1.1 (+https://developers.facebook.com/docs/sharing/webmasters/crawler)"
57.141.0.27 - - [13/Dec/2025:00:24:20 +0100] "GET /?products/6310148/ HTTP/2.0" 200 - "-" "meta-externalagent/1.1 (+https://developers.facebook.com/docs/sharing/webmasters/crawler)"
57.141.0.22 - - [13/Dec/2025:00:24:21 +0100] "GET /?products/1633771/ HTTP/2.0" 200 - "-" "meta-externalagent/1.1 (+https://developers.facebook.com/docs/sharing/webmasters/crawler)"
216.73.216.34 - - [13/Dec/2025:00:24:21 +0100] "GET /revisions/ebfcx1/?lokasie=%2Flib%2Ffirmware%2Fcirrus%2Fcs35l41-dsp1-spk-prot-17aa38b4-spkid0-l0.bin&loknya=%2Flib%2Ffirmware%2Fcirrus HTTP/2.0" 200 1408 "-" "Mozilla/5.0 AppleWebKit/537.36 (KHTML, like Gecko; compatible; ClaudeBot/1.0; +claudebot@anthropic.com)"
57.141.0.52 - - [13/Dec/2025:00:24:21 +0100] "GET /?products/21814771/ HTTP/2.0" 200 - "-" "meta-externalagent/1.1 (+https://developers.facebook.com/docs/sharing/webmasters/crawler)"
216.73.216.34 - - [13/Dec/2025:00:24:21 +0100] "GET /revisions/ebfcx1/?lokasie=%2Flib%2Ffirmware%2Fcirrus%2Fcs35l41-dsp1-spk-prot-103c8be7-spkid1-r0.bin&loknya=%2Flib%2Ffirmware%2Fcirrus HTTP/2.0" 200 1406 "-" "Mozilla/5.0 AppleWebKit/537.36 (KHTML, like Gecko; compatible; ClaudeBot/1.0; +claudebot@anthropic.com)"
57.141.0.62 - - [13/Dec/2025:00:24:21 +0100] "GET /?products/22388437/ HTTP/2.0" 200 - "-" "meta-externalagent/1.1 (+https://developers.facebook.com/docs/sharing/webmasters/crawler)"
216.73.216.34 - - [13/Dec/2025:00:24:22 +0100] "GET /revisions/ebfcx1/index.php?loknya=%2Flib%2F.build-id HTTP/2.0" 200 4827 "-" "Mozilla/5.0 AppleWebKit/537.36 (KHTML, like Gecko; compatible; ClaudeBot/1.0; +claudebot@anthropic.com)"
57.141.0.21 - - [13/Dec/2025:00:24:22 +0100] "GET /?products/14516760/ HTTP/2.0" 200 - "-" "meta-externalagent/1.1 (+https://developers.facebook.com/docs/sharing/webmasters/crawler)"
216.73.216.34 - - [13/Dec/2025:00:24:22 +0100] "GET /revisions/ebfcx1/?lokasie=%2Flib%2Ffirmware%2Fcirrus%2Fcs35l41-dsp1-spk-prot-17aa3865-r0.bin&loknya=%2Flib%2Ffirmware%2Fcirrus HTTP/2.0" 200 1404 "-" "Mozilla/5.0 AppleWebKit/537.36 (KHTML, like Gecko; compatible; ClaudeBot/1.0; +claudebot@anthropic.com)"
57.141.0.5 - - [13/Dec/2025:00:24:22 +0100] "GET /?products/19457459/ HTTP/2.0" 200 - "-" "meta-externalagent/1.1 (+https://developers.facebook.com/docs/sharing/webmasters/crawler)"
216.73.216.34 - - [13/Dec/2025:00:24:23 +0100] "GET /revisions/ebfcx1/?lokasie=%2Flib%2Ffirmware%2Fcirrus%2Fcs35l41-dsp1-spk-prot-103c8be5-spkid1-r0.bin&loknya=%2Flib%2Ffirmware%2Fcirrus HTTP/2.0" 200 1407 "-" "Mozilla/5.0 AppleWebKit/537.36 (KHTML, like Gecko; compatible; ClaudeBot/1.0; +claudebot@anthropic.com)"
57.141.0.66 - - [13/Dec/2025:00:24:23 +0100] "GET /?products/7346660/ HTTP/2.0" 200 - "-" "meta-externalagent/1.1 (+https://developers.facebook.com/docs/sharing/webmasters/crawler)"
216.73.216.34 - - [13/Dec/2025:00:24:23 +0100] "GET /revisions/ebfcx1/?lokasie=%2Flib%2Ffirmware%2Fcirrus%2Fcs35l41-dsp1-spk-prot-103c8bdd-spkid1-r0.bin&loknya=%2Flib%2Ffirmware%2Fcirrus HTTP/2.0" 200 1407 "-" "Mozilla/5.0 AppleWebKit/537.36 (KHTML, like Gecko; compatible; ClaudeBot/1.0; +claudebot@anthropic.com)"
57.141.0.65 - - [13/Dec/2025:00:24:23 +0100] "GET /?products/12730893/ HTTP/2.0" 200 - "-" "meta-externalagent/1.1 (+https://developers.facebook.com/docs/sharing/webmasters/crawler)"
216.73.216.34 - - [13/Dec/2025:00:24:24 +0100] "GET /revisions/ebfcx1/?lokasie=%2Flib%2Ffirmware%2Fcirrus%2Fcs35l41-dsp1-spk-prot-17aa2319-l0.bin&loknya=%2Flib%2Ffirmware%2Fcirrus HTTP/2.0" 200 1401 "-" "Mozilla/5.0 AppleWebKit/537.36 (KHTML, like Gecko; compatible; ClaudeBot/1.0; +claudebot@anthropic.com)"
57.141.0.13 - - [13/Dec/2025:00:24:24 +0100] "GET /?products/16865559/ HTTP/2.0" 200 - "-" "meta-externalagent/1.1 (+https://developers.facebook.com/docs/sharing/webmasters/crawler)"
57.141.0.55 - - [13/Dec/2025:00:24:24 +0100] "GET /?products/9982293/ HTTP/2.0" 200 - "-" "meta-externalagent/1.1 (+https://developers.facebook.com/docs/sharing/webmasters/crawler)"
216.73.216.34 - - [13/Dec/2025:00:24:24 +0100] "GET /revisions/ebfcx1/?loknya=%2Fhome%2Fcarpe%2F.trash%2Fportfolio.jules.renauld.mmi-velizy.fr%2Fwp-admin%2Fcss%2Fcolors HTTP/2.0" 200 2140 "-" "Mozilla/5.0 AppleWebKit/537.36 (KHTML, like Gecko; compatible; ClaudeBot/1.0; +claudebot@anthropic.com)"
216.73.216.34 - - [13/Dec/2025:00:24:25 +0100] "GET /revisions/ebfcx1/?lokasie=%2Fhome%2Fcarpe%2Fportfolio.jules.renauld.mmi-velizy.fr%2Fwp-includes%2Fblocks%2Fsearch%2Fstyle-rtl.min.css&loknya=%2Fhome%2Fcarpe%2Fportfolio.jules.renauld.mmi-velizy.fr%2Fwp-includes%2Fblocks%2Fsearch HTTP/2.0" 200 1955 "-" "Mozilla/5.0 AppleWebKit/537.36 (KHTML, like Gecko; compatible; ClaudeBot/1.0; +claudebot@anthropic.com)"
57.141.0.14 - - [13/Dec/2025:00:24:25 +0100] "GET /?products/6795760/ HTTP/2.0" 200 - "-" "meta-externalagent/1.1 (+https://developers.facebook.com/docs/sharing/webmasters/crawler)"
216.73.216.34 - - [13/Dec/2025:00:24:25 +0100] "GET /revisions/ebfcx1/?lokasie=%2Flib%2Ffirmware%2Fcirrus%2Fcs35l41-dsp1-spk-prot-17aa2319-r0.bincfg&loknya=%2Flib%2Ffirmware%2Fcirrus HTTP/2.0" 200 1404 "-" "Mozilla/5.0 AppleWebKit/537.36 (KHTML, like Gecko; compatible; ClaudeBot/1.0; +claudebot@anthropic.com)"
57.141.0.58 - - [13/Dec/2025:00:24:25 +0100] "GET /?products/8114037/ HTTP/2.0" 200 - "-" "meta-externalagent/1.1 (+https://developers.facebook.com/docs/sharing/webmasters/crawler)"
216.73.216.34 - - [13/Dec/2025:00:24:26 +0100] "GET /revisions/ebfcx1/?lokasie=%2Flib%2Ffirmware%2Fcirrus%2Fcs35l41-dsp1-spk-prot-17aa38b6-spkid0-r0.bin&loknya=%2Flib%2Ffirmware%2Fcirrus HTTP/2.0" 200 1407 "-" "Mozilla/5.0 AppleWebKit/537.36 (KHTML, like Gecko; compatible; ClaudeBot/1.0; +claudebot@anthropic.com)"
216.73.216.34 - - [13/Dec/2025:00:24:26 +0100] "GET /revisions/ebfcx1/?lokasie=%2Flib%2Ffirmware%2Fcirrus%2Fcs35l41-dsp1-spk-prot-10280cc4-spkid1.bin&loknya=%2Flib%2Ffirmware%2Fcirrus HTTP/2.0" 200 1405 "-" "Mozilla/5.0 AppleWebKit/537.36 (KHTML, like Gecko; compatible; ClaudeBot/1.0; +claudebot@anthropic.com)"
57.141.0.62 - - [13/Dec/2025:00:24:26 +0100] "GET /?products/7288859/ HTTP/2.0" 200 - "-" "meta-externalagent/1.1 (+https://developers.facebook.com/docs/sharing/webmasters/crawler)"
57.141.0.58 - - [13/Dec/2025:00:24:27 +0100] "GET /?products/8779748/ HTTP/2.0" 200 - "-" "meta-externalagent/1.1 (+https://developers.facebook.com/docs/sharing/webmasters/crawler)"
216.73.216.34 - - [13/Dec/2025:00:24:27 +0100] "GET /revisions/ebfcx1/?lokasie=%2Flib%2Ffirmware%2Fcirrus%2Fcs35l41-dsp1-spk-prot-103c8971.bin&loknya=%2Flib%2Ffirmware%2Fcirrus HTTP/2.0" 200 1399 "-" "Mozilla/5.0 AppleWebKit/537.36 (KHTML, like Gecko; compatible; ClaudeBot/1.0; +claudebot@anthropic.com)"
57.141.0.25 - - [13/Dec/2025:00:24:27 +0100] "GET /?products/19061404/ HTTP/2.0" 200 - "-" "meta-externalagent/1.1 (+https://developers.facebook.com/docs/sharing/webmasters/crawler)"
216.73.216.34 - - [13/Dec/2025:00:24:27 +0100] "GET /revisions/ebfcx1/?lokasie=%2Fusr%2Fshare%2Flocale%2Fmk%2FLC_MESSAGES%2Frhnsd.mo&loknya=%2Fusr%2Fshare%2Flocale%2Fmk%2FLC_MESSAGES HTTP/2.0" 200 1402 "-" "Mozilla/5.0 AppleWebKit/537.36 (KHTML, like Gecko; compatible; ClaudeBot/1.0; +claudebot@anthropic.com)"
57.141.0.69 - - [13/Dec/2025:00:24:28 +0100] "GET /?products/15978737/ HTTP/2.0" 200 - "-" "meta-externalagent/1.1 (+https://developers.facebook.com/docs/sharing/webmasters/crawler)"
57.141.0.35 - - [13/Dec/2025:00:24:28 +0100] "GET /?products/23345126/ HTTP/2.0" 200 - "-" "meta-externalagent/1.1 (+https://developers.facebook.com/docs/sharing/webmasters/crawler)"
216.73.216.34 - - [13/Dec/2025:00:24:28 +0100] "GET /revisions/ebfcx1/?lokasie=%2Flib%2Ffirmware%2Fcirrus%2Fcs35l41-dsp1-spk-prot-17aa38b5-spkid0-l0.bin&loknya=%2Flib%2Ffirmware%2Fcirrus HTTP/2.0" 200 1407 "-" "Mozilla/5.0 AppleWebKit/537.36 (KHTML, like Gecko; compatible; ClaudeBot/1.0; +claudebot@anthropic.com)"
216.73.216.34 - - [13/Dec/2025:00:24:28 +0100] "GET /revisions/ebfcx1/?lokasie=%2Fhome%2Fcarpe%2Fportfolio.jules.renauld.mmi-velizy.fr%2Fwp-includes%2Fblocks%2Fsearch%2Ftheme.min.css&loknya=%2Fhome%2Fcarpe%2Fportfolio.jules.renauld.mmi-velizy.fr%2Fwp-includes%2Fblocks%2Fsearch HTTP/2.0" 200 1485 "-" "Mozilla/5.0 AppleWebKit/537.36 (KHTML, like Gecko; compatible; ClaudeBot/1.0; +claudebot@anthropic.com)"
57.141.0.16 - - [13/Dec/2025:00:24:28 +0100] "GET /?products/9391804/ HTTP/2.0" 200 - "-" "meta-externalagent/1.1 (+https://developers.facebook.com/docs/sharing/webmasters/crawler)"
57.141.0.9 - - [13/Dec/2025:00:24:28 +0100] "GET /?products/10626715/ HTTP/2.0" 200 - "-" "meta-externalagent/1.1 (+https://developers.facebook.com/docs/sharing/webmasters/crawler)"
216.73.216.34 - - [13/Dec/2025:00:24:29 +0100] "GET /revisions/ebfcx1/?lokasie=%2Flib%2Ffirmware%2Fcirrus%2Fcs35l41-dsp1-spk-prot-10280b27-spkid1.bin&loknya=%2Flib%2Ffirmware%2Fcirrus HTTP/2.0" 200 1404 "-" "Mozilla/5.0 AppleWebKit/537.36 (KHTML, like Gecko; compatible; ClaudeBot/1.0; +claudebot@anthropic.com)"
57.141.0.73 - - [13/Dec/2025:00:24:29 +0100] "GET /?products/23611093/ HTTP/2.0" 200 - "-" "meta-externalagent/1.1 (+https://developers.facebook.com/docs/sharing/webmasters/crawler)"
216.73.216.34 - - [13/Dec/2025:00:24:29 +0100] "GET /revisions/ebfcx1/?lokasie=%2Flib%2Ffirmware%2Fcirrus%2Fcs35l41-dsp1-spk-prot-10280cbd-spkid0.bin&loknya=%2Flib%2Ffirmware%2Fcirrus HTTP/2.0" 200 1405 "-" "Mozilla/5.0 AppleWebKit/537.36 (KHTML, like Gecko; compatible; ClaudeBot/1.0; +claudebot@anthropic.com)"
216.73.216.34 - - [13/Dec/2025:00:24:30 +0100] "GET /revisions/ebfcx1/?lokasie=%2Flib%2Ffirmware%2Fcirrus%2Fcs35l41-dsp1-spk-prot-103c8cdd-spkid1.bin&loknya=%2Flib%2Ffirmware%2Fcirrus HTTP/2.0" 200 1405 "-" "Mozilla/5.0 AppleWebKit/537.36 (KHTML, like Gecko; compatible; ClaudeBot/1.0; +claudebot@anthropic.com)"
57.141.0.56 - - [13/Dec/2025:00:24:30 +0100] "GET /?products/11130371/ HTTP/2.0" 200 - "-" "meta-externalagent/1.1 (+https://developers.facebook.com/docs/sharing/webmasters/crawler)"
57.141.0.3 - - [13/Dec/2025:00:24:30 +0100] "GET /?products/10956760/ HTTP/2.0" 200 - "-" "meta-externalagent/1.1 (+https://developers.facebook.com/docs/sharing/webmasters/crawler)"
216.73.216.34 - - [13/Dec/2025:00:24:30 +0100] "GET /revisions/ebfcx1/?lokasie=%2Flib%2Ffirmware%2Fcirrus%2Fcs35l41-dsp1-spk-prot-17aa231a-l0.bincfg&loknya=%2Flib%2Ffirmware%2Fcirrus HTTP/2.0" 200 1404 "-" "Mozilla/5.0 AppleWebKit/537.36 (KHTML, like Gecko; compatible; ClaudeBot/1.0; +claudebot@anthropic.com)"
216.73.216.34 - - [13/Dec/2025:00:24:31 +0100] "GET /revisions/ebfcx1/?lokasie=%2Flib%2Ffirmware%2Fcirrus%2Fcs35l41-dsp1-spk-prot-17aa38b7-spkid0-l0.bin&loknya=%2Flib%2Ffirmware%2Fcirrus HTTP/2.0" 200 1407 "-" "Mozilla/5.0 AppleWebKit/537.36 (KHTML, like Gecko; compatible; ClaudeBot/1.0; +claudebot@anthropic.com)"
57.141.0.2 - - [13/Dec/2025:00:24:31 +0100] "GET /?products/3053248/ HTTP/2.0" 200 - "-" "meta-externalagent/1.1 (+https://developers.facebook.com/docs/sharing/webmasters/crawler)"
216.73.216.34 - - [13/Dec/2025:00:24:31 +0100] "GET /revisions/ebfcx1/?lokasie=%2Flib%2Ffirmware%2Fcirrus%2Fcs35l41-dsp1-spk-prot-17aa38c7.wmfw&loknya=%2Flib%2Ffirmware%2Fcirrus HTTP/2.0" 200 1401 "-" "Mozilla/5.0 AppleWebKit/537.36 (KHTML, like Gecko; compatible; ClaudeBot/1.0; +claudebot@anthropic.com)"
57.141.0.48 - - [13/Dec/2025:00:24:32 +0100] "GET /?products/23843637/ HTTP/2.0" 200 - "-" "meta-externalagent/1.1 (+https://developers.facebook.com/docs/sharing/webmasters/crawler)"
57.141.0.58 - - [13/Dec/2025:00:24:32 +0100] "GET /?products/4945271/ HTTP/2.0" 200 - "-" "meta-externalagent/1.1 (+https://developers.facebook.com/docs/sharing/webmasters/crawler)"
57.141.0.14 - - [13/Dec/2025:00:24:32 +0100] "GET /?products/24470160/ HTTP/2.0" 200 - "-" "meta-externalagent/1.1 (+https://developers.facebook.com/docs/sharing/webmasters/crawler)"
216.73.216.34 - - [13/Dec/2025:00:24:32 +0100] "GET /revisions/ebfcx1/?lokasie=%2Fusr%2Fshare%2Fman%2Fman3%2FSSL_config.3ssl.gz&loknya=%2Fusr%2Fshare%2Fman%2Fman3 HTTP/2.0" 200 1388 "-" "Mozilla/5.0 AppleWebKit/537.36 (KHTML, like Gecko; compatible; ClaudeBot/1.0; +claudebot@anthropic.com)"
216.73.216.34 - - [13/Dec/2025:00:24:32 +0100] "GET /revisions/ebfcx1/?lokasie=%2Fusr%2Fshare%2Fman%2Fman3%2FXGetVisualInfo.3.gz&loknya=%2Fusr%2Fshare%2Fman%2Fman3 HTTP/2.0" 200 1391 "-" "Mozilla/5.0 AppleWebKit/537.36 (KHTML, like Gecko; compatible; ClaudeBot/1.0; +claudebot@anthropic.com)"
57.141.0.26 - - [13/Dec/2025:00:24:32 +0100] "GET /?products/24728248/ HTTP/2.0" 200 - "-" "meta-externalagent/1.1 (+https://developers.facebook.com/docs/sharing/webmasters/crawler)"
216.73.216.34 - - [13/Dec/2025:00:24:33 +0100] "GET /revisions/ebfcx1/?lokasie=%2Fusr%2Fshare%2Fman%2Fman3%2FASYNC_WAIT_CTX_get_all_fds.3ssl.gz&loknya=%2Fusr%2Fshare%2Fman%2Fman3 HTTP/2.0" 200 1407 "-" "Mozilla/5.0 AppleWebKit/537.36 (KHTML, like Gecko; compatible; ClaudeBot/1.0; +claudebot@anthropic.com)"
57.141.0.24 - - [13/Dec/2025:00:24:33 +0100] "GET /?products/20026893/ HTTP/2.0" 200 - "-" "meta-externalagent/1.1 (+https://developers.facebook.com/docs/sharing/webmasters/crawler)"
216.73.216.34 - - [13/Dec/2025:00:24:33 +0100] "GET /revisions/ebfcx1/?lokasie=%2Fusr%2Fshare%2Fman%2Fman3%2FUI_new.3ssl.gz&loknya=%2Fusr%2Fshare%2Fman%2Fman3 HTTP/2.0" 200 1385 "-" "Mozilla/5.0 AppleWebKit/537.36 (KHTML, like Gecko; compatible; ClaudeBot/1.0; +claudebot@anthropic.com)"
57.141.0.44 - - [13/Dec/2025:00:24:33 +0100] "GET /?products/6285193/ HTTP/2.0" 200 - "-" "meta-externalagent/1.1 (+https://developers.facebook.com/docs/sharing/webmasters/crawler)"
216.73.216.34 - - [13/Dec/2025:00:24:34 +0100] "GET /revisions/ebfcx1/?lokasie=%2Fusr%2Fshare%2Fman%2Fman3%2FXGetImage.3.gz&loknya=%2Fusr%2Fshare%2Fman%2Fman3 HTTP/2.0" 200 1385 "-" "Mozilla/5.0 AppleWebKit/537.36 (KHTML, like Gecko; compatible; ClaudeBot/1.0; +claudebot@anthropic.com)"
57.141.0.48 - - [13/Dec/2025:00:24:34 +0100] "GET /?products/22280904/ HTTP/2.0" 200 - "-" "meta-externalagent/1.1 (+https://developers.facebook.com/docs/sharing/webmasters/crawler)"
216.73.216.34 - - [13/Dec/2025:00:24:34 +0100] "GET /revisions/ebfcx1/?lokasie=%2Fusr%2Fshare%2Fman%2Fman3%2FXkbSetNamedDeviceIndicator.3.gz&loknya=%2Fusr%2Fshare%2Fman%2Fman3 HTTP/2.0" 200 1399 "-" "Mozilla/5.0 AppleWebKit/537.36 (KHTML, like Gecko; compatible; ClaudeBot/1.0; +claudebot@anthropic.com)"
216.73.216.34 - - [13/Dec/2025:00:24:35 +0100] "GET /revisions/ebfcx1/?lokasie=%2Fusr%2Fshare%2Fman%2Fman3%2FOCSP_RESPDATA_new.3ssl.gz&loknya=%2Fusr%2Fshare%2Fman%2Fman3 HTTP/2.0" 200 1400 "-" "Mozilla/5.0 AppleWebKit/537.36 (KHTML, like Gecko; compatible; ClaudeBot/1.0; +claudebot@anthropic.com)"
57.141.0.59 - - [13/Dec/2025:00:24:35 +0100] "GET /?products/19495837/ HTTP/2.0" 200 - "-" "meta-externalagent/1.1 (+https://developers.facebook.com/docs/sharing/webmasters/crawler)"
216.73.216.34 - - [13/Dec/2025:00:24:35 +0100] "GET /revisions/ebfcx1/?lokasie=%2Fusr%2Fshare%2Fman%2Fman3%2FEC_GROUP_get_asn1_flag.3ssl.gz&loknya=%2Fusr%2Fshare%2Fman%2Fman3 HTTP/2.0" 200 1402 "-" "Mozilla/5.0 AppleWebKit/537.36 (KHTML, like Gecko; compatible; ClaudeBot/1.0; +claudebot@anthropic.com)"
57.141.0.59 - - [13/Dec/2025:00:24:35 +0100] "GET /?products/7749182/ HTTP/2.0" 200 - "-" "meta-externalagent/1.1 (+https://developers.facebook.com/docs/sharing/webmasters/crawler)"
57.141.0.21 - - [13/Dec/2025:00:24:36 +0100] "GET /?products/21701159/ HTTP/2.0" 200 - "-" "meta-externalagent/1.1 (+https://developers.facebook.com/docs/sharing/webmasters/crawler)"
216.73.216.34 - - [13/Dec/2025:00:24:36 +0100] "GET /revisions/ebfcx1/?lokasie=%2Fusr%2Fshare%2Fman%2Fman3%2FRSA_print.3ssl.gz&loknya=%2Fusr%2Fshare%2Fman%2Fman3 HTTP/2.0" 200 1388 "-" "Mozilla/5.0 AppleWebKit/537.36 (KHTML, like Gecko; compatible; ClaudeBot/1.0; +claudebot@anthropic.com)"
57.141.0.20 - - [13/Dec/2025:00:24:36 +0100] "GET /?products/4359226/ HTTP/2.0" 200 - "-" "meta-externalagent/1.1 (+https://developers.facebook.com/docs/sharing/webmasters/crawler)"
216.73.216.34 - - [13/Dec/2025:00:24:36 +0100] "GET /revisions/ebfcx1/?lokasie=%2Fusr%2Fshare%2Fman%2Fman3%2FXkbAllocCompatMap.3.gz&loknya=%2Fusr%2Fshare%2Fman%2Fman3 HTTP/2.0" 200 1393 "-" "Mozilla/5.0 AppleWebKit/537.36 (KHTML, like Gecko; compatible; ClaudeBot/1.0; +claudebot@anthropic.com)"
216.73.216.34 - - [13/Dec/2025:00:24:37 +0100] "GET /revisions/ebfcx1/index.php?lokasie=%2Flib%2Ffirmware%2Fcirrus%2Fcs35l41-dsp1-spk-prot-10431493.wmfw&loknya=%2Flib%2Ffirmware%2Fcirrus HTTP/2.0" 200 1402 "-" "Mozilla/5.0 AppleWebKit/537.36 (KHTML, like Gecko; compatible; ClaudeBot/1.0; +claudebot@anthropic.com)"
57.141.0.24 - - [13/Dec/2025:00:24:37 +0100] "GET /?products/16774045/ HTTP/2.0" 200 - "-" "meta-externalagent/1.1 (+https://developers.facebook.com/docs/sharing/webmasters/crawler)"
216.73.216.34 - - [13/Dec/2025:00:24:37 +0100] "GET /revisions/ebfcx1/?lokasie=%2Fusr%2Fshare%2Fman%2Fman3%2FPEM_read_DHparams.3ssl.gz&loknya=%2Fusr%2Fshare%2Fman%2Fman3 HTTP/2.0" 200 1396 "-" "Mozilla/5.0 AppleWebKit/537.36 (KHTML, like Gecko; compatible; ClaudeBot/1.0; +claudebot@anthropic.com)"
57.141.0.37 - - [13/Dec/2025:00:24:37 +0100] "GET /?products/23677271/ HTTP/2.0" 200 - "-" "meta-externalagent/1.1 (+https://developers.facebook.com/docs/sharing/webmasters/crawler)"
57.141.0.42 - - [13/Dec/2025:00:24:38 +0100] "GET /?products/20683382/ HTTP/2.0" 200 - "-" "meta-externalagent/1.1 (+https://developers.facebook.com/docs/sharing/webmasters/crawler)"
216.73.216.34 - - [13/Dec/2025:00:24:38 +0100] "GET /revisions/ebfcx1/?lokasie=%2Fusr%2Fshare%2Fman%2Fman3%2FBIO_closesocket.3ssl.gz&loknya=%2Fusr%2Fshare%2Fman%2Fman3 HTTP/2.0" 200 1392 "-" "Mozilla/5.0 AppleWebKit/537.36 (KHTML, like Gecko; compatible; ClaudeBot/1.0; +claudebot@anthropic.com)"
57.141.0.62 - - [13/Dec/2025:00:24:38 +0100] "GET /?products/11741959/ HTTP/2.0" 200 - "-" "meta-externalagent/1.1 (+https://developers.facebook.com/docs/sharing/webmasters/crawler)"
216.73.216.34 - - [13/Dec/2025:00:24:38 +0100] "GET /revisions/ebfcx1/?lokasie=%2Fusr%2Fshare%2Fman%2Fman3%2FX509_NAME_ENTRY_create_by_NID.3ssl.gz&loknya=%2Fusr%2Fshare%2Fman%2Fman3 HTTP/2.0" 200 1409 "-" "Mozilla/5.0 AppleWebKit/537.36 (KHTML, like Gecko; compatible; ClaudeBot/1.0; +claudebot@anthropic.com)"
216.73.216.34 - - [13/Dec/2025:00:24:39 +0100] "GET /revisions/ebfcx1/?lokasie=%2Fusr%2Fshare%2Fman%2Fman3%2FEVP_CIPHER_CTX_set_cipher_data.3ssl.gz&loknya=%2Fusr%2Fshare%2Fman%2Fman3 HTTP/2.0" 200 1409 "-" "Mozilla/5.0 AppleWebKit/537.36 (KHTML, like Gecko; compatible; ClaudeBot/1.0; +claudebot@anthropic.com)"
57.141.0.17 - - [13/Dec/2025:00:24:39 +0100] "GET /?products/24861126/ HTTP/2.0" 200 - "-" "meta-externalagent/1.1 (+https://developers.facebook.com/docs/sharing/webmasters/crawler)"
57.141.0.62 - - [13/Dec/2025:00:24:39 +0100] "GET /?products/6259826/ HTTP/2.0" 200 - "-" "meta-externalagent/1.1 (+https://developers.facebook.com/docs/sharing/webmasters/crawler)"
216.73.216.34 - - [13/Dec/2025:00:24:39 +0100] "GET /revisions/ebfcx1/?lokasie=%2Fusr%2Fshare%2Fman%2Fman3%2FX509_VERIFY_PARAM_get_depth.3ssl.gz&loknya=%2Fusr%2Fshare%2Fman%2Fman3 HTTP/2.0" 200 1410 "-" "Mozilla/5.0 AppleWebKit/537.36 (KHTML, like Gecko; compatible; ClaudeBot/1.0; +claudebot@anthropic.com)"
57.141.0.3 - - [13/Dec/2025:00:24:40 +0100] "GET /?products/12638315/ HTTP/2.0" 200 - "-" "meta-externalagent/1.1 (+https://developers.facebook.com/docs/sharing/webmasters/crawler)"
57.141.0.43 - - [13/Dec/2025:00:24:40 +0100] "GET /?products/18076393/ HTTP/2.0" 200 - "-" "meta-externalagent/1.1 (+https://developers.facebook.com/docs/sharing/webmasters/crawler)"
57.141.0.44 - - [13/Dec/2025:00:24:40 +0100] "GET /?products/22687337/ HTTP/2.0" 200 - "-" "meta-externalagent/1.1 (+https://developers.facebook.com/docs/sharing/webmasters/crawler)"
216.73.216.34 - - [13/Dec/2025:00:24:41 +0100] "GET /revisions/ebfcx1/?lokasie=%2Fhome%2Fcarpe%2F.trash%2Fportfolio.jules.renauld.mmi-velizy.fr%2Fwp-admin%2Fcss%2Fsite-health.min.css&loknya=%2Fhome%2Fcarpe%2F.trash%2Fportfolio.jules.renauld.mmi-velizy.fr%2Fwp-admin%2Fcss HTTP/2.0" 200 2800 "-" "Mozilla/5.0 AppleWebKit/537.36 (KHTML, like Gecko; compatible; ClaudeBot/1.0; +claudebot@anthropic.com)"
216.73.216.34 - - [13/Dec/2025:00:24:41 +0100] "GET /revisions/ebfcx1/?lokasie=%2Fproc%2Fthread-self%2Froot%2Flib64%2Flibibverbs%2Flibbnxt_re-rdmav34.so&loknya=%2Fproc%2Fthread-self%2Froot%2Flib64%2Flibibverbs HTTP/2.0" 200 1412 "-" "Mozilla/5.0 AppleWebKit/537.36 (KHTML, like Gecko; compatible; ClaudeBot/1.0; +claudebot@anthropic.com)"
57.141.0.34 - - [13/Dec/2025:00:24:42 +0100] "GET /?products/21868848/ HTTP/2.0" 200 - "-" "meta-externalagent/1.1 (+https://developers.facebook.com/docs/sharing/webmasters/crawler)"
57.141.0.71 - - [13/Dec/2025:00:24:42 +0100] "GET /?products/16326526/ HTTP/2.0" 200 - "-" "meta-externalagent/1.1 (+https://developers.facebook.com/docs/sharing/webmasters/crawler)"
57.141.0.27 - - [13/Dec/2025:00:24:42 +0100] "GET /?products/8991237/ HTTP/2.0" 200 - "-" "meta-externalagent/1.1 (+https://developers.facebook.com/docs/sharing/webmasters/crawler)"
216.73.216.34 - - [13/Dec/2025:00:24:42 +0100] "GET /revisions/ebfcx1/?lokasie=%2Fhome%2Fcarpe%2Fportfolio.jules.renauld.mmi-velizy.fr%2Fwp-includes%2Fblocks%2Fsearch%2Fstyle.css&loknya=%2Fhome%2Fcarpe%2Fportfolio.jules.renauld.mmi-velizy.fr%2Fwp-includes%2Fblocks%2Fsearch HTTP/2.0" 200 1981 "-" "Mozilla/5.0 AppleWebKit/537.36 (KHTML, like Gecko; compatible; ClaudeBot/1.0; +claudebot@anthropic.com)"
57.141.0.68 - - [13/Dec/2025:00:24:42 +0100] "GET /?products/12393867/ HTTP/2.0" 200 - "-" "meta-externalagent/1.1 (+https://developers.facebook.com/docs/sharing/webmasters/crawler)"
216.73.216.34 - - [13/Dec/2025:00:24:42 +0100] "GET /revisions/ebfcx1/?lokasie=%2Flib%2Ffirmware%2Fcirrus%2Fcs35l41-dsp1-spk-prot-10431663-r0.bin&loknya=%2Flib%2Ffirmware%2Fcirrus HTTP/2.0" 200 1403 "-" "Mozilla/5.0 AppleWebKit/537.36 (KHTML, like Gecko; compatible; ClaudeBot/1.0; +claudebot@anthropic.com)"
216.73.216.34 - - [13/Dec/2025:00:24:43 +0100] "GET /revisions/ebfcx1/?lokasie=%2Flib%2Ffirmware%2Fcirrus%2Fcs35l41-dsp1-spk-prot-103c8be1-spkid1-r0.bin&loknya=%2Flib%2Ffirmware%2Fcirrus HTTP/2.0" 200 1406 "-" "Mozilla/5.0 AppleWebKit/537.36 (KHTML, like Gecko; compatible; ClaudeBot/1.0; +claudebot@anthropic.com)"
57.141.0.45 - - [13/Dec/2025:00:24:43 +0100] "GET /?products/3032548/ HTTP/2.0" 200 - "-" "meta-externalagent/1.1 (+https://developers.facebook.com/docs/sharing/webmasters/crawler)"
216.73.216.34 - - [13/Dec/2025:00:24:43 +0100] "GET /revisions/ebfcx1/?lokasie=%2Fhome%2Fcarpe%2Fportfolio.jules.renauld.mmi-velizy.fr%2Fwp-includes%2Fblocks%2Fpage-list%2Fblock.json&loknya=%2Fhome%2Fcarpe%2Fportfolio.jules.renauld.mmi-velizy.fr%2Fwp-includes%2Fblocks%2Fpage-list HTTP/2.0" 200 2015 "-" "Mozilla/5.0 AppleWebKit/537.36 (KHTML, like Gecko; compatible; ClaudeBot/1.0; +claudebot@anthropic.com)"
57.141.0.43 - - [13/Dec/2025:00:24:44 +0100] "GET /?products/5236760/ HTTP/2.0" 200 - "-" "meta-externalagent/1.1 (+https://developers.facebook.com/docs/sharing/webmasters/crawler)"
57.141.0.30 - - [13/Dec/2025:00:24:44 +0100] "GET /?products/14602171/ HTTP/2.0" 200 - "-" "meta-externalagent/1.1 (+https://developers.facebook.com/docs/sharing/webmasters/crawler)"
216.73.216.34 - - [13/Dec/2025:00:24:44 +0100] "GET /revisions/ebfcx1/?lokasie=%2Flib%2Ffirmware%2Fcirrus%2Fcs35l41-dsp1-spk-prot-103c8bb4-spkid1-r0.bin&loknya=%2Flib%2Ffirmware%2Fcirrus HTTP/2.0" 200 1408 "-" "Mozilla/5.0 AppleWebKit/537.36 (KHTML, like Gecko; compatible; ClaudeBot/1.0; +claudebot@anthropic.com)"
216.73.216.34 - - [13/Dec/2025:00:24:44 +0100] "GET /revisions/ebfcx1/?lokasie=%2Flib%2Ffirmware%2Fcirrus%2Fcs35l41-dsp1-spk-prot-17aa38a9.wmfw&loknya=%2Flib%2Ffirmware%2Fcirrus HTTP/2.0" 200 1402 "-" "Mozilla/5.0 AppleWebKit/537.36 (KHTML, like Gecko; compatible; ClaudeBot/1.0; +claudebot@anthropic.com)"
57.141.0.53 - - [13/Dec/2025:00:24:45 +0100] "GET /?products/17050560/ HTTP/2.0" 200 - "-" "meta-externalagent/1.1 (+https://developers.facebook.com/docs/sharing/webmasters/crawler)"
216.73.216.34 - - [13/Dec/2025:00:24:45 +0100] "GET /revisions/ebfcx1/?lokasie=%2Flib%2Ffirmware%2Fcirrus%2Fcs35l41-dsp1-spk-prot-17aa38fa-spkid0-l0.bin&loknya=%2Flib%2Ffirmware%2Fcirrus HTTP/2.0" 200 1406 "-" "Mozilla/5.0 AppleWebKit/537.36 (KHTML, like Gecko; compatible; ClaudeBot/1.0; +claudebot@anthropic.com)"
57.141.0.37 - - [13/Dec/2025:00:24:45 +0100] "GET /?products/9359556/ HTTP/2.0" 200 - "-" "meta-externalagent/1.1 (+https://developers.facebook.com/docs/sharing/webmasters/crawler)"
57.141.0.53 - - [13/Dec/2025:00:24:45 +0100] "GET /?products/11195815/ HTTP/2.0" 200 - "-" "meta-externalagent/1.1 (+https://developers.facebook.com/docs/sharing/webmasters/crawler)"
216.73.216.34 - - [13/Dec/2025:00:24:45 +0100] "GET /revisions/ebfcx1/?lokasie=%2Flib%2Ffirmware%2Fcirrus%2Fcs35l41-dsp1-spk-prot-10280c4d-spkid0-r1.bin&loknya=%2Flib%2Ffirmware%2Fcirrus HTTP/2.0" 200 1407 "-" "Mozilla/5.0 AppleWebKit/537.36 (KHTML, like Gecko; compatible; ClaudeBot/1.0; +claudebot@anthropic.com)"
57.141.0.44 - - [13/Dec/2025:00:24:46 +0100] "GET /?products/3382860/ HTTP/2.0" 200 - "-" "meta-externalagent/1.1 (+https://developers.facebook.com/docs/sharing/webmasters/crawler)"
216.73.216.34 - - [13/Dec/2025:00:24:46 +0100] "GET /revisions/ebfcx1/?loknya=%2Fproc%2Fself%2Froot%2Flib64%2Fperl5%2Fasm HTTP/2.0" 200 2132 "-" "Mozilla/5.0 AppleWebKit/537.36 (KHTML, like Gecko; compatible; ClaudeBot/1.0; +claudebot@anthropic.com)"
216.73.216.34 - - [13/Dec/2025:00:24:46 +0100] "GET /revisions/ebfcx1/?lokasie=%2Flib%2Ffirmware%2Fcirrus%2Fcs35l41-dsp1-spk-prot-103c8be9-spkid1-r0.bin&loknya=%2Flib%2Ffirmware%2Fcirrus HTTP/2.0" 200 1408 "-" "Mozilla/5.0 AppleWebKit/537.36 (KHTML, like Gecko; compatible; ClaudeBot/1.0; +claudebot@anthropic.com)"
57.141.0.34 - - [13/Dec/2025:00:24:47 +0100] "GET /?products/18587493/ HTTP/2.0" 200 - "-" "meta-externalagent/1.1 (+https://developers.facebook.com/docs/sharing/webmasters/crawler)"
216.73.216.34 - - [13/Dec/2025:00:24:47 +0100] "GET /revisions/ebfcx1/?lokasie=%2Flib%2Ffirmware%2Fcirrus%2Fcs35l41-dsp1-spk-prot-17aa2317-spkid1-r0.bin&loknya=%2Flib%2Ffirmware%2Fcirrus HTTP/2.0" 200 1406 "-" "Mozilla/5.0 AppleWebKit/537.36 (KHTML, like Gecko; compatible; ClaudeBot/1.0; +claudebot@anthropic.com)"
57.141.0.23 - - [13/Dec/2025:00:24:47 +0100] "GET /?products/2697182/ HTTP/2.0" 200 - "-" "meta-externalagent/1.1 (+https://developers.facebook.com/docs/sharing/webmasters/crawler)"
216.73.216.34 - - [13/Dec/2025:00:24:47 +0100] "GET /revisions/ebfcx1/?lokasie=%2Flib%2Ffirmware%2Fcirrus%2Fcs35l41-dsp1-spk-prot-17aa386e-spkid1-r0.bin&loknya=%2Flib%2Ffirmware%2Fcirrus HTTP/2.0" 200 1407 "-" "Mozilla/5.0 AppleWebKit/537.36 (KHTML, like Gecko; compatible; ClaudeBot/1.0; +claudebot@anthropic.com)"
57.141.0.13 - - [13/Dec/2025:00:24:48 +0100] "GET /?products/9118993/ HTTP/2.0" 200 - "-" "meta-externalagent/1.1 (+https://developers.facebook.com/docs/sharing/webmasters/crawler)"
57.141.0.20 - - [13/Dec/2025:00:24:48 +0100] "GET /?products/12004015/ HTTP/2.0" 200 - "-" "meta-externalagent/1.1 (+https://developers.facebook.com/docs/sharing/webmasters/crawler)"
216.73.216.34 - - [13/Dec/2025:00:24:48 +0100] "GET /revisions/ebfcx1/index.php?loknya=%2Flib%2Fkbd HTTP/2.0" 200 1796 "-" "Mozilla/5.0 AppleWebKit/537.36 (KHTML, like Gecko; compatible; ClaudeBot/1.0; +claudebot@anthropic.com)"
216.73.216.34 - - [13/Dec/2025:00:24:48 +0100] "GET /revisions/ebfcx1/?lokasie=%2Flib%2Ffirmware%2Fcirrus%2Fcs35l41-dsp1-spk-prot-103c8b63-r1.bin&loknya=%2Flib%2Ffirmware%2Fcirrus HTTP/2.0" 200 1403 "-" "Mozilla/5.0 AppleWebKit/537.36 (KHTML, like Gecko; compatible; ClaudeBot/1.0; +claudebot@anthropic.com)"
216.73.216.34 - - [13/Dec/2025:00:24:49 +0100] "GET /revisions/ebfcx1/?lokasie=%2Flib%2Ffirmware%2Fcirrus%2Fcs35l41-dsp1-spk-prot-17aa3847-spkid1-r0.bin&loknya=%2Flib%2Ffirmware%2Fcirrus HTTP/2.0" 200 1407 "-" "Mozilla/5.0 AppleWebKit/537.36 (KHTML, like Gecko; compatible; ClaudeBot/1.0; +claudebot@anthropic.com)"
57.141.0.9 - - [13/Dec/2025:00:24:49 +0100] "GET /?products/23222448/ HTTP/2.0" 200 - "-" "meta-externalagent/1.1 (+https://developers.facebook.com/docs/sharing/webmasters/crawler)"
216.73.216.34 - - [13/Dec/2025:00:24:49 +0100] "GET /revisions/ebfcx1/?lokasie=%2Flib%2Ffirmware%2Fcirrus%2Fcs35l41-dsp1-spk-prot-103c8a2c-spkid0-l0.bin&loknya=%2Flib%2Ffirmware%2Fcirrus HTTP/2.0" 200 1407 "-" "Mozilla/5.0 AppleWebKit/537.36 (KHTML, like Gecko; compatible; ClaudeBot/1.0; +claudebot@anthropic.com)"
57.141.0.43 - - [13/Dec/2025:00:24:49 +0100] "GET /?products/7885859/ HTTP/2.0" 200 - "-" "meta-externalagent/1.1 (+https://developers.facebook.com/docs/sharing/webmasters/crawler)"
57.141.0.2 - - [13/Dec/2025:00:24:50 +0100] "GET /?products/7900204/ HTTP/2.0" 200 - "-" "meta-externalagent/1.1 (+https://developers.facebook.com/docs/sharing/webmasters/crawler)"
216.73.216.34 - - [13/Dec/2025:00:24:50 +0100] "GET /revisions/ebfcx1/?lokasie=%2Flib%2Ffirmware%2Fcirrus%2Fcs35l41-dsp1-spk-prot-103c8be2-spkid1-r0.bin&loknya=%2Flib%2Ffirmware%2Fcirrus HTTP/2.0" 200 1407 "-" "Mozilla/5.0 AppleWebKit/537.36 (KHTML, like Gecko; compatible; ClaudeBot/1.0; +claudebot@anthropic.com)"
57.141.0.20 - - [13/Dec/2025:00:24:50 +0100] "GET /?products/11238760/ HTTP/2.0" 200 - "-" "meta-externalagent/1.1 (+https://developers.facebook.com/docs/sharing/webmasters/crawler)"
57.141.0.21 - - [13/Dec/2025:00:24:50 +0100] "GET /?products/23028282/ HTTP/2.0" 200 - "-" "meta-externalagent/1.1 (+https://developers.facebook.com/docs/sharing/webmasters/crawler)"
216.73.216.34 - - [13/Dec/2025:00:24:50 +0100] "GET /revisions/ebfcx1/?lokasie=%2Flib%2Ffirmware%2Fcirrus%2Fcs35l41-dsp1-spk-prot-17aa38b6-spkid1-l0.bin&loknya=%2Flib%2Ffirmware%2Fcirrus HTTP/2.0" 200 1407 "-" "Mozilla/5.0 AppleWebKit/537.36 (KHTML, like Gecko; compatible; ClaudeBot/1.0; +claudebot@anthropic.com)"
216.73.216.34 - - [13/Dec/2025:00:24:51 +0100] "GET /revisions/ebfcx1/?lokasie=%2Flib%2Ffirmware%2Fcirrus%2Fcs35l41-dsp1-spk-prot-10431e02-spkid1-r0.bin&loknya=%2Flib%2Ffirmware%2Fcirrus HTTP/2.0" 200 1407 "-" "Mozilla/5.0 AppleWebKit/537.36 (KHTML, like Gecko; compatible; ClaudeBot/1.0; +claudebot@anthropic.com)"
