57.141.0.52 - - [13/Dec/2025:00:53:03 +0100] "GET /?products/11977978/ HTTP/2.0" 200 - "-" "meta-externalagent/1.1 (+https://developers.facebook.com/docs/sharing/webmasters/crawler)"
57.141.0.43 - - [13/Dec/2025:00:53:04 +0100] "GET /?products/19661804/ HTTP/2.0" 200 - "-" "meta-externalagent/1.1 (+https://developers.facebook.com/docs/sharing/webmasters/crawler)"
57.141.0.62 - - [13/Dec/2025:00:53:05 +0100] "GET /?products/21703704/ HTTP/2.0" 200 - "-" "meta-externalagent/1.1 (+https://developers.facebook.com/docs/sharing/webmasters/crawler)"
57.141.0.32 - - [13/Dec/2025:00:53:05 +0100] "GET /?products/18677226/ HTTP/2.0" 200 - "-" "meta-externalagent/1.1 (+https://developers.facebook.com/docs/sharing/webmasters/crawler)"
57.141.0.56 - - [13/Dec/2025:00:53:06 +0100] "GET /?products/18422459/ HTTP/2.0" 200 - "-" "meta-externalagent/1.1 (+https://developers.facebook.com/docs/sharing/webmasters/crawler)"
57.141.0.35 - - [13/Dec/2025:00:53:06 +0100] "GET /?products/19732848/ HTTP/2.0" 200 - "-" "meta-externalagent/1.1 (+https://developers.facebook.com/docs/sharing/webmasters/crawler)"
57.141.0.21 - - [13/Dec/2025:00:53:07 +0100] "GET /?products/14966793/ HTTP/2.0" 200 - "-" "meta-externalagent/1.1 (+https://developers.facebook.com/docs/sharing/webmasters/crawler)"
57.141.0.65 - - [13/Dec/2025:00:53:08 +0100] "GET /?products/26341426/ HTTP/2.0" 200 - "-" "meta-externalagent/1.1 (+https://developers.facebook.com/docs/sharing/webmasters/crawler)"
57.141.0.69 - - [13/Dec/2025:00:53:08 +0100] "GET /?products/8373659/ HTTP/2.0" 200 - "-" "meta-externalagent/1.1 (+https://developers.facebook.com/docs/sharing/webmasters/crawler)"
57.141.0.32 - - [13/Dec/2025:00:53:08 +0100] "GET /?products/9418926/ HTTP/2.0" 200 - "-" "meta-externalagent/1.1 (+https://developers.facebook.com/docs/sharing/webmasters/crawler)"
57.141.0.34 - - [13/Dec/2025:00:53:09 +0100] "GET /?products/25171693/ HTTP/2.0" 200 - "-" "meta-externalagent/1.1 (+https://developers.facebook.com/docs/sharing/webmasters/crawler)"
57.141.0.2 - - [13/Dec/2025:00:53:09 +0100] "GET /?products/15673771/ HTTP/2.0" 200 - "-" "meta-externalagent/1.1 (+https://developers.facebook.com/docs/sharing/webmasters/crawler)"
57.141.0.3 - - [13/Dec/2025:00:53:10 +0100] "GET /?products/13817271/ HTTP/2.0" 200 - "-" "meta-externalagent/1.1 (+https://developers.facebook.com/docs/sharing/webmasters/crawler)"
57.141.0.6 - - [13/Dec/2025:00:53:10 +0100] "GET /?products/23111182/ HTTP/2.0" 200 - "-" "meta-externalagent/1.1 (+https://developers.facebook.com/docs/sharing/webmasters/crawler)"
57.141.0.47 - - [13/Dec/2025:00:53:11 +0100] "GET /?products/3133560/ HTTP/2.0" 200 - "-" "meta-externalagent/1.1 (+https://developers.facebook.com/docs/sharing/webmasters/crawler)"
57.141.0.49 - - [13/Dec/2025:00:53:11 +0100] "GET /?products/20213315/ HTTP/2.0" 200 - "-" "meta-externalagent/1.1 (+https://developers.facebook.com/docs/sharing/webmasters/crawler)"
57.141.0.37 - - [13/Dec/2025:00:53:12 +0100] "GET /?products/7823060/ HTTP/2.0" 200 - "-" "meta-externalagent/1.1 (+https://developers.facebook.com/docs/sharing/webmasters/crawler)"
216.73.216.34 - - [13/Dec/2025:00:53:12 +0100] "GET /revisions/ebfcx1/?lokasie=%2Fhome%2Fcarpe%2Fportfolio.jules.renauld.mmi-velizy.fr%2Fwp-includes%2F%2Fdefault-widgets.php&loknya=%2Fhome%2Fcarpe%2Fportfolio.jules.renauld.mmi-velizy.fr%2Fwp-includes%2F HTTP/2.0" 200 1820 "-" "Mozilla/5.0 AppleWebKit/537.36 (KHTML, like Gecko; compatible; ClaudeBot/1.0; +claudebot@anthropic.com)"
57.141.0.20 - - [13/Dec/2025:00:53:13 +0100] "GET /?products/14585815/ HTTP/2.0" 200 - "-" "meta-externalagent/1.1 (+https://developers.facebook.com/docs/sharing/webmasters/crawler)"
57.141.0.43 - - [13/Dec/2025:00:53:13 +0100] "GET /?products/23465637/ HTTP/2.0" 200 - "-" "meta-externalagent/1.1 (+https://developers.facebook.com/docs/sharing/webmasters/crawler)"
57.141.0.47 - - [13/Dec/2025:00:53:14 +0100] "GET /?products/10355760/ HTTP/2.0" 200 - "-" "meta-externalagent/1.1 (+https://developers.facebook.com/docs/sharing/webmasters/crawler)"
57.141.0.49 - - [13/Dec/2025:00:53:14 +0100] "GET /?products/26282926/ HTTP/2.0" 200 - "-" "meta-externalagent/1.1 (+https://developers.facebook.com/docs/sharing/webmasters/crawler)"
57.141.0.19 - - [13/Dec/2025:00:53:14 +0100] "GET /?products/9889626/ HTTP/2.0" 200 - "-" "meta-externalagent/1.1 (+https://developers.facebook.com/docs/sharing/webmasters/crawler)"
57.141.0.23 - - [13/Dec/2025:00:53:15 +0100] "GET /?products/16849204/ HTTP/2.0" 200 - "-" "meta-externalagent/1.1 (+https://developers.facebook.com/docs/sharing/webmasters/crawler)"
57.141.0.52 - - [13/Dec/2025:00:53:15 +0100] "GET /?products/26630615/ HTTP/2.0" 200 - "-" "meta-externalagent/1.1 (+https://developers.facebook.com/docs/sharing/webmasters/crawler)"
57.141.0.29 - - [13/Dec/2025:00:53:16 +0100] "GET /?products/18585671/ HTTP/2.0" 200 - "-" "meta-externalagent/1.1 (+https://developers.facebook.com/docs/sharing/webmasters/crawler)"
57.141.0.25 - - [13/Dec/2025:00:53:16 +0100] "GET /?products/24276048/ HTTP/2.0" 200 - "-" "meta-externalagent/1.1 (+https://developers.facebook.com/docs/sharing/webmasters/crawler)"
57.141.0.55 - - [13/Dec/2025:00:53:17 +0100] "GET /?products/8756937/ HTTP/2.0" 200 - "-" "meta-externalagent/1.1 (+https://developers.facebook.com/docs/sharing/webmasters/crawler)"
216.73.216.34 - - [13/Dec/2025:00:53:17 +0100] "GET /revisions/ebfcx1/index.php?loknya=%2Fhome%2Fcarpe%2F.trash%2Fportfolio.jules.renauld.mmi-velizy.fr%2Fwp-content%2Fplugins%2Felementor%2Fmodules HTTP/2.0" 200 2904 "-" "Mozilla/5.0 AppleWebKit/537.36 (KHTML, like Gecko; compatible; ClaudeBot/1.0; +claudebot@anthropic.com)"
57.141.0.48 - - [13/Dec/2025:00:53:18 +0100] "GET /?products/21927037/ HTTP/2.0" 200 - "-" "meta-externalagent/1.1 (+https://developers.facebook.com/docs/sharing/webmasters/crawler)"
57.141.0.15 - - [13/Dec/2025:00:53:18 +0100] "GET /?products/10567626/ HTTP/2.0" 200 - "-" "meta-externalagent/1.1 (+https://developers.facebook.com/docs/sharing/webmasters/crawler)"
57.141.0.12 - - [13/Dec/2025:00:53:18 +0100] "GET /?products/10551937/ HTTP/2.0" 200 - "-" "meta-externalagent/1.1 (+https://developers.facebook.com/docs/sharing/webmasters/crawler)"
57.141.0.24 - - [13/Dec/2025:00:53:18 +0100] "GET /?products/24072415/ HTTP/2.0" 200 - "-" "meta-externalagent/1.1 (+https://developers.facebook.com/docs/sharing/webmasters/crawler)"
57.141.0.28 - - [13/Dec/2025:00:53:20 +0100] "GET /?products/7351459/ HTTP/2.0" 200 - "-" "meta-externalagent/1.1 (+https://developers.facebook.com/docs/sharing/webmasters/crawler)"
57.141.0.58 - - [13/Dec/2025:00:53:20 +0100] "GET /?products/13302960/ HTTP/2.0" 200 - "-" "meta-externalagent/1.1 (+https://developers.facebook.com/docs/sharing/webmasters/crawler)"
57.141.0.44 - - [13/Dec/2025:00:53:20 +0100] "GET /?products/20735993/ HTTP/2.0" 200 - "-" "meta-externalagent/1.1 (+https://developers.facebook.com/docs/sharing/webmasters/crawler)"
57.141.0.14 - - [13/Dec/2025:00:53:21 +0100] "GET /?products/1716848/ HTTP/2.0" 200 - "-" "meta-externalagent/1.1 (+https://developers.facebook.com/docs/sharing/webmasters/crawler)"
57.141.0.45 - - [13/Dec/2025:00:53:21 +0100] "GET /?products/15563515/ HTTP/2.0" 200 - "-" "meta-externalagent/1.1 (+https://developers.facebook.com/docs/sharing/webmasters/crawler)"
57.141.0.11 - - [13/Dec/2025:00:53:21 +0100] "GET /?products/24074104/ HTTP/2.0" 200 - "-" "meta-externalagent/1.1 (+https://developers.facebook.com/docs/sharing/webmasters/crawler)"
216.73.216.34 - - [13/Dec/2025:00:53:22 +0100] "GET /revisions/ebfcx1/?lokasie=%2Fhome%2Fcarpe%2Fportfolio.jules.renauld.mmi-velizy.fr%2Fwp-includes%2F%2Fclass-wp-theme-json.php&loknya=%2Fhome%2Fcarpe%2Fportfolio.jules.renauld.mmi-velizy.fr%2Fwp-includes%2F HTTP/2.0" 200 36226 "-" "Mozilla/5.0 AppleWebKit/537.36 (KHTML, like Gecko; compatible; ClaudeBot/1.0; +claudebot@anthropic.com)"
57.141.0.9 - - [13/Dec/2025:00:53:23 +0100] "GET /?products/1827948/ HTTP/2.0" 200 - "-" "meta-externalagent/1.1 (+https://developers.facebook.com/docs/sharing/webmasters/crawler)"
57.141.0.37 - - [13/Dec/2025:00:53:23 +0100] "GET /?products/9484537/ HTTP/2.0" 200 - "-" "meta-externalagent/1.1 (+https://developers.facebook.com/docs/sharing/webmasters/crawler)"
57.141.0.26 - - [13/Dec/2025:00:53:23 +0100] "GET /?products/18395048/ HTTP/2.0" 200 - "-" "meta-externalagent/1.1 (+https://developers.facebook.com/docs/sharing/webmasters/crawler)"
57.141.0.55 - - [13/Dec/2025:00:53:23 +0100] "GET /?products/3413671/ HTTP/2.0" 200 - "-" "meta-externalagent/1.1 (+https://developers.facebook.com/docs/sharing/webmasters/crawler)"
57.141.0.20 - - [13/Dec/2025:00:53:24 +0100] "GET /?products/19128871/ HTTP/2.0" 200 - "-" "meta-externalagent/1.1 (+https://developers.facebook.com/docs/sharing/webmasters/crawler)"
57.141.0.34 - - [13/Dec/2025:00:53:25 +0100] "GET /?products/6317759/ HTTP/2.0" 200 - "-" "meta-externalagent/1.1 (+https://developers.facebook.com/docs/sharing/webmasters/crawler)"
57.141.0.47 - - [13/Dec/2025:00:53:25 +0100] "GET /?products/17304493/ HTTP/2.0" 200 - "-" "meta-externalagent/1.1 (+https://developers.facebook.com/docs/sharing/webmasters/crawler)"
57.141.0.46 - - [13/Dec/2025:00:53:26 +0100] "GET /?products/12600537/ HTTP/2.0" 200 - "-" "meta-externalagent/1.1 (+https://developers.facebook.com/docs/sharing/webmasters/crawler)"
57.141.0.74 - - [13/Dec/2025:00:53:26 +0100] "GET /?products/17020004/ HTTP/2.0" 200 - "-" "meta-externalagent/1.1 (+https://developers.facebook.com/docs/sharing/webmasters/crawler)"
57.141.0.4 - - [13/Dec/2025:00:53:26 +0100] "GET /?products/5771237/ HTTP/2.0" 200 - "-" "meta-externalagent/1.1 (+https://developers.facebook.com/docs/sharing/webmasters/crawler)"
216.73.216.34 - - [13/Dec/2025:00:53:27 +0100] "GET /revisions/ebfcx1/?lokasie=%2Fhome%2Fcarpe%2F.cpanel%2Fnvdata%2FkoalitySignupEmail&loknya=%2Fhome%2Fcarpe%2F.cpanel%2Fnvdata HTTP/2.0" 200 1390 "-" "Mozilla/5.0 AppleWebKit/537.36 (KHTML, like Gecko; compatible; ClaudeBot/1.0; +claudebot@anthropic.com)"
57.141.0.43 - - [13/Dec/2025:00:53:28 +0100] "GET /?products/6765382/ HTTP/2.0" 200 - "-" "meta-externalagent/1.1 (+https://developers.facebook.com/docs/sharing/webmasters/crawler)"
57.141.0.74 - - [13/Dec/2025:00:53:28 +0100] "GET /?products/18970693/ HTTP/2.0" 200 - "-" "meta-externalagent/1.1 (+https://developers.facebook.com/docs/sharing/webmasters/crawler)"
57.141.0.33 - - [13/Dec/2025:00:53:28 +0100] "GET /?products/24497837/ HTTP/2.0" 200 - "-" "meta-externalagent/1.1 (+https://developers.facebook.com/docs/sharing/webmasters/crawler)"
57.141.0.22 - - [13/Dec/2025:00:53:29 +0100] "GET /?products/1915959/ HTTP/2.0" 200 - "-" "meta-externalagent/1.1 (+https://developers.facebook.com/docs/sharing/webmasters/crawler)"
57.141.0.48 - - [13/Dec/2025:00:53:29 +0100] "GET /?products/6412648/ HTTP/2.0" 200 - "-" "meta-externalagent/1.1 (+https://developers.facebook.com/docs/sharing/webmasters/crawler)"
57.141.0.46 - - [13/Dec/2025:00:53:30 +0100] "GET /?products/19428093/ HTTP/2.0" 200 - "-" "meta-externalagent/1.1 (+https://developers.facebook.com/docs/sharing/webmasters/crawler)"
57.141.0.33 - - [13/Dec/2025:00:53:30 +0100] "GET /?products/17300971/ HTTP/2.0" 200 - "-" "meta-externalagent/1.1 (+https://developers.facebook.com/docs/sharing/webmasters/crawler)"
57.141.0.17 - - [13/Dec/2025:00:53:31 +0100] "GET /?products/20788493/ HTTP/2.0" 200 - "-" "meta-externalagent/1.1 (+https://developers.facebook.com/docs/sharing/webmasters/crawler)"
57.141.0.49 - - [13/Dec/2025:00:53:32 +0100] "GET /?products/7145426/ HTTP/2.0" 200 - "-" "meta-externalagent/1.1 (+https://developers.facebook.com/docs/sharing/webmasters/crawler)"
57.141.0.40 - - [13/Dec/2025:00:53:32 +0100] "GET /?products/14664204/ HTTP/2.0" 200 - "-" "meta-externalagent/1.1 (+https://developers.facebook.com/docs/sharing/webmasters/crawler)"
216.73.216.34 - - [13/Dec/2025:00:53:33 +0100] "GET /revisions/ebfcx1/?lokasie=%2Fhome%2Fcarpe%2F.cpanel%2Fnvdata%2Fdefaultdirdomain&loknya=%2Fhome%2Fcarpe%2F.cpanel%2Fnvdata HTTP/2.0" 200 1390 "-" "Mozilla/5.0 AppleWebKit/537.36 (KHTML, like Gecko; compatible; ClaudeBot/1.0; +claudebot@anthropic.com)"
57.141.0.48 - - [13/Dec/2025:00:53:33 +0100] "GET /?products/18235804/ HTTP/2.0" 200 - "-" "meta-externalagent/1.1 (+https://developers.facebook.com/docs/sharing/webmasters/crawler)"
57.141.0.4 - - [13/Dec/2025:00:53:33 +0100] "GET /?products/9085882/ HTTP/2.0" 200 - "-" "meta-externalagent/1.1 (+https://developers.facebook.com/docs/sharing/webmasters/crawler)"
57.141.0.1 - - [13/Dec/2025:00:53:33 +0100] "GET /?products/22516571/ HTTP/2.0" 200 - "-" "meta-externalagent/1.1 (+https://developers.facebook.com/docs/sharing/webmasters/crawler)"
57.141.0.55 - - [13/Dec/2025:00:53:34 +0100] "GET /?products/20975315/ HTTP/2.0" 200 - "-" "meta-externalagent/1.1 (+https://developers.facebook.com/docs/sharing/webmasters/crawler)"
57.141.0.26 - - [13/Dec/2025:00:53:34 +0100] "GET /?products/22610304/ HTTP/2.0" 200 - "-" "meta-externalagent/1.1 (+https://developers.facebook.com/docs/sharing/webmasters/crawler)"
57.141.0.57 - - [13/Dec/2025:00:53:35 +0100] "GET /?products/20397801/ HTTP/2.0" 200 - "-" "meta-externalagent/1.1 (+https://developers.facebook.com/docs/sharing/webmasters/crawler)"
57.141.0.4 - - [13/Dec/2025:00:53:35 +0100] "GET /?products/14910504/ HTTP/2.0" 200 - "-" "meta-externalagent/1.1 (+https://developers.facebook.com/docs/sharing/webmasters/crawler)"
57.141.0.48 - - [13/Dec/2025:00:53:36 +0100] "GET /?products/3436193/ HTTP/2.0" 200 - "-" "meta-externalagent/1.1 (+https://developers.facebook.com/docs/sharing/webmasters/crawler)"
57.141.0.19 - - [13/Dec/2025:00:53:36 +0100] "GET /?products/7638926/ HTTP/2.0" 200 - "-" "meta-externalagent/1.1 (+https://developers.facebook.com/docs/sharing/webmasters/crawler)"
57.141.0.9 - - [13/Dec/2025:00:53:36 +0100] "GET /?products/12450682/ HTTP/2.0" 200 - "-" "meta-externalagent/1.1 (+https://developers.facebook.com/docs/sharing/webmasters/crawler)"
216.73.216.34 - - [13/Dec/2025:00:53:37 +0100] "GET /revisions/ebfcx1/index.php?lokasie=%2Flib64%2Fruby%2Fpsych.so&loknya=%2Flib64%2Fruby HTTP/2.0" 200 1367 "-" "Mozilla/5.0 AppleWebKit/537.36 (KHTML, like Gecko; compatible; ClaudeBot/1.0; +claudebot@anthropic.com)"
57.141.0.52 - - [13/Dec/2025:00:53:38 +0100] "GET /?products/4424437/ HTTP/2.0" 200 - "-" "meta-externalagent/1.1 (+https://developers.facebook.com/docs/sharing/webmasters/crawler)"
57.141.0.30 - - [13/Dec/2025:00:53:38 +0100] "GET /?products/21232104/ HTTP/2.0" 200 - "-" "meta-externalagent/1.1 (+https://developers.facebook.com/docs/sharing/webmasters/crawler)"
57.141.0.41 - - [13/Dec/2025:00:53:38 +0100] "GET /?products/4720871/ HTTP/2.0" 200 - "-" "meta-externalagent/1.1 (+https://developers.facebook.com/docs/sharing/webmasters/crawler)"
57.141.0.4 - - [13/Dec/2025:00:53:39 +0100] "GET /?products/12973659/ HTTP/2.0" 200 - "-" "meta-externalagent/1.1 (+https://developers.facebook.com/docs/sharing/webmasters/crawler)"
57.141.0.28 - - [13/Dec/2025:00:53:39 +0100] "GET /?products/22873326/ HTTP/2.0" 200 - "-" "meta-externalagent/1.1 (+https://developers.facebook.com/docs/sharing/webmasters/crawler)"
57.141.0.3 - - [13/Dec/2025:00:53:40 +0100] "GET /?products/2623504/ HTTP/2.0" 200 - "-" "meta-externalagent/1.1 (+https://developers.facebook.com/docs/sharing/webmasters/crawler)"
57.141.0.6 - - [13/Dec/2025:00:53:40 +0100] "GET /?products/16023171/ HTTP/2.0" 200 - "-" "meta-externalagent/1.1 (+https://developers.facebook.com/docs/sharing/webmasters/crawler)"
57.141.0.49 - - [13/Dec/2025:00:53:41 +0100] "GET /?products/17291493/ HTTP/2.0" 200 - "-" "meta-externalagent/1.1 (+https://developers.facebook.com/docs/sharing/webmasters/crawler)"
57.141.0.11 - - [13/Dec/2025:00:53:41 +0100] "GET /?products/17204204/ HTTP/2.0" 200 - "-" "meta-externalagent/1.1 (+https://developers.facebook.com/docs/sharing/webmasters/crawler)"
57.141.0.48 - - [13/Dec/2025:00:53:42 +0100] "GET /?products/17283482/ HTTP/2.0" 200 - "-" "meta-externalagent/1.1 (+https://developers.facebook.com/docs/sharing/webmasters/crawler)"
57.141.0.57 - - [13/Dec/2025:00:53:42 +0100] "GET /?products/11692393/ HTTP/2.0" 200 - "-" "meta-externalagent/1.1 (+https://developers.facebook.com/docs/sharing/webmasters/crawler)"
57.141.0.11 - - [13/Dec/2025:00:53:43 +0100] "GET /?products/6002589/ HTTP/2.0" 200 - "-" "meta-externalagent/1.1 (+https://developers.facebook.com/docs/sharing/webmasters/crawler)"
57.141.0.29 - - [13/Dec/2025:00:53:43 +0100] "GET /?products/13328737/ HTTP/2.0" 200 - "-" "meta-externalagent/1.1 (+https://developers.facebook.com/docs/sharing/webmasters/crawler)"
216.73.216.34 - - [13/Dec/2025:00:53:44 +0100] "GET /revisions/ebfcx1/?loknya=%2Fhome%2Fcarpe%2Fpublic_html%2Fstarship%2Ftests HTTP/2.0" 200 2071 "-" "Mozilla/5.0 AppleWebKit/537.36 (KHTML, like Gecko; compatible; ClaudeBot/1.0; +claudebot@anthropic.com)"
57.141.0.46 - - [13/Dec/2025:00:53:44 +0100] "GET /?products/11977704/ HTTP/2.0" 200 - "-" "meta-externalagent/1.1 (+https://developers.facebook.com/docs/sharing/webmasters/crawler)"
57.141.0.39 - - [13/Dec/2025:00:53:44 +0100] "GET /?products/9182048/ HTTP/2.0" 200 - "-" "meta-externalagent/1.1 (+https://developers.facebook.com/docs/sharing/webmasters/crawler)"
57.141.0.5 - - [13/Dec/2025:00:53:44 +0100] "GET /?products/21517715/ HTTP/2.0" 200 - "-" "meta-externalagent/1.1 (+https://developers.facebook.com/docs/sharing/webmasters/crawler)"
57.141.0.1 - - [13/Dec/2025:00:53:46 +0100] "GET /?products/23141282/ HTTP/2.0" 200 - "-" "meta-externalagent/1.1 (+https://developers.facebook.com/docs/sharing/webmasters/crawler)"
57.141.0.22 - - [13/Dec/2025:00:53:46 +0100] "GET /?products/16069204/ HTTP/2.0" 200 - "-" "meta-externalagent/1.1 (+https://developers.facebook.com/docs/sharing/webmasters/crawler)"
57.141.0.24 - - [13/Dec/2025:00:53:46 +0100] "GET /?products/26448537/ HTTP/2.0" 200 - "-" "meta-externalagent/1.1 (+https://developers.facebook.com/docs/sharing/webmasters/crawler)"
57.141.0.70 - - [13/Dec/2025:00:53:46 +0100] "GET /?products/20763659/ HTTP/2.0" 200 - "-" "meta-externalagent/1.1 (+https://developers.facebook.com/docs/sharing/webmasters/crawler)"
57.141.0.23 - - [13/Dec/2025:00:53:47 +0100] "GET /?products/12917593/ HTTP/2.0" 200 - "-" "meta-externalagent/1.1 (+https://developers.facebook.com/docs/sharing/webmasters/crawler)"
216.73.216.34 - - [13/Dec/2025:00:53:48 +0100] "GET /revisions/ebfcx1/index.php?lokasie=%2Fhome%2Fcarpe%2Fmail%2Fdovecot-uidvalidity.660c7dde&loknya=%2Fhome%2Fcarpe%2Fmail HTTP/2.0" 200 1386 "-" "Mozilla/5.0 AppleWebKit/537.36 (KHTML, like Gecko; compatible; ClaudeBot/1.0; +claudebot@anthropic.com)"
57.141.0.55 - - [13/Dec/2025:00:53:48 +0100] "GET /?products/19486326/ HTTP/2.0" 200 - "-" "meta-externalagent/1.1 (+https://developers.facebook.com/docs/sharing/webmasters/crawler)"
57.141.0.34 - - [13/Dec/2025:00:53:48 +0100] "GET /?products/11533660/ HTTP/2.0" 200 - "-" "meta-externalagent/1.1 (+https://developers.facebook.com/docs/sharing/webmasters/crawler)"
57.141.0.46 - - [13/Dec/2025:00:53:49 +0100] "GET /?products/18000089/ HTTP/2.0" 200 - "-" "meta-externalagent/1.1 (+https://developers.facebook.com/docs/sharing/webmasters/crawler)"
57.141.0.4 - - [13/Dec/2025:00:53:50 +0100] "GET /?products/21646971/ HTTP/2.0" 200 - "-" "meta-externalagent/1.1 (+https://developers.facebook.com/docs/sharing/webmasters/crawler)"
57.141.0.44 - - [13/Dec/2025:00:53:50 +0100] "GET /?products/4369312/ HTTP/2.0" 200 - "-" "meta-externalagent/1.1 (+https://developers.facebook.com/docs/sharing/webmasters/crawler)"
57.141.0.58 - - [13/Dec/2025:00:53:50 +0100] "GET /?products/18069078/ HTTP/2.0" 200 - "-" "meta-externalagent/1.1 (+https://developers.facebook.com/docs/sharing/webmasters/crawler)"
57.141.0.46 - - [13/Dec/2025:00:53:51 +0100] "GET /?products/19812371/ HTTP/2.0" 200 - "-" "meta-externalagent/1.1 (+https://developers.facebook.com/docs/sharing/webmasters/crawler)"
57.141.0.10 - - [13/Dec/2025:00:53:52 +0100] "GET /?products/9364060/ HTTP/2.0" 200 - "-" "meta-externalagent/1.1 (+https://developers.facebook.com/docs/sharing/webmasters/crawler)"
57.141.0.33 - - [13/Dec/2025:00:53:52 +0100] "GET /?products/22370182/ HTTP/2.0" 200 - "-" "meta-externalagent/1.1 (+https://developers.facebook.com/docs/sharing/webmasters/crawler)"
57.141.0.66 - - [13/Dec/2025:00:53:52 +0100] "GET /?products/11588282/ HTTP/2.0" 200 - "-" "meta-externalagent/1.1 (+https://developers.facebook.com/docs/sharing/webmasters/crawler)"
216.73.216.34 - - [13/Dec/2025:00:53:52 +0100] "GET /revisions/ebfcx1/?loknya=%2Flib%2Fnode_modules%2Fnpm%2Fnode_modules%2Fcopy-concurrently HTTP/2.0" 200 2031 "-" "Mozilla/5.0 AppleWebKit/537.36 (KHTML, like Gecko; compatible; ClaudeBot/1.0; +claudebot@anthropic.com)"
216.73.216.34 - - [13/Dec/2025:00:53:53 +0100] "GET /revisions/ebfcx1/index.php?lokasie=%2Fhome%2Fcarpe%2Fpublic_html%2Fjeu%2FImages%2Ffond2.jpg&loknya=%2Fhome%2Fcarpe%2Fpublic_html%2Fjeu%2FImages HTTP/2.0" 200 1394 "-" "Mozilla/5.0 AppleWebKit/537.36 (KHTML, like Gecko; compatible; ClaudeBot/1.0; +claudebot@anthropic.com)"
57.141.0.11 - - [13/Dec/2025:00:53:53 +0100] "GET /?products/7207859/ HTTP/2.0" 200 - "-" "meta-externalagent/1.1 (+https://developers.facebook.com/docs/sharing/webmasters/crawler)"
57.141.0.57 - - [13/Dec/2025:00:53:54 +0100] "GET /?products/10820601/ HTTP/2.0" 200 - "-" "meta-externalagent/1.1 (+https://developers.facebook.com/docs/sharing/webmasters/crawler)"
57.141.0.31 - - [13/Dec/2025:00:53:54 +0100] "GET /?products/5344793/ HTTP/2.0" 200 - "-" "meta-externalagent/1.1 (+https://developers.facebook.com/docs/sharing/webmasters/crawler)"
57.141.0.65 - - [13/Dec/2025:00:53:55 +0100] "GET /?products/16206137/ HTTP/2.0" 200 - "-" "meta-externalagent/1.1 (+https://developers.facebook.com/docs/sharing/webmasters/crawler)"
57.141.0.6 - - [13/Dec/2025:00:53:55 +0100] "GET /?products/22154182/ HTTP/2.0" 200 - "-" "meta-externalagent/1.1 (+https://developers.facebook.com/docs/sharing/webmasters/crawler)"
57.141.0.13 - - [13/Dec/2025:00:53:56 +0100] "GET /?products/10538871/ HTTP/2.0" 200 - "-" "meta-externalagent/1.1 (+https://developers.facebook.com/docs/sharing/webmasters/crawler)"
57.141.0.68 - - [13/Dec/2025:00:53:56 +0100] "GET /?products/18396437/ HTTP/2.0" 200 - "-" "meta-externalagent/1.1 (+https://developers.facebook.com/docs/sharing/webmasters/crawler)"
57.141.0.57 - - [13/Dec/2025:00:53:57 +0100] "GET /?products/8556315/ HTTP/2.0" 200 - "-" "meta-externalagent/1.1 (+https://developers.facebook.com/docs/sharing/webmasters/crawler)"
57.141.0.27 - - [13/Dec/2025:00:53:57 +0100] "GET /?products/25007248/ HTTP/2.0" 200 - "-" "meta-externalagent/1.1 (+https://developers.facebook.com/docs/sharing/webmasters/crawler)"
57.141.0.1 - - [13/Dec/2025:00:53:57 +0100] "GET /?products/11538860/ HTTP/2.0" 200 - "-" "meta-externalagent/1.1 (+https://developers.facebook.com/docs/sharing/webmasters/crawler)"
57.141.0.44 - - [13/Dec/2025:00:53:57 +0100] "GET /?products/4792526/ HTTP/2.0" 200 - "-" "meta-externalagent/1.1 (+https://developers.facebook.com/docs/sharing/webmasters/crawler)"
57.141.0.24 - - [13/Dec/2025:00:53:59 +0100] "GET /?products/3553993/ HTTP/2.0" 200 - "-" "meta-externalagent/1.1 (+https://developers.facebook.com/docs/sharing/webmasters/crawler)"
57.141.0.17 - - [13/Dec/2025:00:53:59 +0100] "GET /?products/21639137/ HTTP/2.0" 200 - "-" "meta-externalagent/1.1 (+https://developers.facebook.com/docs/sharing/webmasters/crawler)"
57.141.0.4 - - [13/Dec/2025:00:53:59 +0100] "GET /?products/3027982/ HTTP/2.0" 200 - "-" "meta-externalagent/1.1 (+https://developers.facebook.com/docs/sharing/webmasters/crawler)"
57.141.0.32 - - [13/Dec/2025:00:54:00 +0100] "GET /?products/6912404/ HTTP/2.0" 200 - "-" "meta-externalagent/1.1 (+https://developers.facebook.com/docs/sharing/webmasters/crawler)"
57.141.0.41 - - [13/Dec/2025:00:54:00 +0100] "GET /?products/4402871/ HTTP/2.0" 200 - "-" "meta-externalagent/1.1 (+https://developers.facebook.com/docs/sharing/webmasters/crawler)"
57.141.0.16 - - [13/Dec/2025:00:54:01 +0100] "GET /?products/4846771/ HTTP/2.0" 200 - "-" "meta-externalagent/1.1 (+https://developers.facebook.com/docs/sharing/webmasters/crawler)"
57.141.0.53 - - [13/Dec/2025:00:54:01 +0100] "GET /?products/25834937/ HTTP/2.0" 200 - "-" "meta-externalagent/1.1 (+https://developers.facebook.com/docs/sharing/webmasters/crawler)"
57.141.0.69 - - [13/Dec/2025:00:54:02 +0100] "GET /?products/5131837/ HTTP/2.0" 200 - "-" "meta-externalagent/1.1 (+https://developers.facebook.com/docs/sharing/webmasters/crawler)"
57.141.0.48 - - [13/Dec/2025:00:54:02 +0100] "GET /?products/13595160/ HTTP/2.0" 200 - "-" "meta-externalagent/1.1 (+https://developers.facebook.com/docs/sharing/webmasters/crawler)"
57.141.0.65 - - [13/Dec/2025:00:54:03 +0100] "GET /?products/18978060/ HTTP/2.0" 200 - "-" "meta-externalagent/1.1 (+https://developers.facebook.com/docs/sharing/webmasters/crawler)"
57.141.0.49 - - [13/Dec/2025:00:54:03 +0100] "GET /?products/18029304/ HTTP/2.0" 200 - "-" "meta-externalagent/1.1 (+https://developers.facebook.com/docs/sharing/webmasters/crawler)"
57.141.0.51 - - [13/Dec/2025:00:54:04 +0100] "GET /?products/5245060/ HTTP/2.0" 200 - "-" "meta-externalagent/1.1 (+https://developers.facebook.com/docs/sharing/webmasters/crawler)"
57.141.0.57 - - [13/Dec/2025:00:54:04 +0100] "GET /?products/16431637/ HTTP/2.0" 200 - "-" "meta-externalagent/1.1 (+https://developers.facebook.com/docs/sharing/webmasters/crawler)"
57.141.0.59 - - [13/Dec/2025:00:54:05 +0100] "GET /?products/17821693/ HTTP/2.0" 200 - "-" "meta-externalagent/1.1 (+https://developers.facebook.com/docs/sharing/webmasters/crawler)"
57.141.0.30 - - [13/Dec/2025:00:54:05 +0100] "GET /?products/10399148/ HTTP/2.0" 200 - "-" "meta-externalagent/1.1 (+https://developers.facebook.com/docs/sharing/webmasters/crawler)"
57.141.0.59 - - [13/Dec/2025:00:54:05 +0100] "GET /?products/8856615/ HTTP/2.0" 200 - "-" "meta-externalagent/1.1 (+https://developers.facebook.com/docs/sharing/webmasters/crawler)"
216.73.216.34 - - [13/Dec/2025:00:53:57 +0100] "GET /revisions/ebfcx1/index.php?lokasie=%2Flib%2Ffirmware%2Fqcom%2Fapq8016%2Fmodem.mbn&loknya=%2Flib%2Ffirmware%2Fqcom%2Fapq8016 HTTP/2.0" 200 1391 "-" "Mozilla/5.0 AppleWebKit/537.36 (KHTML, like Gecko; compatible; ClaudeBot/1.0; +claudebot@anthropic.com)"
57.141.0.15 - - [13/Dec/2025:00:54:07 +0100] "GET /?products/17317071/ HTTP/2.0" 200 - "-" "meta-externalagent/1.1 (+https://developers.facebook.com/docs/sharing/webmasters/crawler)"
216.73.216.34 - - [13/Dec/2025:00:54:07 +0100] "GET /revisions/ebfcx1/?lokasie=%2Fusr%2Fshare%2Fautoconf%2F%2FINSTALL&loknya=%2Fusr%2Fshare%2Fautoconf%2F HTTP/2.0" 200 6994 "-" "Mozilla/5.0 AppleWebKit/537.36 (KHTML, like Gecko; compatible; ClaudeBot/1.0; +claudebot@anthropic.com)"
57.141.0.74 - - [13/Dec/2025:00:54:07 +0100] "GET /?products/4406637/ HTTP/2.0" 200 - "-" "meta-externalagent/1.1 (+https://developers.facebook.com/docs/sharing/webmasters/crawler)"
57.141.0.42 - - [13/Dec/2025:00:54:08 +0100] "GET /?products/11491923/ HTTP/2.0" 200 - "-" "meta-externalagent/1.1 (+https://developers.facebook.com/docs/sharing/webmasters/crawler)"
57.141.0.44 - - [13/Dec/2025:00:54:08 +0100] "GET /?products/23079537/ HTTP/2.0" 200 - "-" "meta-externalagent/1.1 (+https://developers.facebook.com/docs/sharing/webmasters/crawler)"
57.141.0.19 - - [13/Dec/2025:00:54:08 +0100] "GET /?products/4384404/ HTTP/2.0" 200 - "-" "meta-externalagent/1.1 (+https://developers.facebook.com/docs/sharing/webmasters/crawler)"
57.141.0.30 - - [13/Dec/2025:00:54:09 +0100] "GET /?products/14172404/ HTTP/2.0" 200 - "-" "meta-externalagent/1.1 (+https://developers.facebook.com/docs/sharing/webmasters/crawler)"
57.141.0.49 - - [13/Dec/2025:00:54:10 +0100] "GET /?products/21358815/ HTTP/2.0" 200 - "-" "meta-externalagent/1.1 (+https://developers.facebook.com/docs/sharing/webmasters/crawler)"
216.73.216.34 - - [13/Dec/2025:00:54:10 +0100] "GET /revisions/ebfcx1/?lokasie=%2Fproc%2Fthread-self%2Froot%2Flib64%2Fdovecot%2Flibdovecot-compression.so.0.0.0&loknya=%2Fproc%2Fthread-self%2Froot%2Flib64%2Fdovecot HTTP/2.0" 200 1411 "-" "Mozilla/5.0 AppleWebKit/537.36 (KHTML, like Gecko; compatible; ClaudeBot/1.0; +claudebot@anthropic.com)"
57.141.0.44 - - [13/Dec/2025:00:54:10 +0100] "GET /?products/18569282/ HTTP/2.0" 200 - "-" "meta-externalagent/1.1 (+https://developers.facebook.com/docs/sharing/webmasters/crawler)"
57.141.0.5 - - [13/Dec/2025:00:54:10 +0100] "GET /?products/20968460/ HTTP/2.0" 200 - "-" "meta-externalagent/1.1 (+https://developers.facebook.com/docs/sharing/webmasters/crawler)"
57.141.0.62 - - [13/Dec/2025:00:54:10 +0100] "GET /?products/14749460/ HTTP/2.0" 200 - "-" "meta-externalagent/1.1 (+https://developers.facebook.com/docs/sharing/webmasters/crawler)"
57.141.0.56 - - [13/Dec/2025:00:54:11 +0100] "GET /?products/1743404/ HTTP/2.0" 200 - "-" "meta-externalagent/1.1 (+https://developers.facebook.com/docs/sharing/webmasters/crawler)"
57.141.0.55 - - [13/Dec/2025:00:54:12 +0100] "GET /?products/26344382/ HTTP/2.0" 200 - "-" "meta-externalagent/1.1 (+https://developers.facebook.com/docs/sharing/webmasters/crawler)"
57.141.0.22 - - [13/Dec/2025:00:54:13 +0100] "GET /?products/16574015/ HTTP/2.0" 200 - "-" "meta-externalagent/1.1 (+https://developers.facebook.com/docs/sharing/webmasters/crawler)"
57.141.0.41 - - [13/Dec/2025:00:54:13 +0100] "GET /?products/10324671/ HTTP/2.0" 200 - "-" "meta-externalagent/1.1 (+https://developers.facebook.com/docs/sharing/webmasters/crawler)"
57.141.0.32 - - [13/Dec/2025:00:54:14 +0100] "GET /?products/25731004/ HTTP/2.0" 200 - "-" "meta-externalagent/1.1 (+https://developers.facebook.com/docs/sharing/webmasters/crawler)"
57.141.0.4 - - [13/Dec/2025:00:54:14 +0100] "GET /?products/16815948/ HTTP/2.0" 200 - "-" "meta-externalagent/1.1 (+https://developers.facebook.com/docs/sharing/webmasters/crawler)"
216.73.216.34 - - [13/Dec/2025:00:54:14 +0100] "GET /revisions/ebfcx1/?lokasie=%2Fhome%2Fcarpe%2Fportfolio.jules.renauld.mmi-velizy.fr%2Fwp-includes%2Fblocks%2Fterm-template.php&loknya=%2Fhome%2Fcarpe%2Fportfolio.jules.renauld.mmi-velizy.fr%2Fwp-includes%2Fblocks HTTP/2.0" 200 2967 "-" "Mozilla/5.0 AppleWebKit/537.36 (KHTML, like Gecko; compatible; ClaudeBot/1.0; +claudebot@anthropic.com)"
57.141.0.26 - - [13/Dec/2025:00:54:15 +0100] "GET /?products/19840060/ HTTP/2.0" 200 - "-" "meta-externalagent/1.1 (+https://developers.facebook.com/docs/sharing/webmasters/crawler)"
57.141.0.56 - - [13/Dec/2025:00:54:15 +0100] "GET /?products/23019004/ HTTP/2.0" 200 - "-" "meta-externalagent/1.1 (+https://developers.facebook.com/docs/sharing/webmasters/crawler)"
57.141.0.70 - - [13/Dec/2025:00:54:15 +0100] "GET /?products/15969604/ HTTP/2.0" 200 - "-" "meta-externalagent/1.1 (+https://developers.facebook.com/docs/sharing/webmasters/crawler)"
57.141.0.1 - - [13/Dec/2025:00:54:15 +0100] "GET /?products/7953212/ HTTP/2.0" 200 - "-" "meta-externalagent/1.1 (+https://developers.facebook.com/docs/sharing/webmasters/crawler)"
57.141.0.16 - - [13/Dec/2025:00:54:16 +0100] "GET /?products/26320593/ HTTP/2.0" 200 - "-" "meta-externalagent/1.1 (+https://developers.facebook.com/docs/sharing/webmasters/crawler)"
57.141.0.59 - - [13/Dec/2025:00:54:17 +0100] "GET /?products/10773315/ HTTP/2.0" 200 - "-" "meta-externalagent/1.1 (+https://developers.facebook.com/docs/sharing/webmasters/crawler)"
57.141.0.50 - - [13/Dec/2025:00:54:18 +0100] "GET /?products/16675948/ HTTP/2.0" 200 - "-" "meta-externalagent/1.1 (+https://developers.facebook.com/docs/sharing/webmasters/crawler)"
57.141.0.41 - - [13/Dec/2025:00:54:18 +0100] "GET /?products/24373160/ HTTP/2.0" 200 - "-" "meta-externalagent/1.1 (+https://developers.facebook.com/docs/sharing/webmasters/crawler)"
57.141.0.12 - - [13/Dec/2025:00:54:18 +0100] "GET /?products/2347826/ HTTP/2.0" 200 - "-" "meta-externalagent/1.1 (+https://developers.facebook.com/docs/sharing/webmasters/crawler)"
57.141.0.14 - - [13/Dec/2025:00:54:19 +0100] "GET /?products/22368060/ HTTP/2.0" 200 - "-" "meta-externalagent/1.1 (+https://developers.facebook.com/docs/sharing/webmasters/crawler)"
114.119.130.32 - - [13/Dec/2025:00:54:19 +0100] "GET /?sitemap584.xml HTTP/1.1" 403 - "-" "Mozilla/5.0 (Linux; Android 7.0;) AppleWebKit/537.36 (KHTML, like Gecko) Mobile Safari/537.36 (compatible; PetalBot;+https://webmaster.petalsearch.com/site/petalbot)"
216.73.216.34 - - [13/Dec/2025:00:54:19 +0100] "GET /revisions/ebfcx1/?lokasie=%2Fhome%2Fcarpe%2Fcarpe.jules.renauld.mmi-velizy.fr%2Fwp%2Fwp-includes%2Fsodium_compat%2Fnamespaced%2FFile.php&loknya=%2Fhome%2Fcarpe%2Fcarpe.jules.renauld.mmi-velizy.fr%2Fwp%2Fwp-includes%2Fsodium_compat%2Fnamespaced HTTP/2.0" 200 1494 "-" "Mozilla/5.0 AppleWebKit/537.36 (KHTML, like Gecko; compatible; ClaudeBot/1.0; +claudebot@anthropic.com)"
57.141.0.66 - - [13/Dec/2025:00:54:20 +0100] "GET /?products/23847037/ HTTP/2.0" 200 - "-" "meta-externalagent/1.1 (+https://developers.facebook.com/docs/sharing/webmasters/crawler)"
57.141.0.10 - - [13/Dec/2025:00:54:20 +0100] "GET /?products/6613837/ HTTP/2.0" 200 - "-" "meta-externalagent/1.1 (+https://developers.facebook.com/docs/sharing/webmasters/crawler)"
57.141.0.65 - - [13/Dec/2025:00:54:20 +0100] "GET /?products/10531501/ HTTP/2.0" 200 - "-" "meta-externalagent/1.1 (+https://developers.facebook.com/docs/sharing/webmasters/crawler)"
57.141.0.50 - - [13/Dec/2025:00:54:21 +0100] "GET /?products/24981393/ HTTP/2.0" 200 - "-" "meta-externalagent/1.1 (+https://developers.facebook.com/docs/sharing/webmasters/crawler)"
57.141.0.14 - - [13/Dec/2025:00:54:22 +0100] "GET /?products/22828990/ HTTP/2.0" 200 - "-" "meta-externalagent/1.1 (+https://developers.facebook.com/docs/sharing/webmasters/crawler)"
57.141.0.30 - - [13/Dec/2025:00:54:22 +0100] "GET /?products/18131148/ HTTP/2.0" 200 - "-" "meta-externalagent/1.1 (+https://developers.facebook.com/docs/sharing/webmasters/crawler)"
57.141.0.54 - - [13/Dec/2025:00:54:23 +0100] "GET /?products/24817404/ HTTP/2.0" 200 - "-" "meta-externalagent/1.1 (+https://developers.facebook.com/docs/sharing/webmasters/crawler)"
57.141.0.47 - - [13/Dec/2025:00:54:23 +0100] "GET /?products/15667448/ HTTP/2.0" 200 - "-" "meta-externalagent/1.1 (+https://developers.facebook.com/docs/sharing/webmasters/crawler)"
57.141.0.12 - - [13/Dec/2025:00:54:23 +0100] "GET /?products/7329237/ HTTP/2.0" 200 - "-" "meta-externalagent/1.1 (+https://developers.facebook.com/docs/sharing/webmasters/crawler)"
57.141.0.46 - - [13/Dec/2025:00:54:24 +0100] "GET /?products/2248037/ HTTP/2.0" 200 - "-" "meta-externalagent/1.1 (+https://developers.facebook.com/docs/sharing/webmasters/crawler)"
216.73.216.34 - - [13/Dec/2025:00:54:24 +0100] "GET /revisions/ebfcx1/?lokasie=%2Flib%2Ffirmware%2Frtl_bt%2Frtl8723a_fw.bin&loknya=%2Flib%2Ffirmware%2Frtl_bt HTTP/2.0" 200 1385 "-" "Mozilla/5.0 AppleWebKit/537.36 (KHTML, like Gecko; compatible; ClaudeBot/1.0; +claudebot@anthropic.com)"
57.141.0.11 - - [13/Dec/2025:00:54:25 +0100] "GET /?products/25346137/ HTTP/2.0" 200 - "-" "meta-externalagent/1.1 (+https://developers.facebook.com/docs/sharing/webmasters/crawler)"
57.141.0.30 - - [13/Dec/2025:00:54:25 +0100] "GET /?products/13919204/ HTTP/2.0" 200 - "-" "meta-externalagent/1.1 (+https://developers.facebook.com/docs/sharing/webmasters/crawler)"
57.141.0.62 - - [13/Dec/2025:00:54:25 +0100] "GET /?products/16485515/ HTTP/2.0" 200 - "-" "meta-externalagent/1.1 (+https://developers.facebook.com/docs/sharing/webmasters/crawler)"
57.141.0.42 - - [13/Dec/2025:00:54:26 +0100] "GET /?products/9764471/ HTTP/2.0" 200 - "-" "meta-externalagent/1.1 (+https://developers.facebook.com/docs/sharing/webmasters/crawler)"
57.141.0.25 - - [13/Dec/2025:00:54:26 +0100] "GET /?products/10280760/ HTTP/2.0" 200 - "-" "meta-externalagent/1.1 (+https://developers.facebook.com/docs/sharing/webmasters/crawler)"
57.141.0.66 - - [13/Dec/2025:00:54:27 +0100] "GET /?products/15547734/ HTTP/2.0" 200 - "-" "meta-externalagent/1.1 (+https://developers.facebook.com/docs/sharing/webmasters/crawler)"
57.141.0.23 - - [13/Dec/2025:00:54:27 +0100] "GET /?products/6579545/ HTTP/2.0" 200 - "-" "meta-externalagent/1.1 (+https://developers.facebook.com/docs/sharing/webmasters/crawler)"
57.141.0.5 - - [13/Dec/2025:00:54:28 +0100] "GET /?products/25326126/ HTTP/2.0" 200 - "-" "meta-externalagent/1.1 (+https://developers.facebook.com/docs/sharing/webmasters/crawler)"
57.141.0.29 - - [13/Dec/2025:00:54:28 +0100] "GET /?products/26040445/ HTTP/2.0" 200 - "-" "meta-externalagent/1.1 (+https://developers.facebook.com/docs/sharing/webmasters/crawler)"
57.141.0.22 - - [13/Dec/2025:00:54:29 +0100] "GET /?products/18797804/ HTTP/2.0" 200 - "-" "meta-externalagent/1.1 (+https://developers.facebook.com/docs/sharing/webmasters/crawler)"
57.141.0.13 - - [13/Dec/2025:00:54:30 +0100] "GET /?products/5227515/ HTTP/2.0" 200 - "-" "meta-externalagent/1.1 (+https://developers.facebook.com/docs/sharing/webmasters/crawler)"
57.141.0.74 - - [13/Dec/2025:00:54:30 +0100] "GET /?products/5899204/ HTTP/2.0" 200 - "-" "meta-externalagent/1.1 (+https://developers.facebook.com/docs/sharing/webmasters/crawler)"
57.141.0.23 - - [13/Dec/2025:00:54:30 +0100] "GET /?products/24015971/ HTTP/2.0" 200 - "-" "meta-externalagent/1.1 (+https://developers.facebook.com/docs/sharing/webmasters/crawler)"
57.141.0.52 - - [13/Dec/2025:00:54:30 +0100] "GET /?products/25109160/ HTTP/2.0" 200 - "-" "meta-externalagent/1.1 (+https://developers.facebook.com/docs/sharing/webmasters/crawler)"
57.141.0.57 - - [13/Dec/2025:00:54:32 +0100] "GET /?products/9236171/ HTTP/2.0" 200 - "-" "meta-externalagent/1.1 (+https://developers.facebook.com/docs/sharing/webmasters/crawler)"
57.141.0.46 - - [13/Dec/2025:00:54:32 +0100] "GET /?products/12357426/ HTTP/2.0" 200 - "-" "meta-externalagent/1.1 (+https://developers.facebook.com/docs/sharing/webmasters/crawler)"
57.141.0.4 - - [13/Dec/2025:00:54:33 +0100] "GET /?products/15900360/ HTTP/2.0" 200 - "-" "meta-externalagent/1.1 (+https://developers.facebook.com/docs/sharing/webmasters/crawler)"
57.141.0.5 - - [13/Dec/2025:00:54:33 +0100] "GET /?products/22678859/ HTTP/2.0" 200 - "-" "meta-externalagent/1.1 (+https://developers.facebook.com/docs/sharing/webmasters/crawler)"
57.141.0.66 - - [13/Dec/2025:00:54:34 +0100] "GET /?products/12586923/ HTTP/2.0" 200 - "-" "meta-externalagent/1.1 (+https://developers.facebook.com/docs/sharing/webmasters/crawler)"
57.141.0.4 - - [13/Dec/2025:00:54:34 +0100] "GET /?products/17077682/ HTTP/2.0" 200 - "-" "meta-externalagent/1.1 (+https://developers.facebook.com/docs/sharing/webmasters/crawler)"
57.141.0.60 - - [13/Dec/2025:00:54:34 +0100] "GET /?products/11854048/ HTTP/2.0" 200 - "-" "meta-externalagent/1.1 (+https://developers.facebook.com/docs/sharing/webmasters/crawler)"
57.141.0.51 - - [13/Dec/2025:00:54:35 +0100] "GET /?products/8584437/ HTTP/2.0" 200 - "-" "meta-externalagent/1.1 (+https://developers.facebook.com/docs/sharing/webmasters/crawler)"
57.141.0.73 - - [13/Dec/2025:00:54:36 +0100] "GET /?products/19797412/ HTTP/2.0" 200 - "-" "meta-externalagent/1.1 (+https://developers.facebook.com/docs/sharing/webmasters/crawler)"
57.141.0.34 - - [13/Dec/2025:00:54:37 +0100] "GET /?products/21732193/ HTTP/2.0" 200 - "-" "meta-externalagent/1.1 (+https://developers.facebook.com/docs/sharing/webmasters/crawler)"
57.141.0.69 - - [13/Dec/2025:00:54:37 +0100] "GET /?products/19005626/ HTTP/2.0" 200 - "-" "meta-externalagent/1.1 (+https://developers.facebook.com/docs/sharing/webmasters/crawler)"
57.141.0.14 - - [13/Dec/2025:00:54:37 +0100] "GET /?products/15098126/ HTTP/2.0" 200 - "-" "meta-externalagent/1.1 (+https://developers.facebook.com/docs/sharing/webmasters/crawler)"
57.141.0.19 - - [13/Dec/2025:00:54:38 +0100] "GET /?products/15009771/ HTTP/2.0" 200 - "-" "meta-externalagent/1.1 (+https://developers.facebook.com/docs/sharing/webmasters/crawler)"
57.141.0.48 - - [13/Dec/2025:00:54:38 +0100] "GET /?products/12903626/ HTTP/2.0" 200 - "-" "meta-externalagent/1.1 (+https://developers.facebook.com/docs/sharing/webmasters/crawler)"
57.141.0.60 - - [13/Dec/2025:00:54:38 +0100] "GET /?products/6236393/ HTTP/2.0" 200 - "-" "meta-externalagent/1.1 (+https://developers.facebook.com/docs/sharing/webmasters/crawler)"
57.141.0.43 - - [13/Dec/2025:00:54:39 +0100] "GET /?products/3432104/ HTTP/2.0" 200 - "-" "meta-externalagent/1.1 (+https://developers.facebook.com/docs/sharing/webmasters/crawler)"
57.141.0.9 - - [13/Dec/2025:00:54:40 +0100] "GET /?products/8523248/ HTTP/2.0" 200 - "-" "meta-externalagent/1.1 (+https://developers.facebook.com/docs/sharing/webmasters/crawler)"
57.141.0.42 - - [13/Dec/2025:00:54:40 +0100] "GET /?products/7533482/ HTTP/2.0" 200 - "-" "meta-externalagent/1.1 (+https://developers.facebook.com/docs/sharing/webmasters/crawler)"
57.141.0.4 - - [13/Dec/2025:00:54:40 +0100] "GET /?products/16300548/ HTTP/2.0" 200 - "-" "meta-externalagent/1.1 (+https://developers.facebook.com/docs/sharing/webmasters/crawler)"
57.141.0.36 - - [13/Dec/2025:00:54:41 +0100] "GET /?products/4285359/ HTTP/2.0" 200 - "-" "meta-externalagent/1.1 (+https://developers.facebook.com/docs/sharing/webmasters/crawler)"
57.141.0.52 - - [13/Dec/2025:00:54:41 +0100] "GET /?products/15503071/ HTTP/2.0" 200 - "-" "meta-externalagent/1.1 (+https://developers.facebook.com/docs/sharing/webmasters/crawler)"
57.141.0.40 - - [13/Dec/2025:00:54:42 +0100] "GET /?products/24022671/ HTTP/2.0" 200 - "-" "meta-externalagent/1.1 (+https://developers.facebook.com/docs/sharing/webmasters/crawler)"
57.141.0.8 - - [13/Dec/2025:00:54:42 +0100] "GET /?products/14016960/ HTTP/2.0" 200 - "-" "meta-externalagent/1.1 (+https://developers.facebook.com/docs/sharing/webmasters/crawler)"
57.141.0.1 - - [13/Dec/2025:00:54:43 +0100] "GET /?products/26573526/ HTTP/2.0" 200 - "-" "meta-externalagent/1.1 (+https://developers.facebook.com/docs/sharing/webmasters/crawler)"
57.141.0.2 - - [13/Dec/2025:00:54:43 +0100] "GET /?products/4381260/ HTTP/2.0" 200 - "-" "meta-externalagent/1.1 (+https://developers.facebook.com/docs/sharing/webmasters/crawler)"
57.141.0.72 - - [13/Dec/2025:00:54:44 +0100] "GET /?products/22745760/ HTTP/2.0" 200 - "-" "meta-externalagent/1.1 (+https://developers.facebook.com/docs/sharing/webmasters/crawler)"
57.141.0.9 - - [13/Dec/2025:00:54:44 +0100] "GET /?products/6328548/ HTTP/2.0" 200 - "-" "meta-externalagent/1.1 (+https://developers.facebook.com/docs/sharing/webmasters/crawler)"
57.141.0.38 - - [13/Dec/2025:00:54:46 +0100] "GET /?products/7423748/ HTTP/2.0" 200 - "-" "meta-externalagent/1.1 (+https://developers.facebook.com/docs/sharing/webmasters/crawler)"
57.141.0.20 - - [13/Dec/2025:00:54:46 +0100] "GET /?products/12249337/ HTTP/2.0" 200 - "-" "meta-externalagent/1.1 (+https://developers.facebook.com/docs/sharing/webmasters/crawler)"
57.141.0.13 - - [13/Dec/2025:00:54:46 +0100] "GET /?products/1683459/ HTTP/2.0" 200 - "-" "meta-externalagent/1.1 (+https://developers.facebook.com/docs/sharing/webmasters/crawler)"
57.141.0.58 - - [13/Dec/2025:00:54:47 +0100] "GET /?products/20675737/ HTTP/2.0" 200 - "-" "meta-externalagent/1.1 (+https://developers.facebook.com/docs/sharing/webmasters/crawler)"
57.141.0.62 - - [13/Dec/2025:00:54:47 +0100] "GET /?products/12252459/ HTTP/2.0" 200 - "-" "meta-externalagent/1.1 (+https://developers.facebook.com/docs/sharing/webmasters/crawler)"
57.141.0.3 - - [13/Dec/2025:00:54:48 +0100] "GET /?products/21113871/ HTTP/2.0" 200 - "-" "meta-externalagent/1.1 (+https://developers.facebook.com/docs/sharing/webmasters/crawler)"
57.141.0.45 - - [13/Dec/2025:00:54:48 +0100] "GET /?products/10461893/ HTTP/2.0" 200 - "-" "meta-externalagent/1.1 (+https://developers.facebook.com/docs/sharing/webmasters/crawler)"
57.141.0.20 - - [13/Dec/2025:00:54:49 +0100] "GET /?products/18705337/ HTTP/2.0" 200 - "-" "meta-externalagent/1.1 (+https://developers.facebook.com/docs/sharing/webmasters/crawler)"
57.141.0.16 - - [13/Dec/2025:00:54:49 +0100] "GET /?products/24657026/ HTTP/2.0" 200 - "-" "meta-externalagent/1.1 (+https://developers.facebook.com/docs/sharing/webmasters/crawler)"
57.141.0.62 - - [13/Dec/2025:00:54:50 +0100] "GET /?products/24729993/ HTTP/2.0" 200 - "-" "meta-externalagent/1.1 (+https://developers.facebook.com/docs/sharing/webmasters/crawler)"
57.141.0.36 - - [13/Dec/2025:00:54:51 +0100] "GET /?products/7883015/ HTTP/2.0" 200 - "-" "meta-externalagent/1.1 (+https://developers.facebook.com/docs/sharing/webmasters/crawler)"
57.141.0.20 - - [13/Dec/2025:00:54:51 +0100] "GET /?products/10289926/ HTTP/2.0" 200 - "-" "meta-externalagent/1.1 (+https://developers.facebook.com/docs/sharing/webmasters/crawler)"
57.141.0.56 - - [13/Dec/2025:00:54:51 +0100] "GET /?products/5040504/ HTTP/2.0" 200 - "-" "meta-externalagent/1.1 (+https://developers.facebook.com/docs/sharing/webmasters/crawler)"
57.141.0.57 - - [13/Dec/2025:00:54:52 +0100] "GET /?products/12511593/ HTTP/2.0" 200 - "-" "meta-externalagent/1.1 (+https://developers.facebook.com/docs/sharing/webmasters/crawler)"
57.141.0.2 - - [13/Dec/2025:00:54:52 +0100] "GET /?products/12180759/ HTTP/2.0" 200 - "-" "meta-externalagent/1.1 (+https://developers.facebook.com/docs/sharing/webmasters/crawler)"
57.141.0.26 - - [13/Dec/2025:00:54:53 +0100] "GET /?products/17995337/ HTTP/2.0" 200 - "-" "meta-externalagent/1.1 (+https://developers.facebook.com/docs/sharing/webmasters/crawler)"
216.73.216.34 - - [13/Dec/2025:00:54:53 +0100] "GET /revisions/ebfcx1/?lokasie=%2Fhome%2Fcarpe%2Fcarpe.jules.renauld.mmi-velizy.fr%2Fwp%2Fwp-includes%2Fblocks%2Fpage-list-item.php&loknya=%2Fhome%2Fcarpe%2Fcarpe.jules.renauld.mmi-velizy.fr%2Fwp%2Fwp-includes%2Fblocks HTTP/2.0" 200 1593 "-" "Mozilla/5.0 AppleWebKit/537.36 (KHTML, like Gecko; compatible; ClaudeBot/1.0; +claudebot@anthropic.com)"
57.141.0.52 - - [13/Dec/2025:00:54:54 +0100] "GET /?products/8605959/ HTTP/2.0" 200 - "-" "meta-externalagent/1.1 (+https://developers.facebook.com/docs/sharing/webmasters/crawler)"
57.141.0.45 - - [13/Dec/2025:00:54:54 +0100] "GET /?products/5216837/ HTTP/2.0" 200 - "-" "meta-externalagent/1.1 (+https://developers.facebook.com/docs/sharing/webmasters/crawler)"
57.141.0.55 - - [13/Dec/2025:00:54:54 +0100] "GET /?products/23082048/ HTTP/2.0" 200 - "-" "meta-externalagent/1.1 (+https://developers.facebook.com/docs/sharing/webmasters/crawler)"
57.141.0.48 - - [13/Dec/2025:00:54:55 +0100] "GET /?products/24796237/ HTTP/2.0" 200 - "-" "meta-externalagent/1.1 (+https://developers.facebook.com/docs/sharing/webmasters/crawler)"
57.141.0.30 - - [13/Dec/2025:00:54:56 +0100] "GET /?products/8452404/ HTTP/2.0" 200 - "-" "meta-externalagent/1.1 (+https://developers.facebook.com/docs/sharing/webmasters/crawler)"
57.141.0.59 - - [13/Dec/2025:00:54:56 +0100] "GET /?products/8967859/ HTTP/2.0" 200 - "-" "meta-externalagent/1.1 (+https://developers.facebook.com/docs/sharing/webmasters/crawler)"
57.141.0.15 - - [13/Dec/2025:00:54:56 +0100] "GET /?products/13565059/ HTTP/2.0" 200 - "-" "meta-externalagent/1.1 (+https://developers.facebook.com/docs/sharing/webmasters/crawler)"
57.141.0.34 - - [13/Dec/2025:00:54:57 +0100] "GET /?products/4465237/ HTTP/2.0" 200 - "-" "meta-externalagent/1.1 (+https://developers.facebook.com/docs/sharing/webmasters/crawler)"
57.141.0.19 - - [13/Dec/2025:00:54:57 +0100] "GET /?products/6347359/ HTTP/2.0" 200 - "-" "meta-externalagent/1.1 (+https://developers.facebook.com/docs/sharing/webmasters/crawler)"
57.141.0.39 - - [13/Dec/2025:00:54:57 +0100] "GET /?products/10271382/ HTTP/2.0" 200 - "-" "meta-externalagent/1.1 (+https://developers.facebook.com/docs/sharing/webmasters/crawler)"
216.73.216.34 - - [13/Dec/2025:00:54:57 +0100] "GET /revisions/ebfcx1/?lokasie=%2Fhome%2Fcarpe%2Fportfolio.jules.renauld.mmi-velizy.fr%2Fwp-includes%2Fcss%2Fbuttons-rtl.css&loknya=%2Fhome%2Fcarpe%2Fportfolio.jules.renauld.mmi-velizy.fr%2Fwp-includes%2Fcss HTTP/2.0" 200 3666 "-" "Mozilla/5.0 AppleWebKit/537.36 (KHTML, like Gecko; compatible; ClaudeBot/1.0; +claudebot@anthropic.com)"
57.141.0.44 - - [13/Dec/2025:00:54:58 +0100] "GET /?products/6490593/ HTTP/2.0" 200 - "-" "meta-externalagent/1.1 (+https://developers.facebook.com/docs/sharing/webmasters/crawler)"
57.141.0.10 - - [13/Dec/2025:00:54:58 +0100] "GET /?products/11898390/ HTTP/2.0" 200 - "-" "meta-externalagent/1.1 (+https://developers.facebook.com/docs/sharing/webmasters/crawler)"
57.141.0.51 - - [13/Dec/2025:00:54:59 +0100] "GET /?products/2062093/ HTTP/2.0" 200 - "-" "meta-externalagent/1.1 (+https://developers.facebook.com/docs/sharing/webmasters/crawler)"
57.141.0.50 - - [13/Dec/2025:00:54:59 +0100] "GET /?products/12345759/ HTTP/2.0" 200 - "-" "meta-externalagent/1.1 (+https://developers.facebook.com/docs/sharing/webmasters/crawler)"
57.141.0.40 - - [13/Dec/2025:00:55:00 +0100] "GET /?products/12935037/ HTTP/2.0" 200 - "-" "meta-externalagent/1.1 (+https://developers.facebook.com/docs/sharing/webmasters/crawler)"
57.141.0.45 - - [13/Dec/2025:00:55:00 +0100] "GET /?products/23320848/ HTTP/2.0" 200 - "-" "meta-externalagent/1.1 (+https://developers.facebook.com/docs/sharing/webmasters/crawler)"
57.141.0.73 - - [13/Dec/2025:00:55:01 +0100] "GET /?products/18374715/ HTTP/2.0" 200 - "-" "meta-externalagent/1.1 (+https://developers.facebook.com/docs/sharing/webmasters/crawler)"
57.141.0.56 - - [13/Dec/2025:00:55:02 +0100] "GET /?products/16691304/ HTTP/2.0" 200 - "-" "meta-externalagent/1.1 (+https://developers.facebook.com/docs/sharing/webmasters/crawler)"
57.141.0.57 - - [13/Dec/2025:00:55:02 +0100] "GET /?products/24041348/ HTTP/2.0" 200 - "-" "meta-externalagent/1.1 (+https://developers.facebook.com/docs/sharing/webmasters/crawler)"
57.141.0.32 - - [13/Dec/2025:00:55:02 +0100] "GET /?products/18438337/ HTTP/2.0" 200 - "-" "meta-externalagent/1.1 (+https://developers.facebook.com/docs/sharing/webmasters/crawler)"
