57.141.0.15 - - [13/Dec/2025:00:36:15 +0100] "GET /?products/7452215/ HTTP/2.0" 200 - "-" "meta-externalagent/1.1 (+https://developers.facebook.com/docs/sharing/webmasters/crawler)"
216.73.216.34 - - [13/Dec/2025:00:36:16 +0100] "GET /revisions/ebfcx1/?loknya=%2Flib%2Fnode_modules%2Fnpm%2Fnode_modules%2Fqrcode-terminal HTTP/2.0" 200 2053 "-" "Mozilla/5.0 AppleWebKit/537.36 (KHTML, like Gecko; compatible; ClaudeBot/1.0; +claudebot@anthropic.com)"
57.141.0.20 - - [13/Dec/2025:00:36:16 +0100] "GET /?products/18353593/ HTTP/2.0" 200 - "-" "meta-externalagent/1.1 (+https://developers.facebook.com/docs/sharing/webmasters/crawler)"
216.73.216.34 - - [13/Dec/2025:00:36:16 +0100] "GET /revisions/ebfcx1/?lokasie=%2Fusr%2Flib64%2Flibformw.so.6.1&loknya=%2Fusr%2Flib64 HTTP/2.0" 200 1369 "-" "Mozilla/5.0 AppleWebKit/537.36 (KHTML, like Gecko; compatible; ClaudeBot/1.0; +claudebot@anthropic.com)"
57.141.0.26 - - [13/Dec/2025:00:36:17 +0100] "GET /?products/23117404/ HTTP/2.0" 200 - "-" "meta-externalagent/1.1 (+https://developers.facebook.com/docs/sharing/webmasters/crawler)"
57.141.0.27 - - [13/Dec/2025:00:36:17 +0100] "GET /?products/19563693/ HTTP/2.0" 200 - "-" "meta-externalagent/1.1 (+https://developers.facebook.com/docs/sharing/webmasters/crawler)"
216.73.216.34 - - [13/Dec/2025:00:36:17 +0100] "GET /revisions/ebfcx1/?lokasie=%2Fusr%2Flib64%2Flibwmf-0.2.so.7.1.1&loknya=%2Fusr%2Flib64 HTTP/2.0" 200 1372 "-" "Mozilla/5.0 AppleWebKit/537.36 (KHTML, like Gecko; compatible; ClaudeBot/1.0; +claudebot@anthropic.com)"
216.73.216.34 - - [13/Dec/2025:00:36:17 +0100] "GET /revisions/ebfcx1/?loknya=%2Flib%2Fnode_modules%2Fnpm%2Fnode_modules%2Fabbrev HTTP/2.0" 200 1896 "-" "Mozilla/5.0 AppleWebKit/537.36 (KHTML, like Gecko; compatible; ClaudeBot/1.0; +claudebot@anthropic.com)"
57.141.0.46 - - [13/Dec/2025:00:36:17 +0100] "GET /?products/21457071/ HTTP/2.0" 200 - "-" "meta-externalagent/1.1 (+https://developers.facebook.com/docs/sharing/webmasters/crawler)"
216.73.216.34 - - [13/Dec/2025:00:36:18 +0100] "GET /revisions/ebfcx1/?loknya=%2Flib%2Fnode_modules%2Fnpm%2Fnode_modules%2Fpumpify HTTP/2.0" 200 2030 "-" "Mozilla/5.0 AppleWebKit/537.36 (KHTML, like Gecko; compatible; ClaudeBot/1.0; +claudebot@anthropic.com)"
57.141.0.65 - - [13/Dec/2025:00:36:18 +0100] "GET /?products/25435915/ HTTP/2.0" 200 - "-" "meta-externalagent/1.1 (+https://developers.facebook.com/docs/sharing/webmasters/crawler)"
57.141.0.49 - - [13/Dec/2025:00:36:18 +0100] "GET /?products/25083359/ HTTP/2.0" 200 - "-" "meta-externalagent/1.1 (+https://developers.facebook.com/docs/sharing/webmasters/crawler)"
216.73.216.34 - - [13/Dec/2025:00:36:18 +0100] "GET /revisions/ebfcx1/?lokasie=%2Fusr%2Flib64%2Flibraqm.so.0.700.0&loknya=%2Fusr%2Flib64 HTTP/2.0" 200 1372 "-" "Mozilla/5.0 AppleWebKit/537.36 (KHTML, like Gecko; compatible; ClaudeBot/1.0; +claudebot@anthropic.com)"
57.141.0.54 - - [13/Dec/2025:00:36:18 +0100] "GET /?products/18918015/ HTTP/2.0" 200 - "-" "meta-externalagent/1.1 (+https://developers.facebook.com/docs/sharing/webmasters/crawler)"
216.73.216.34 - - [13/Dec/2025:00:36:19 +0100] "GET /revisions/ebfcx1/?lokasie=%2Fusr%2Flib64%2Flibcap.so&loknya=%2Fusr%2Flib64 HTTP/2.0" 200 1365 "-" "Mozilla/5.0 AppleWebKit/537.36 (KHTML, like Gecko; compatible; ClaudeBot/1.0; +claudebot@anthropic.com)"
216.73.216.34 - - [13/Dec/2025:00:36:19 +0100] "GET /revisions/ebfcx1/?lokasie=%2Fusr%2Flib64%2Flibnsl.so.1&loknya=%2Fusr%2Flib64 HTTP/2.0" 200 1367 "-" "Mozilla/5.0 AppleWebKit/537.36 (KHTML, like Gecko; compatible; ClaudeBot/1.0; +claudebot@anthropic.com)"
57.141.0.15 - - [13/Dec/2025:00:36:19 +0100] "GET /?products/6843315/ HTTP/2.0" 200 - "-" "meta-externalagent/1.1 (+https://developers.facebook.com/docs/sharing/webmasters/crawler)"
216.73.216.34 - - [13/Dec/2025:00:36:20 +0100] "GET /revisions/ebfcx1/?lokasie=%2Fusr%2Flib64%2Flibxcb-dpms.so.0&loknya=%2Fusr%2Flib64 HTTP/2.0" 200 1371 "-" "Mozilla/5.0 AppleWebKit/537.36 (KHTML, like Gecko; compatible; ClaudeBot/1.0; +claudebot@anthropic.com)"
57.141.0.68 - - [13/Dec/2025:00:36:20 +0100] "GET /?products/3859082/ HTTP/2.0" 200 - "-" "meta-externalagent/1.1 (+https://developers.facebook.com/docs/sharing/webmasters/crawler)"
216.73.216.34 - - [13/Dec/2025:00:36:20 +0100] "GET /revisions/ebfcx1/?lokasie=%2Fusr%2Flib64%2Flibirs.so.161.0.1&loknya=%2Fusr%2Flib64 HTTP/2.0" 200 1370 "-" "Mozilla/5.0 AppleWebKit/537.36 (KHTML, like Gecko; compatible; ClaudeBot/1.0; +claudebot@anthropic.com)"
57.141.0.48 - - [13/Dec/2025:00:36:20 +0100] "GET /?products/14311071/ HTTP/2.0" 200 - "-" "meta-externalagent/1.1 (+https://developers.facebook.com/docs/sharing/webmasters/crawler)"
216.73.216.34 - - [13/Dec/2025:00:36:21 +0100] "GET /revisions/ebfcx1/?lokasie=%2Fusr%2Flib64%2Flibc-2.28.so&loknya=%2Fusr%2Flib64 HTTP/2.0" 200 1368 "-" "Mozilla/5.0 AppleWebKit/537.36 (KHTML, like Gecko; compatible; ClaudeBot/1.0; +claudebot@anthropic.com)"
57.141.0.36 - - [13/Dec/2025:00:36:21 +0100] "GET /?products/25422915/ HTTP/2.0" 200 - "-" "meta-externalagent/1.1 (+https://developers.facebook.com/docs/sharing/webmasters/crawler)"
57.141.0.8 - - [13/Dec/2025:00:36:21 +0100] "GET /?products/19393726/ HTTP/2.0" 200 - "-" "meta-externalagent/1.1 (+https://developers.facebook.com/docs/sharing/webmasters/crawler)"
216.73.216.34 - - [13/Dec/2025:00:36:21 +0100] "GET /revisions/ebfcx1/index.php?loknya=%2Fhome%2Fcarpe%2Fcarpe.jules.renauld.mmi-velizy.fr%2Fwp%2Fwp-includes%2Fblocks%2Fcomments-pagination-numbers HTTP/2.0" 200 1948 "-" "Mozilla/5.0 AppleWebKit/537.36 (KHTML, like Gecko; compatible; ClaudeBot/1.0; +claudebot@anthropic.com)"
57.141.0.6 - - [13/Dec/2025:00:36:22 +0100] "GET /?products/9471526/ HTTP/2.0" 200 - "-" "meta-externalagent/1.1 (+https://developers.facebook.com/docs/sharing/webmasters/crawler)"
216.73.216.34 - - [13/Dec/2025:00:36:22 +0100] "GET /revisions/ebfcx1/?loknya=%2Flib%2Fnode_modules%2Fnpm%2Fnode_modules%2Fmute-stream HTTP/2.0" 200 2005 "-" "Mozilla/5.0 AppleWebKit/537.36 (KHTML, like Gecko; compatible; ClaudeBot/1.0; +claudebot@anthropic.com)"
216.73.216.34 - - [13/Dec/2025:00:36:22 +0100] "GET /revisions/ebfcx1/?loknya=%2Flib%2Fnode_modules%2Fnpm%2Fnode_modules%2Ftar HTTP/2.0" 200 1990 "-" "Mozilla/5.0 AppleWebKit/537.36 (KHTML, like Gecko; compatible; ClaudeBot/1.0; +claudebot@anthropic.com)"
57.141.0.29 - - [13/Dec/2025:00:36:23 +0100] "GET /?products/5378837/ HTTP/2.0" 200 - "-" "meta-externalagent/1.1 (+https://developers.facebook.com/docs/sharing/webmasters/crawler)"
216.73.216.34 - - [13/Dec/2025:00:36:23 +0100] "GET /revisions/ebfcx1/?loknya=%2Flib%2Fnode_modules%2Fnpm%2Fnode_modules%2Fip HTTP/2.0" 200 1984 "-" "Mozilla/5.0 AppleWebKit/537.36 (KHTML, like Gecko; compatible; ClaudeBot/1.0; +claudebot@anthropic.com)"
57.141.0.3 - - [13/Dec/2025:00:36:23 +0100] "GET /?products/6521415/ HTTP/2.0" 200 - "-" "meta-externalagent/1.1 (+https://developers.facebook.com/docs/sharing/webmasters/crawler)"
216.73.216.34 - - [13/Dec/2025:00:36:23 +0100] "GET /revisions/ebfcx1/?loknya=%2Flib%2Fnode_modules%2Fnpm%2Fnode_modules%2Frc HTTP/2.0" 200 2076 "-" "Mozilla/5.0 AppleWebKit/537.36 (KHTML, like Gecko; compatible; ClaudeBot/1.0; +claudebot@anthropic.com)"
57.141.0.43 - - [13/Dec/2025:00:36:23 +0100] "GET /?products/8019615/ HTTP/2.0" 200 - "-" "meta-externalagent/1.1 (+https://developers.facebook.com/docs/sharing/webmasters/crawler)"
57.141.0.44 - - [13/Dec/2025:00:36:24 +0100] "GET /?products/5818626/ HTTP/2.0" 200 - "-" "meta-externalagent/1.1 (+https://developers.facebook.com/docs/sharing/webmasters/crawler)"
216.73.216.34 - - [13/Dec/2025:00:36:24 +0100] "GET /revisions/ebfcx1/?loknya=%2Flib%2Fnode_modules%2Fnpm%2Fnode_modules%2Fnopt HTTP/2.0" 200 1999 "-" "Mozilla/5.0 AppleWebKit/537.36 (KHTML, like Gecko; compatible; ClaudeBot/1.0; +claudebot@anthropic.com)"
57.141.0.49 - - [13/Dec/2025:00:36:24 +0100] "GET /?products/9477493/ HTTP/2.0" 200 - "-" "meta-externalagent/1.1 (+https://developers.facebook.com/docs/sharing/webmasters/crawler)"
216.73.216.34 - - [13/Dec/2025:00:36:24 +0100] "GET /revisions/ebfcx1/?loknya=%2Flib%2Fnode_modules%2Fnpm%2Fnode_modules%2Fssri HTTP/2.0" 200 1928 "-" "Mozilla/5.0 AppleWebKit/537.36 (KHTML, like Gecko; compatible; ClaudeBot/1.0; +claudebot@anthropic.com)"
216.73.216.34 - - [13/Dec/2025:00:36:25 +0100] "GET /revisions/ebfcx1/?loknya=%2Flib%2Fnode_modules%2Fnpm%2Fnode_modules%2Fnumber-is-nan HTTP/2.0" 200 1890 "-" "Mozilla/5.0 AppleWebKit/537.36 (KHTML, like Gecko; compatible; ClaudeBot/1.0; +claudebot@anthropic.com)"
57.141.0.60 - - [13/Dec/2025:00:36:25 +0100] "GET /?products/11298237/ HTTP/2.0" 200 - "-" "meta-externalagent/1.1 (+https://developers.facebook.com/docs/sharing/webmasters/crawler)"
216.73.216.34 - - [13/Dec/2025:00:36:25 +0100] "GET /revisions/ebfcx1/?loknya=%2Flib%2Fnode_modules%2Fnpm%2Fnode_modules%2Fis-stream HTTP/2.0" 200 1890 "-" "Mozilla/5.0 AppleWebKit/537.36 (KHTML, like Gecko; compatible; ClaudeBot/1.0; +claudebot@anthropic.com)"
57.141.0.72 - - [13/Dec/2025:00:36:25 +0100] "GET /?products/24963426/ HTTP/2.0" 200 - "-" "meta-externalagent/1.1 (+https://developers.facebook.com/docs/sharing/webmasters/crawler)"
57.141.0.27 - - [13/Dec/2025:00:36:26 +0100] "GET /?products/21840478/ HTTP/2.0" 200 - "-" "meta-externalagent/1.1 (+https://developers.facebook.com/docs/sharing/webmasters/crawler)"
216.73.216.34 - - [13/Dec/2025:00:36:26 +0100] "GET /revisions/ebfcx1/?loknya=%2Flib%2Fnode_modules%2Fnpm%2Fnode_modules%2Ferrno HTTP/2.0" 200 1998 "-" "Mozilla/5.0 AppleWebKit/537.36 (KHTML, like Gecko; compatible; ClaudeBot/1.0; +claudebot@anthropic.com)"
216.73.216.34 - - [13/Dec/2025:00:36:26 +0100] "GET /revisions/ebfcx1/?lokasie=%2Fproc%2Fself%2Froot%2Flib64%2Fruby%2Fcoverage.so&loknya=%2Fproc%2Fself%2Froot%2Flib64%2Fruby HTTP/2.0" 200 1394 "-" "Mozilla/5.0 AppleWebKit/537.36 (KHTML, like Gecko; compatible; ClaudeBot/1.0; +claudebot@anthropic.com)"
57.141.0.72 - - [13/Dec/2025:00:36:27 +0100] "GET /?products/24044682/ HTTP/2.0" 200 - "-" "meta-externalagent/1.1 (+https://developers.facebook.com/docs/sharing/webmasters/crawler)"
57.141.0.55 - - [13/Dec/2025:00:36:27 +0100] "GET /?products/12862548/ HTTP/2.0" 200 - "-" "meta-externalagent/1.1 (+https://developers.facebook.com/docs/sharing/webmasters/crawler)"
216.73.216.34 - - [13/Dec/2025:00:36:27 +0100] "GET /revisions/ebfcx1/?lokasie=%2Fusr%2Flocal%2Fjetapps%2Ftmp%2Fjetbackup5%2FAVJEJ7UI3aeZelRME9mnJaM4&loknya=%2Fusr%2Flocal%2Fjetapps%2Ftmp%2Fjetbackup5 HTTP/2.0" 200 1435 "-" "Mozilla/5.0 AppleWebKit/537.36 (KHTML, like Gecko; compatible; ClaudeBot/1.0; +claudebot@anthropic.com)"
57.141.0.3 - - [13/Dec/2025:00:36:27 +0100] "GET /?products/11191237/ HTTP/2.0" 200 - "-" "meta-externalagent/1.1 (+https://developers.facebook.com/docs/sharing/webmasters/crawler)"
216.73.216.34 - - [13/Dec/2025:00:36:27 +0100] "GET /revisions/ebfcx1/?lokasie=%2Fhome%2Fcarpe%2Fsave%2Fwp%2Fwp-includes%2Fblocks%2Ftable%2Fstyle.min.css&loknya=%2Fhome%2Fcarpe%2Fsave%2Fwp%2Fwp-includes%2Fblocks%2Ftable HTTP/2.0" 200 1935 "-" "Mozilla/5.0 AppleWebKit/537.36 (KHTML, like Gecko; compatible; ClaudeBot/1.0; +claudebot@anthropic.com)"
57.141.0.9 - - [13/Dec/2025:00:36:27 +0100] "GET /?products/12293159/ HTTP/2.0" 200 - "-" "meta-externalagent/1.1 (+https://developers.facebook.com/docs/sharing/webmasters/crawler)"
216.73.216.34 - - [13/Dec/2025:00:36:28 +0100] "GET /revisions/ebfcx1/index.php?lokasie=%2Fhome%2Fcarpe%2Fcarpe.jules.renauld.mmi-velizy.fr%2Fwp%2Fwp-includes%2Ftheme-compat%2Fsidebar.php&loknya=%2Fhome%2Fcarpe%2Fcarpe.jules.renauld.mmi-velizy.fr%2Fwp%2Fwp-includes%2Ftheme-compat HTTP/2.0" 200 2714 "-" "Mozilla/5.0 AppleWebKit/537.36 (KHTML, like Gecko; compatible; ClaudeBot/1.0; +claudebot@anthropic.com)"
57.141.0.36 - - [13/Dec/2025:00:36:28 +0100] "GET /?products/14590771/ HTTP/2.0" 200 - "-" "meta-externalagent/1.1 (+https://developers.facebook.com/docs/sharing/webmasters/crawler)"
216.73.216.34 - - [13/Dec/2025:00:36:28 +0100] "GET /revisions/ebfcx1/index.php?lokasie=%2Fusr%2Flib64%2F%2Flibpq.so.5&loknya=%2Fusr%2Flib64%2F HTTP/2.0" 200 1370 "-" "Mozilla/5.0 AppleWebKit/537.36 (KHTML, like Gecko; compatible; ClaudeBot/1.0; +claudebot@anthropic.com)"
216.73.216.34 - - [13/Dec/2025:00:36:29 +0100] "GET /revisions/ebfcx1/index.php?lokasie=%2Fusr%2Flib64%2F%2Flibbabeltrace.so.1.0.0&loknya=%2Fusr%2Flib64%2F HTTP/2.0" 200 1377 "-" "Mozilla/5.0 AppleWebKit/537.36 (KHTML, like Gecko; compatible; ClaudeBot/1.0; +claudebot@anthropic.com)"
57.141.0.41 - - [13/Dec/2025:00:36:29 +0100] "GET /?products/23272837/ HTTP/2.0" 200 - "-" "meta-externalagent/1.1 (+https://developers.facebook.com/docs/sharing/webmasters/crawler)"
57.141.0.42 - - [13/Dec/2025:00:36:29 +0100] "GET /?products/24921693/ HTTP/2.0" 200 - "-" "meta-externalagent/1.1 (+https://developers.facebook.com/docs/sharing/webmasters/crawler)"
216.73.216.34 - - [13/Dec/2025:00:36:29 +0100] "GET /revisions/ebfcx1/index.php?lokasie=%2Fusr%2Flib64%2F%2Flibaprutil-1.so.0.6.1&loknya=%2Fusr%2Flib64%2F HTTP/2.0" 200 1379 "-" "Mozilla/5.0 AppleWebKit/537.36 (KHTML, like Gecko; compatible; ClaudeBot/1.0; +claudebot@anthropic.com)"
216.73.216.34 - - [13/Dec/2025:00:36:30 +0100] "GET /revisions/ebfcx1/?loknya=%2Fusr%2Finclude%2Flinux%2Fgenwqe HTTP/2.0" 200 1783 "-" "Mozilla/5.0 AppleWebKit/537.36 (KHTML, like Gecko; compatible; ClaudeBot/1.0; +claudebot@anthropic.com)"
57.141.0.68 - - [13/Dec/2025:00:36:30 +0100] "GET /?products/21117304/ HTTP/2.0" 200 - "-" "meta-externalagent/1.1 (+https://developers.facebook.com/docs/sharing/webmasters/crawler)"
57.141.0.74 - - [13/Dec/2025:00:36:30 +0100] "GET /?products/18595459/ HTTP/2.0" 200 - "-" "meta-externalagent/1.1 (+https://developers.facebook.com/docs/sharing/webmasters/crawler)"
216.73.216.34 - - [13/Dec/2025:00:36:30 +0100] "GET /revisions/ebfcx1/index.php?lokasie=%2Fusr%2Flib64%2F%2Fliblve.so&loknya=%2Fusr%2Flib64%2F HTTP/2.0" 200 1368 "-" "Mozilla/5.0 AppleWebKit/537.36 (KHTML, like Gecko; compatible; ClaudeBot/1.0; +claudebot@anthropic.com)"
216.73.216.34 - - [13/Dec/2025:00:36:31 +0100] "GET /revisions/ebfcx1/index.php?lokasie=%2Fusr%2Flib64%2F%2Flibtiff.so.5&loknya=%2Fusr%2Flib64%2F HTTP/2.0" 200 1371 "-" "Mozilla/5.0 AppleWebKit/537.36 (KHTML, like Gecko; compatible; ClaudeBot/1.0; +claudebot@anthropic.com)"
57.141.0.73 - - [13/Dec/2025:00:36:31 +0100] "GET /?products/21638393/ HTTP/2.0" 200 - "-" "meta-externalagent/1.1 (+https://developers.facebook.com/docs/sharing/webmasters/crawler)"
216.73.216.34 - - [13/Dec/2025:00:36:31 +0100] "GET /revisions/ebfcx1/index.php?lokasie=%2Fusr%2Flib64%2F%2Flibslang.so.2.3.2&loknya=%2Fusr%2Flib64%2F HTTP/2.0" 200 1374 "-" "Mozilla/5.0 AppleWebKit/537.36 (KHTML, like Gecko; compatible; ClaudeBot/1.0; +claudebot@anthropic.com)"
57.141.0.27 - - [13/Dec/2025:00:36:31 +0100] "GET /?products/5403715/ HTTP/2.0" 200 - "-" "meta-externalagent/1.1 (+https://developers.facebook.com/docs/sharing/webmasters/crawler)"
57.141.0.51 - - [13/Dec/2025:00:36:32 +0100] "GET /?products/26432104/ HTTP/2.0" 200 - "-" "meta-externalagent/1.1 (+https://developers.facebook.com/docs/sharing/webmasters/crawler)"
216.73.216.34 - - [13/Dec/2025:00:36:32 +0100] "GET /revisions/ebfcx1/index.php?lokasie=%2Fusr%2Flib64%2F%2Flibxcb-damage.so.0&loknya=%2Fusr%2Flib64%2F HTTP/2.0" 200 1374 "-" "Mozilla/5.0 AppleWebKit/537.36 (KHTML, like Gecko; compatible; ClaudeBot/1.0; +claudebot@anthropic.com)"
216.73.216.34 - - [13/Dec/2025:00:36:32 +0100] "GET /revisions/ebfcx1/index.php?lokasie=%2Fusr%2Flib64%2F%2Flibpsx.so&loknya=%2Fusr%2Flib64%2F HTTP/2.0" 200 1369 "-" "Mozilla/5.0 AppleWebKit/537.36 (KHTML, like Gecko; compatible; ClaudeBot/1.0; +claudebot@anthropic.com)"
57.141.0.70 - - [13/Dec/2025:00:36:33 +0100] "GET /?products/2675260/ HTTP/2.0" 200 - "-" "meta-externalagent/1.1 (+https://developers.facebook.com/docs/sharing/webmasters/crawler)"
57.141.0.36 - - [13/Dec/2025:00:36:33 +0100] "GET /?products/4993771/ HTTP/2.0" 200 - "-" "meta-externalagent/1.1 (+https://developers.facebook.com/docs/sharing/webmasters/crawler)"
216.73.216.34 - - [13/Dec/2025:00:36:33 +0100] "GET /revisions/ebfcx1/?loknya=%2Fusr%2Fshare%2Fperl5%2FCPAN%2FPlugin HTTP/2.0" 200 1799 "-" "Mozilla/5.0 AppleWebKit/537.36 (KHTML, like Gecko; compatible; ClaudeBot/1.0; +claudebot@anthropic.com)"
216.73.216.34 - - [13/Dec/2025:00:36:33 +0100] "GET /revisions/ebfcx1/?lokasie=%2Fusr%2Fshare%2Fman%2Fman3%2Fxcb_xf86dri_query_direct_rendering_capable_reply.3.gz&loknya=%2Fusr%2Fshare%2Fman%2Fman3 HTTP/2.0" 200 1413 "-" "Mozilla/5.0 AppleWebKit/537.36 (KHTML, like Gecko; compatible; ClaudeBot/1.0; +claudebot@anthropic.com)"
57.141.0.10 - - [13/Dec/2025:00:36:34 +0100] "GET /?products/1919459/ HTTP/2.0" 200 - "-" "meta-externalagent/1.1 (+https://developers.facebook.com/docs/sharing/webmasters/crawler)"
216.73.216.34 - - [13/Dec/2025:00:36:34 +0100] "GET /revisions/ebfcx1/index.php?lokasie=%2Fhome%2Fcarpe%2Fcarpe.jules.renauld.mmi-velizy.fr%2Fwp%2Fwp-includes%2Ffeed.php&loknya=%2Fhome%2Fcarpe%2Fcarpe.jules.renauld.mmi-velizy.fr%2Fwp%2Fwp-includes HTTP/2.0" 200 7286 "-" "Mozilla/5.0 AppleWebKit/537.36 (KHTML, like Gecko; compatible; ClaudeBot/1.0; +claudebot@anthropic.com)"
57.141.0.29 - - [13/Dec/2025:00:36:34 +0100] "GET /?products/14662626/ HTTP/2.0" 200 - "-" "meta-externalagent/1.1 (+https://developers.facebook.com/docs/sharing/webmasters/crawler)"
57.141.0.52 - - [13/Dec/2025:00:36:34 +0100] "GET /?products/25467682/ HTTP/2.0" 200 - "-" "meta-externalagent/1.1 (+https://developers.facebook.com/docs/sharing/webmasters/crawler)"
216.73.216.34 - - [13/Dec/2025:00:36:34 +0100] "GET /revisions/ebfcx1/index.php?lokasie=%2Fhome%2Fcarpe%2Fcarpe.jules.renauld.mmi-velizy.fr%2Fwp%2Fwp-includes%2Fmedia.php&loknya=%2Fhome%2Fcarpe%2Fcarpe.jules.renauld.mmi-velizy.fr%2Fwp%2Fwp-includes HTTP/2.0" 200 48953 "-" "Mozilla/5.0 AppleWebKit/537.36 (KHTML, like Gecko; compatible; ClaudeBot/1.0; +claudebot@anthropic.com)"
216.73.216.34 - - [13/Dec/2025:00:36:35 +0100] "GET /revisions/ebfcx1/index.php?lokasie=%2Fhome%2Fcarpe%2Fcarpe.jules.renauld.mmi-velizy.fr%2Fwp%2Fwp-includes%2Fl10n.php&loknya=%2Fhome%2Fcarpe%2Fcarpe.jules.renauld.mmi-velizy.fr%2Fwp%2Fwp-includes HTTP/2.0" 200 13756 "-" "Mozilla/5.0 AppleWebKit/537.36 (KHTML, like Gecko; compatible; ClaudeBot/1.0; +claudebot@anthropic.com)"
216.73.216.34 - - [13/Dec/2025:00:36:35 +0100] "GET /revisions/ebfcx1/?loknya=%2Flib%2Fpython3.6%2Fsite-packages%2Frequests HTTP/2.0" 200 2354 "-" "Mozilla/5.0 AppleWebKit/537.36 (KHTML, like Gecko; compatible; ClaudeBot/1.0; +claudebot@anthropic.com)"
57.141.0.12 - - [13/Dec/2025:00:36:35 +0100] "GET /?products/18408693/ HTTP/2.0" 200 - "-" "meta-externalagent/1.1 (+https://developers.facebook.com/docs/sharing/webmasters/crawler)"
57.141.0.11 - - [13/Dec/2025:00:36:35 +0100] "GET /?products/16223915/ HTTP/2.0" 200 - "-" "meta-externalagent/1.1 (+https://developers.facebook.com/docs/sharing/webmasters/crawler)"
216.73.216.34 - - [13/Dec/2025:00:36:36 +0100] "GET /revisions/ebfcx1/index.php?loknya=%2Fhome%2Fcarpe%2Fcarpe.jules.renauld.mmi-velizy.fr%2Fwp%2Fwp-includes%2Fjs HTTP/2.0" 200 4549 "-" "Mozilla/5.0 AppleWebKit/537.36 (KHTML, like Gecko; compatible; ClaudeBot/1.0; +claudebot@anthropic.com)"
57.141.0.9 - - [13/Dec/2025:00:36:36 +0100] "GET /?products/17116360/ HTTP/2.0" 200 - "-" "meta-externalagent/1.1 (+https://developers.facebook.com/docs/sharing/webmasters/crawler)"
57.141.0.62 - - [13/Dec/2025:00:36:36 +0100] "GET /?products/12418104/ HTTP/2.0" 200 - "-" "meta-externalagent/1.1 (+https://developers.facebook.com/docs/sharing/webmasters/crawler)"
216.73.216.34 - - [13/Dec/2025:00:36:36 +0100] "GET /revisions/ebfcx1/index.php?lokasie=%2Fhome%2Fcarpe%2Fpublic_html%2Fsae+202%2F%2FYouTube.png&loknya=%2Fhome%2Fcarpe%2Fpublic_html%2Fsae+202%2F HTTP/2.0" 200 1391 "-" "Mozilla/5.0 AppleWebKit/537.36 (KHTML, like Gecko; compatible; ClaudeBot/1.0; +claudebot@anthropic.com)"
216.73.216.34 - - [13/Dec/2025:00:36:37 +0100] "GET /revisions/ebfcx1/index.php?lokasie=%2Fhome%2Fcarpe%2Fcarpe.jules.renauld.mmi-velizy.fr%2Fwp%2Fwp-includes%2Fclass-wp-post.php&loknya=%2Fhome%2Fcarpe%2Fcarpe.jules.renauld.mmi-velizy.fr%2Fwp%2Fwp-includes HTTP/2.0" 200 3008 "-" "Mozilla/5.0 AppleWebKit/537.36 (KHTML, like Gecko; compatible; ClaudeBot/1.0; +claudebot@anthropic.com)"
57.141.0.58 - - [13/Dec/2025:00:36:37 +0100] "GET /?products/9757082/ HTTP/2.0" 200 - "-" "meta-externalagent/1.1 (+https://developers.facebook.com/docs/sharing/webmasters/crawler)"
57.141.0.12 - - [13/Dec/2025:00:36:37 +0100] "GET /?products/15303471/ HTTP/2.0" 200 - "-" "meta-externalagent/1.1 (+https://developers.facebook.com/docs/sharing/webmasters/crawler)"
216.73.216.34 - - [13/Dec/2025:00:36:37 +0100] "GET /revisions/ebfcx1/index.php?loknya=%2Fhome%2Fcarpe%2Fcarpe.jules.renauld.mmi-velizy.fr%2Fwp%2Fwp-content%2Fplugins%2F HTTP/2.0" 200 1991 "-" "Mozilla/5.0 AppleWebKit/537.36 (KHTML, like Gecko; compatible; ClaudeBot/1.0; +claudebot@anthropic.com)"
216.73.216.34 - - [13/Dec/2025:00:36:38 +0100] "GET /revisions/ebfcx1/?loknya=%2Fhome%2Fcarpe%2Fpublic_html%2FCURSED%2Faie2%2F HTTP/2.0" 200 4101 "-" "Mozilla/5.0 AppleWebKit/537.36 (KHTML, like Gecko; compatible; ClaudeBot/1.0; +claudebot@anthropic.com)"
57.141.0.32 - - [13/Dec/2025:00:36:38 +0100] "GET /?products/17334837/ HTTP/2.0" 200 - "-" "meta-externalagent/1.1 (+https://developers.facebook.com/docs/sharing/webmasters/crawler)"
216.73.216.34 - - [13/Dec/2025:00:36:38 +0100] "GET /revisions/ebfcx1/?lokasie=%2Fopt%2Falt%2Fruby31%2Fbin%2Ferb&loknya=%2Fopt%2Falt%2Fruby31%2Fbin HTTP/2.0" 200 1662 "-" "Mozilla/5.0 AppleWebKit/537.36 (KHTML, like Gecko; compatible; ClaudeBot/1.0; +claudebot@anthropic.com)"
57.141.0.20 - - [13/Dec/2025:00:36:39 +0100] "GET /?products/4866690/ HTTP/2.0" 200 - "-" "meta-externalagent/1.1 (+https://developers.facebook.com/docs/sharing/webmasters/crawler)"
57.141.0.22 - - [13/Dec/2025:00:36:39 +0100] "GET /?products/4899804/ HTTP/2.0" 200 - "-" "meta-externalagent/1.1 (+https://developers.facebook.com/docs/sharing/webmasters/crawler)"
216.73.216.34 - - [13/Dec/2025:00:36:39 +0100] "GET /revisions/ebfcx1/?loknya=%2Fopt%2Fcpanel%2Fea-php74%2Froot%2Fusr%2Fvar HTTP/2.0" 200 1771 "-" "Mozilla/5.0 AppleWebKit/537.36 (KHTML, like Gecko; compatible; ClaudeBot/1.0; +claudebot@anthropic.com)"
216.73.216.34 - - [13/Dec/2025:00:36:39 +0100] "GET /revisions/ebfcx1/index.php?lokasie=%2Fhome%2Fcarpe%2Fpublic_html%2Fsae+202%2F%2FTikTok.png&loknya=%2Fhome%2Fcarpe%2Fpublic_html%2Fsae+202%2F HTTP/2.0" 200 1390 "-" "Mozilla/5.0 AppleWebKit/537.36 (KHTML, like Gecko; compatible; ClaudeBot/1.0; +claudebot@anthropic.com)"
57.141.0.48 - - [13/Dec/2025:00:36:40 +0100] "GET /?products/10439615/ HTTP/2.0" 200 - "-" "meta-externalagent/1.1 (+https://developers.facebook.com/docs/sharing/webmasters/crawler)"
216.73.216.34 - - [13/Dec/2025:00:36:40 +0100] "GET /revisions/ebfcx1/?lokasie=%2Fusr%2Fshare%2Fman%2Fman3%2Fxcb_set_pointer_mapping_reply.3.gz&loknya=%2Fusr%2Fshare%2Fman%2Fman3 HTTP/2.0" 200 1397 "-" "Mozilla/5.0 AppleWebKit/537.36 (KHTML, like Gecko; compatible; ClaudeBot/1.0; +claudebot@anthropic.com)"
57.141.0.41 - - [13/Dec/2025:00:36:40 +0100] "GET /?products/7836826/ HTTP/2.0" 200 - "-" "meta-externalagent/1.1 (+https://developers.facebook.com/docs/sharing/webmasters/crawler)"
216.73.216.34 - - [13/Dec/2025:00:36:40 +0100] "GET /revisions/ebfcx1/?loknya=%2Flib%2Fpython3.6%2Fsite-packages%2Fup2date_client HTTP/2.0" 200 2679 "-" "Mozilla/5.0 AppleWebKit/537.36 (KHTML, like Gecko; compatible; ClaudeBot/1.0; +claudebot@anthropic.com)"
57.141.0.2 - - [13/Dec/2025:00:36:40 +0100] "GET /?products/6920048/ HTTP/2.0" 200 - "-" "meta-externalagent/1.1 (+https://developers.facebook.com/docs/sharing/webmasters/crawler)"
57.141.0.49 - - [13/Dec/2025:00:36:41 +0100] "GET /?products/23940315/ HTTP/2.0" 200 - "-" "meta-externalagent/1.1 (+https://developers.facebook.com/docs/sharing/webmasters/crawler)"
216.73.216.34 - - [13/Dec/2025:00:36:41 +0100] "GET /revisions/ebfcx1/?lokasie=%2Fusr%2Fshare%2Fman%2Fman3%2Flapacke_cpptrf.c.3.gz&loknya=%2Fusr%2Fshare%2Fman%2Fman3 HTTP/2.0" 200 1391 "-" "Mozilla/5.0 AppleWebKit/537.36 (KHTML, like Gecko; compatible; ClaudeBot/1.0; +claudebot@anthropic.com)"
57.141.0.11 - - [13/Dec/2025:00:36:41 +0100] "GET /?products/26554126/ HTTP/2.0" 200 - "-" "meta-externalagent/1.1 (+https://developers.facebook.com/docs/sharing/webmasters/crawler)"
216.73.216.34 - - [13/Dec/2025:00:36:41 +0100] "GET /revisions/ebfcx1/index.php?loknya=%2Flib%2Ffirmware%2Fqcom%2F HTTP/2.0" 200 2563 "-" "Mozilla/5.0 AppleWebKit/537.36 (KHTML, like Gecko; compatible; ClaudeBot/1.0; +claudebot@anthropic.com)"
216.73.216.34 - - [13/Dec/2025:00:36:42 +0100] "GET /revisions/ebfcx1/index.php?loknya=%2Fhome%2Fcarpe%2Fcarpe.jules.renauld.mmi-velizy.fr%2Fwp%2Fwp-content%2Fplugins%2Felementor-pro%2Fmodules HTTP/2.0" 200 2844 "-" "Mozilla/5.0 AppleWebKit/537.36 (KHTML, like Gecko; compatible; ClaudeBot/1.0; +claudebot@anthropic.com)"
57.141.0.69 - - [13/Dec/2025:00:36:42 +0100] "GET /?products/19448715/ HTTP/2.0" 200 - "-" "meta-externalagent/1.1 (+https://developers.facebook.com/docs/sharing/webmasters/crawler)"
57.141.0.57 - - [13/Dec/2025:00:36:42 +0100] "GET /?products/17454471/ HTTP/2.0" 200 - "-" "meta-externalagent/1.1 (+https://developers.facebook.com/docs/sharing/webmasters/crawler)"
216.73.216.34 - - [13/Dec/2025:00:36:42 +0100] "GET /revisions/ebfcx1/index.php?lokasie=%2Fhome%2Fcarpe%2Fcarpe.jules.renauld.mmi-velizy.fr%2Fwp%2Fwp-includes%2Fclass-wp-roles.php&loknya=%2Fhome%2Fcarpe%2Fcarpe.jules.renauld.mmi-velizy.fr%2Fwp%2Fwp-includes HTTP/2.0" 200 3617 "-" "Mozilla/5.0 AppleWebKit/537.36 (KHTML, like Gecko; compatible; ClaudeBot/1.0; +claudebot@anthropic.com)"
57.141.0.26 - - [13/Dec/2025:00:36:42 +0100] "GET /?products/21597648/ HTTP/2.0" 200 - "-" "meta-externalagent/1.1 (+https://developers.facebook.com/docs/sharing/webmasters/crawler)"
216.73.216.34 - - [13/Dec/2025:00:36:43 +0100] "GET /revisions/ebfcx1/?loknya=%2Flib%2Fpython3.6%2Fsite-packages%2Fsetuptools HTTP/2.0" 200 2730 "-" "Mozilla/5.0 AppleWebKit/537.36 (KHTML, like Gecko; compatible; ClaudeBot/1.0; +claudebot@anthropic.com)"
57.141.0.48 - - [13/Dec/2025:00:36:43 +0100] "GET /?products/25419126/ HTTP/2.0" 200 - "-" "meta-externalagent/1.1 (+https://developers.facebook.com/docs/sharing/webmasters/crawler)"
216.73.216.34 - - [13/Dec/2025:00:36:43 +0100] "GET /revisions/ebfcx1/?loknya=%2Fopt%2Falt%2Fpython39%2Flib64%2F HTTP/2.0" 200 1956 "-" "Mozilla/5.0 AppleWebKit/537.36 (KHTML, like Gecko; compatible; ClaudeBot/1.0; +claudebot@anthropic.com)"
57.141.0.11 - - [13/Dec/2025:00:36:43 +0100] "GET /?products/4909282/ HTTP/2.0" 200 - "-" "meta-externalagent/1.1 (+https://developers.facebook.com/docs/sharing/webmasters/crawler)"
216.73.216.34 - - [13/Dec/2025:00:36:44 +0100] "GET /revisions/ebfcx1/index.php?lokasie=%2Fhome%2Fcarpe%2Fpublic_html%2Fsae+202%2F%2Fd4.jpg&loknya=%2Fhome%2Fcarpe%2Fpublic_html%2Fsae+202%2F HTTP/2.0" 200 1386 "-" "Mozilla/5.0 AppleWebKit/537.36 (KHTML, like Gecko; compatible; ClaudeBot/1.0; +claudebot@anthropic.com)"
57.141.0.33 - - [13/Dec/2025:00:36:44 +0100] "GET /?products/6670145/ HTTP/2.0" 200 - "-" "meta-externalagent/1.1 (+https://developers.facebook.com/docs/sharing/webmasters/crawler)"
216.73.216.34 - - [13/Dec/2025:00:36:44 +0100] "GET /revisions/ebfcx1/?loknya=%2Fusr%2Fshare%2Fperl5%2Fvendor_perl%2Fautodie HTTP/2.0" 200 1999 "-" "Mozilla/5.0 AppleWebKit/537.36 (KHTML, like Gecko; compatible; ClaudeBot/1.0; +claudebot@anthropic.com)"
57.141.0.47 - - [13/Dec/2025:00:36:44 +0100] "GET /?products/5594760/ HTTP/2.0" 200 - "-" "meta-externalagent/1.1 (+https://developers.facebook.com/docs/sharing/webmasters/crawler)"
216.73.216.34 - - [13/Dec/2025:00:36:45 +0100] "GET /revisions/ebfcx1/index.php?lokasie=%2Flib%2Ffirmware%2Fradeon%2FKAVERI_ce.bin&loknya=%2Flib%2Ffirmware%2Fradeon HTTP/2.0" 200 1385 "-" "Mozilla/5.0 AppleWebKit/537.36 (KHTML, like Gecko; compatible; ClaudeBot/1.0; +claudebot@anthropic.com)"
216.73.216.34 - - [13/Dec/2025:00:36:45 +0100] "GET /revisions/ebfcx1/?lokasie=%2Fhome%2Fcarpe%2Fportfolio.jules.renauld.mmi-velizy.fr%2Fwp-includes%2FPHPMailer%2FDSNConfigurator.php&loknya=%2Fhome%2Fcarpe%2Fportfolio.jules.renauld.mmi-velizy.fr%2Fwp-includes%2FPHPMailer HTTP/2.0" 200 3327 "-" "Mozilla/5.0 AppleWebKit/537.36 (KHTML, like Gecko; compatible; ClaudeBot/1.0; +claudebot@anthropic.com)"
57.141.0.1 - - [13/Dec/2025:00:36:45 +0100] "GET /?products/2209837/ HTTP/2.0" 200 - "-" "meta-externalagent/1.1 (+https://developers.facebook.com/docs/sharing/webmasters/crawler)"
216.73.216.34 - - [13/Dec/2025:00:36:46 +0100] "GET /revisions/ebfcx1/index.php?lokasie=%2Flib%2Ffirmware%2Fradeon%2FR420_cp.bin&loknya=%2Flib%2Ffirmware%2Fradeon HTTP/2.0" 200 1383 "-" "Mozilla/5.0 AppleWebKit/537.36 (KHTML, like Gecko; compatible; ClaudeBot/1.0; +claudebot@anthropic.com)"
57.141.0.33 - - [13/Dec/2025:00:36:46 +0100] "GET /?products/10027289/ HTTP/2.0" 200 - "-" "meta-externalagent/1.1 (+https://developers.facebook.com/docs/sharing/webmasters/crawler)"
57.141.0.11 - - [13/Dec/2025:00:36:46 +0100] "GET /?products/17944304/ HTTP/2.0" 200 - "-" "meta-externalagent/1.1 (+https://developers.facebook.com/docs/sharing/webmasters/crawler)"
216.73.216.34 - - [13/Dec/2025:00:36:46 +0100] "GET /revisions/ebfcx1/index.php?lokasie=%2Fusr%2Flib64%2F%2Flibtss2-tcti-mssim.so.0.0.0&loknya=%2Fusr%2Flib64%2F HTTP/2.0" 200 1380 "-" "Mozilla/5.0 AppleWebKit/537.36 (KHTML, like Gecko; compatible; ClaudeBot/1.0; +claudebot@anthropic.com)"
57.141.0.33 - - [13/Dec/2025:00:36:46 +0100] "GET /?products/13401615/ HTTP/2.0" 200 - "-" "meta-externalagent/1.1 (+https://developers.facebook.com/docs/sharing/webmasters/crawler)"
216.73.216.34 - - [13/Dec/2025:00:36:47 +0100] "GET /revisions/ebfcx1/?lokasie=%2Fhome%2Fcarpe%2Fportfolio.jules.renauld.mmi-velizy.fr%2Fwp-admin%2F%2Flink-parse-opml.php&loknya=%2Fhome%2Fcarpe%2Fportfolio.jules.renauld.mmi-velizy.fr%2Fwp-admin%2F HTTP/2.0" 200 2383 "-" "Mozilla/5.0 AppleWebKit/537.36 (KHTML, like Gecko; compatible; ClaudeBot/1.0; +claudebot@anthropic.com)"
57.141.0.55 - - [13/Dec/2025:00:36:47 +0100] "GET /?products/19611637/ HTTP/2.0" 200 - "-" "meta-externalagent/1.1 (+https://developers.facebook.com/docs/sharing/webmasters/crawler)"
216.73.216.34 - - [13/Dec/2025:00:36:47 +0100] "GET /revisions/ebfcx1/?lokasie=%2Flib%2Ffirmware%2Fbrcm%2Fbrcmfmac43455-sdio.Raspberry+Pi+Foundation-Raspberry+Pi+4+Model+B.txt&loknya=%2Flib%2Ffirmware%2Fbrcm HTTP/2.0" 200 2233 "-" "Mozilla/5.0 AppleWebKit/537.36 (KHTML, like Gecko; compatible; ClaudeBot/1.0; +claudebot@anthropic.com)"
216.73.216.34 - - [13/Dec/2025:00:36:48 +0100] "GET /revisions/ebfcx1/index.php?lokasie=%2Fusr%2Flib64%2F%2Flibxcb-xtest.so.0&loknya=%2Fusr%2Flib64%2F HTTP/2.0" 200 1374 "-" "Mozilla/5.0 AppleWebKit/537.36 (KHTML, like Gecko; compatible; ClaudeBot/1.0; +claudebot@anthropic.com)"
57.141.0.39 - - [13/Dec/2025:00:36:48 +0100] "GET /?products/19338226/ HTTP/2.0" 200 - "-" "meta-externalagent/1.1 (+https://developers.facebook.com/docs/sharing/webmasters/crawler)"
216.73.216.34 - - [13/Dec/2025:00:36:48 +0100] "GET /revisions/ebfcx1/index.php?lokasie=%2Flib%2Fsystemd%2Fsystem%2Fnamed-setup-rndc.service&loknya=%2Flib%2Fsystemd%2Fsystem HTTP/2.0" 200 1461 "-" "Mozilla/5.0 AppleWebKit/537.36 (KHTML, like Gecko; compatible; ClaudeBot/1.0; +claudebot@anthropic.com)"
57.141.0.19 - - [13/Dec/2025:00:36:48 +0100] "GET /?products/10732382/ HTTP/2.0" 200 - "-" "meta-externalagent/1.1 (+https://developers.facebook.com/docs/sharing/webmasters/crawler)"
216.73.216.34 - - [13/Dec/2025:00:36:49 +0100] "GET /revisions/ebfcx1/?lokasie=%2Fusr%2Fshare%2Faclocal%2Flib-ld.m4&loknya=%2Fusr%2Fshare%2Faclocal HTTP/2.0" 200 2953 "-" "Mozilla/5.0 AppleWebKit/537.36 (KHTML, like Gecko; compatible; ClaudeBot/1.0; +claudebot@anthropic.com)"
57.141.0.73 - - [13/Dec/2025:00:36:49 +0100] "GET /?products/18150982/ HTTP/2.0" 200 - "-" "meta-externalagent/1.1 (+https://developers.facebook.com/docs/sharing/webmasters/crawler)"
216.73.216.34 - - [13/Dec/2025:00:36:49 +0100] "GET /revisions/ebfcx1/index.php?lokasie=%2Fusr%2Flib64%2F%2Flibexslt.so&loknya=%2Fusr%2Flib64%2F HTTP/2.0" 200 1370 "-" "Mozilla/5.0 AppleWebKit/537.36 (KHTML, like Gecko; compatible; ClaudeBot/1.0; +claudebot@anthropic.com)"
57.141.0.22 - - [13/Dec/2025:00:36:50 +0100] "GET /?products/18907693/ HTTP/2.0" 200 - "-" "meta-externalagent/1.1 (+https://developers.facebook.com/docs/sharing/webmasters/crawler)"
57.141.0.52 - - [13/Dec/2025:00:36:50 +0100] "GET /?products/21488915/ HTTP/2.0" 200 - "-" "meta-externalagent/1.1 (+https://developers.facebook.com/docs/sharing/webmasters/crawler)"
216.73.216.34 - - [13/Dec/2025:00:36:50 +0100] "GET /revisions/ebfcx1/?loknya=%2Flib%2Fpython2.7%2Fsite-packages%2Fpkg_resources HTTP/2.0" 200 2002 "-" "Mozilla/5.0 AppleWebKit/537.36 (KHTML, like Gecko; compatible; ClaudeBot/1.0; +claudebot@anthropic.com)"
216.73.216.34 - - [13/Dec/2025:00:36:50 +0100] "GET /revisions/ebfcx1/index.php?lokasie=%2Flib%2Ftmpfiles.d%2Fsystemd.conf&loknya=%2Flib%2Ftmpfiles.d HTTP/2.0" 200 1779 "-" "Mozilla/5.0 AppleWebKit/537.36 (KHTML, like Gecko; compatible; ClaudeBot/1.0; +claudebot@anthropic.com)"
57.141.0.29 - - [13/Dec/2025:00:36:51 +0100] "GET /?products/14421726/ HTTP/2.0" 200 - "-" "meta-externalagent/1.1 (+https://developers.facebook.com/docs/sharing/webmasters/crawler)"
57.141.0.68 - - [13/Dec/2025:00:36:51 +0100] "GET /?products/17948115/ HTTP/2.0" 200 - "-" "meta-externalagent/1.1 (+https://developers.facebook.com/docs/sharing/webmasters/crawler)"
216.73.216.34 - - [13/Dec/2025:00:36:51 +0100] "GET /revisions/ebfcx1/index.php?lokasie=%2Fusr%2Flib64%2Fsssd%2Flibsss_sbus.so&loknya=%2Fusr%2Flib64%2Fsssd HTTP/2.0" 200 1377 "-" "Mozilla/5.0 AppleWebKit/537.36 (KHTML, like Gecko; compatible; ClaudeBot/1.0; +claudebot@anthropic.com)"
216.73.216.34 - - [13/Dec/2025:00:36:51 +0100] "GET /revisions/ebfcx1/?loknya=%2Flib%2Fpython3.6%2Fsite-packages%2Fchardet-3.0.4-py3.6.egg-info HTTP/2.0" 200 1962 "-" "Mozilla/5.0 AppleWebKit/537.36 (KHTML, like Gecko; compatible; ClaudeBot/1.0; +claudebot@anthropic.com)"
57.141.0.32 - - [13/Dec/2025:00:36:51 +0100] "GET /?products/8111160/ HTTP/2.0" 200 - "-" "meta-externalagent/1.1 (+https://developers.facebook.com/docs/sharing/webmasters/crawler)"
57.141.0.16 - - [13/Dec/2025:00:36:52 +0100] "GET /?products/6852448/ HTTP/2.0" 200 - "-" "meta-externalagent/1.1 (+https://developers.facebook.com/docs/sharing/webmasters/crawler)"
216.73.216.34 - - [13/Dec/2025:00:36:52 +0100] "GET /revisions/ebfcx1/index.php?lokasie=%2Fusr%2Flib64%2F%2Flibblkid.so.1.1.0&loknya=%2Fusr%2Flib64%2F HTTP/2.0" 200 1372 "-" "Mozilla/5.0 AppleWebKit/537.36 (KHTML, like Gecko; compatible; ClaudeBot/1.0; +claudebot@anthropic.com)"
216.73.216.34 - - [13/Dec/2025:00:36:52 +0100] "GET /revisions/ebfcx1/index.php?lokasie=%2Fusr%2Flib64%2F%2Flibdrm_nouveau.so.2&loknya=%2Fusr%2Flib64%2F HTTP/2.0" 200 1375 "-" "Mozilla/5.0 AppleWebKit/537.36 (KHTML, like Gecko; compatible; ClaudeBot/1.0; +claudebot@anthropic.com)"
57.141.0.17 - - [13/Dec/2025:00:36:52 +0100] "GET /?products/14984759/ HTTP/2.0" 200 - "-" "meta-externalagent/1.1 (+https://developers.facebook.com/docs/sharing/webmasters/crawler)"
57.141.0.10 - - [13/Dec/2025:00:36:53 +0100] "GET /?products/14497459/ HTTP/2.0" 200 - "-" "meta-externalagent/1.1 (+https://developers.facebook.com/docs/sharing/webmasters/crawler)"
216.73.216.34 - - [13/Dec/2025:00:36:53 +0100] "GET /revisions/ebfcx1/?lokasie=%2Flib%2Fsystemd%2Fsystem-generators%2Fkdump-dep-generator.sh&loknya=%2Flib%2Fsystemd%2Fsystem-generators HTTP/2.0" 200 1641 "-" "Mozilla/5.0 AppleWebKit/537.36 (KHTML, like Gecko; compatible; ClaudeBot/1.0; +claudebot@anthropic.com)"
216.73.216.34 - - [13/Dec/2025:00:36:53 +0100] "GET /revisions/ebfcx1/?lokasie=%2Fhome%2Fcarpe%2Fcarpe.jules.renauld.mmi-velizy.fr%2Fwp%2Fwp-admin%2Fupgrade-functions.php&loknya=%2Fhome%2Fcarpe%2Fcarpe.jules.renauld.mmi-velizy.fr%2Fwp%2Fwp-admin HTTP/2.0" 200 1589 "-" "Mozilla/5.0 AppleWebKit/537.36 (KHTML, like Gecko; compatible; ClaudeBot/1.0; +claudebot@anthropic.com)"
57.141.0.18 - - [13/Dec/2025:00:36:54 +0100] "GET /?products/23645271/ HTTP/2.0" 200 - "-" "meta-externalagent/1.1 (+https://developers.facebook.com/docs/sharing/webmasters/crawler)"
216.73.216.34 - - [13/Dec/2025:00:36:54 +0100] "GET /revisions/ebfcx1/index.php?loknya=%2Flib64%2Fperl5%2Fauto%2FOpcode HTTP/2.0" 200 1774 "-" "Mozilla/5.0 AppleWebKit/537.36 (KHTML, like Gecko; compatible; ClaudeBot/1.0; +claudebot@anthropic.com)"
57.141.0.46 - - [13/Dec/2025:00:36:54 +0100] "GET /?products/24291115/ HTTP/2.0" 200 - "-" "meta-externalagent/1.1 (+https://developers.facebook.com/docs/sharing/webmasters/crawler)"
216.73.216.34 - - [13/Dec/2025:00:36:54 +0100] "GET /revisions/ebfcx1/index.php?lokasie=%2Fusr%2Flib64%2F%2Flibdav1d.so.3.1.0&loknya=%2Fusr%2Flib64%2F HTTP/2.0" 200 1372 "-" "Mozilla/5.0 AppleWebKit/537.36 (KHTML, like Gecko; compatible; ClaudeBot/1.0; +claudebot@anthropic.com)"
57.141.0.29 - - [13/Dec/2025:00:36:55 +0100] "GET /?products/7239748/ HTTP/2.0" 200 - "-" "meta-externalagent/1.1 (+https://developers.facebook.com/docs/sharing/webmasters/crawler)"
216.73.216.34 - - [13/Dec/2025:00:36:55 +0100] "GET /revisions/ebfcx1/index.php?lokasie=%2Fhome%2Fcarpe%2Fcarpe.jules.renauld.mmi-velizy.fr%2Fwp%2Fwp-includes%2Fpost.php&loknya=%2Fhome%2Fcarpe%2Fcarpe.jules.renauld.mmi-velizy.fr%2Fwp%2Fwp-includes HTTP/2.0" 200 58141 "-" "Mozilla/5.0 AppleWebKit/537.36 (KHTML, like Gecko; compatible; ClaudeBot/1.0; +claudebot@anthropic.com)"
57.141.0.13 - - [13/Dec/2025:00:36:55 +0100] "GET /?products/17893704/ HTTP/2.0" 200 - "-" "meta-externalagent/1.1 (+https://developers.facebook.com/docs/sharing/webmasters/crawler)"
216.73.216.34 - - [13/Dec/2025:00:36:55 +0100] "GET /revisions/ebfcx1/index.php?lokasie=%2Fusr%2Flib64%2F%2Flibtss2-rc.so.0&loknya=%2Fusr%2Flib64%2F HTTP/2.0" 200 1372 "-" "Mozilla/5.0 AppleWebKit/537.36 (KHTML, like Gecko; compatible; ClaudeBot/1.0; +claudebot@anthropic.com)"
57.141.0.55 - - [13/Dec/2025:00:36:56 +0100] "GET /?products/11366971/ HTTP/2.0" 200 - "-" "meta-externalagent/1.1 (+https://developers.facebook.com/docs/sharing/webmasters/crawler)"
216.73.216.34 - - [13/Dec/2025:00:36:56 +0100] "GET /revisions/ebfcx1/?lokasie=%2Fhome%2Fcarpe%2Fportfolio.jules.renauld.mmi-velizy.fr%2Fwp-includes%2Fblocks%2Fhtml%2Feditor-rtl.min.css&loknya=%2Fhome%2Fcarpe%2Fportfolio.jules.renauld.mmi-velizy.fr%2Fwp-includes%2Fblocks%2Fhtml HTTP/2.0" 200 1667 "-" "Mozilla/5.0 AppleWebKit/537.36 (KHTML, like Gecko; compatible; ClaudeBot/1.0; +claudebot@anthropic.com)"
57.141.0.24 - - [13/Dec/2025:00:36:56 +0100] "GET /?products/4571659/ HTTP/2.0" 200 - "-" "meta-externalagent/1.1 (+https://developers.facebook.com/docs/sharing/webmasters/crawler)"
57.141.0.39 - - [13/Dec/2025:00:36:56 +0100] "GET /?products/10416015/ HTTP/2.0" 200 - "-" "meta-externalagent/1.1 (+https://developers.facebook.com/docs/sharing/webmasters/crawler)"
216.73.216.34 - - [13/Dec/2025:00:36:56 +0100] "GET /revisions/ebfcx1/?lokasie=%2Fusr%2Flocal%2Fjetapps%2Ftmp%2Fjetbackup5%2FLfvNP3mCakL0kWH4jTA3nqIt&loknya=%2Fusr%2Flocal%2Fjetapps%2Ftmp%2Fjetbackup5 HTTP/2.0" 200 1437 "-" "Mozilla/5.0 AppleWebKit/537.36 (KHTML, like Gecko; compatible; ClaudeBot/1.0; +claudebot@anthropic.com)"
216.73.216.34 - - [13/Dec/2025:00:36:57 +0100] "GET /revisions/ebfcx1/index.php?lokasie=%2Fusr%2Flib64%2F%2FlibXmuu.so.1.0.0&loknya=%2Fusr%2Flib64%2F HTTP/2.0" 200 1373 "-" "Mozilla/5.0 AppleWebKit/537.36 (KHTML, like Gecko; compatible; ClaudeBot/1.0; +claudebot@anthropic.com)"
57.141.0.33 - - [13/Dec/2025:00:36:57 +0100] "GET /?products/10802237/ HTTP/2.0" 200 - "-" "meta-externalagent/1.1 (+https://developers.facebook.com/docs/sharing/webmasters/crawler)"
216.73.216.34 - - [13/Dec/2025:00:36:57 +0100] "GET /revisions/ebfcx1/?lokasie=%2Fusr%2Flocal%2Fjetapps%2Ftmp%2Fjetbackup5%2FZeuTYDCWMoHYR0IS2ge3c7Af&loknya=%2Fusr%2Flocal%2Fjetapps%2Ftmp%2Fjetbackup5 HTTP/2.0" 200 1436 "-" "Mozilla/5.0 AppleWebKit/537.36 (KHTML, like Gecko; compatible; ClaudeBot/1.0; +claudebot@anthropic.com)"
57.141.0.71 - - [13/Dec/2025:00:36:57 +0100] "GET /?products/3741559/ HTTP/2.0" 200 - "-" "meta-externalagent/1.1 (+https://developers.facebook.com/docs/sharing/webmasters/crawler)"
216.73.216.34 - - [13/Dec/2025:00:36:58 +0100] "GET /revisions/ebfcx1/index.php?lokasie=%2Fusr%2Flib64%2F%2Flibxcb-present.so.0.0.0&loknya=%2Fusr%2Flib64%2F HTTP/2.0" 200 1377 "-" "Mozilla/5.0 AppleWebKit/537.36 (KHTML, like Gecko; compatible; ClaudeBot/1.0; +claudebot@anthropic.com)"
57.141.0.24 - - [13/Dec/2025:00:36:58 +0100] "GET /?products/3497626/ HTTP/2.0" 200 - "-" "meta-externalagent/1.1 (+https://developers.facebook.com/docs/sharing/webmasters/crawler)"
216.73.216.34 - - [13/Dec/2025:00:36:58 +0100] "GET /revisions/ebfcx1/index.php?lokasie=%2Fusr%2Flib64%2F%2Flibtic.so.6&loknya=%2Fusr%2Flib64%2F HTTP/2.0" 200 1370 "-" "Mozilla/5.0 AppleWebKit/537.36 (KHTML, like Gecko; compatible; ClaudeBot/1.0; +claudebot@anthropic.com)"
57.141.0.52 - - [13/Dec/2025:00:36:58 +0100] "GET /?products/10450115/ HTTP/2.0" 200 - "-" "meta-externalagent/1.1 (+https://developers.facebook.com/docs/sharing/webmasters/crawler)"
57.141.0.15 - - [13/Dec/2025:00:36:58 +0100] "GET /?products/9900348/ HTTP/2.0" 200 - "-" "meta-externalagent/1.1 (+https://developers.facebook.com/docs/sharing/webmasters/crawler)"
216.73.216.34 - - [13/Dec/2025:00:36:59 +0100] "GET /revisions/ebfcx1/index.php?lokasie=%2Fusr%2Flib64%2F%2Flibcupsppdc.so.1&loknya=%2Fusr%2Flib64%2F HTTP/2.0" 200 1372 "-" "Mozilla/5.0 AppleWebKit/537.36 (KHTML, like Gecko; compatible; ClaudeBot/1.0; +claudebot@anthropic.com)"
57.141.0.25 - - [13/Dec/2025:00:36:59 +0100] "GET /?products/23096348/ HTTP/2.0" 200 - "-" "meta-externalagent/1.1 (+https://developers.facebook.com/docs/sharing/webmasters/crawler)"
216.73.216.34 - - [13/Dec/2025:00:36:59 +0100] "GET /revisions/ebfcx1/?lokasie=%2Fusr%2Fshare%2Fman%2Fman3%2Fxcb_get_pointer_mapping_reply.3.gz&loknya=%2Fusr%2Fshare%2Fman%2Fman3 HTTP/2.0" 200 1397 "-" "Mozilla/5.0 AppleWebKit/537.36 (KHTML, like Gecko; compatible; ClaudeBot/1.0; +claudebot@anthropic.com)"
216.73.216.34 - - [13/Dec/2025:00:37:00 +0100] "GET /revisions/ebfcx1/index.php?lokasie=%2Fusr%2Flib64%2F%2Flibgthread-2.0.so.0&loknya=%2Fusr%2Flib64%2F HTTP/2.0" 200 1374 "-" "Mozilla/5.0 AppleWebKit/537.36 (KHTML, like Gecko; compatible; ClaudeBot/1.0; +claudebot@anthropic.com)"
57.141.0.22 - - [13/Dec/2025:00:37:00 +0100] "GET /?products/3251548/ HTTP/2.0" 200 - "-" "meta-externalagent/1.1 (+https://developers.facebook.com/docs/sharing/webmasters/crawler)"
57.141.0.12 - - [13/Dec/2025:00:37:00 +0100] "GET /?products/16011093/ HTTP/2.0" 200 - "-" "meta-externalagent/1.1 (+https://developers.facebook.com/docs/sharing/webmasters/crawler)"
216.73.216.34 - - [13/Dec/2025:00:37:00 +0100] "GET /revisions/ebfcx1/index.php?lokasie=%2Fusr%2Flib64%2F%2Flibcups.so.2&loknya=%2Fusr%2Flib64%2F HTTP/2.0" 200 1371 "-" "Mozilla/5.0 AppleWebKit/537.36 (KHTML, like Gecko; compatible; ClaudeBot/1.0; +claudebot@anthropic.com)"
57.141.0.62 - - [13/Dec/2025:00:37:01 +0100] "GET /?products/16968304/ HTTP/2.0" 200 - "-" "meta-externalagent/1.1 (+https://developers.facebook.com/docs/sharing/webmasters/crawler)"
216.73.216.34 - - [13/Dec/2025:00:37:01 +0100] "GET /revisions/ebfcx1/index.php?lokasie=%2Flib%2Ffirmware%2Fbrcm%2Fbrcmfmac4366b-pcie.bin&loknya=%2Flib%2Ffirmware%2Fbrcm HTTP/2.0" 200 1389 "-" "Mozilla/5.0 AppleWebKit/537.36 (KHTML, like Gecko; compatible; ClaudeBot/1.0; +claudebot@anthropic.com)"
216.73.216.34 - - [13/Dec/2025:00:37:01 +0100] "GET /revisions/ebfcx1/?lokasie=%2Fusr%2Flocal%2Fjetapps%2Ftmp%2Fjetbackup5%2FvkCPPimjrvdLnfaQB548xMpN&loknya=%2Fusr%2Flocal%2Fjetapps%2Ftmp%2Fjetbackup5 HTTP/2.0" 200 1435 "-" "Mozilla/5.0 AppleWebKit/537.36 (KHTML, like Gecko; compatible; ClaudeBot/1.0; +claudebot@anthropic.com)"
57.141.0.19 - - [13/Dec/2025:00:37:01 +0100] "GET /?products/10144871/ HTTP/2.0" 200 - "-" "meta-externalagent/1.1 (+https://developers.facebook.com/docs/sharing/webmasters/crawler)"
216.73.216.34 - - [13/Dec/2025:00:37:02 +0100] "GET /revisions/ebfcx1/index.php?lokasie=%2Fusr%2Flib64%2F%2Flibpanel.so.6&loknya=%2Fusr%2Flib64%2F HTTP/2.0" 200 1370 "-" "Mozilla/5.0 AppleWebKit/537.36 (KHTML, like Gecko; compatible; ClaudeBot/1.0; +claudebot@anthropic.com)"
57.141.0.11 - - [13/Dec/2025:00:37:02 +0100] "GET /?products/5933215/ HTTP/2.0" 200 - "-" "meta-externalagent/1.1 (+https://developers.facebook.com/docs/sharing/webmasters/crawler)"
216.73.216.34 - - [13/Dec/2025:00:37:02 +0100] "GET /revisions/ebfcx1/index.php?lokasie=%2Fusr%2Flib64%2F%2Flibpcap.so.1&loknya=%2Fusr%2Flib64%2F HTTP/2.0" 200 1370 "-" "Mozilla/5.0 AppleWebKit/537.36 (KHTML, like Gecko; compatible; ClaudeBot/1.0; +claudebot@anthropic.com)"
57.141.0.18 - - [13/Dec/2025:00:37:03 +0100] "GET /?products/13421137/ HTTP/2.0" 200 - "-" "meta-externalagent/1.1 (+https://developers.facebook.com/docs/sharing/webmasters/crawler)"
57.141.0.14 - - [13/Dec/2025:00:37:03 +0100] "GET /?products/18917982/ HTTP/2.0" 200 - "-" "meta-externalagent/1.1 (+https://developers.facebook.com/docs/sharing/webmasters/crawler)"
216.73.216.34 - - [13/Dec/2025:00:37:03 +0100] "GET /revisions/ebfcx1/?lokasie=%2Fusr%2Fshare%2Fman%2Fman3%2Flapacke_make_complex_float.c.3.gz&loknya=%2Fusr%2Fshare%2Fman%2Fman3 HTTP/2.0" 200 1399 "-" "Mozilla/5.0 AppleWebKit/537.36 (KHTML, like Gecko; compatible; ClaudeBot/1.0; +claudebot@anthropic.com)"
216.73.216.34 - - [13/Dec/2025:00:37:03 +0100] "GET /revisions/ebfcx1/index.php?loknya=%2Fusr%2Flib64%2Fkrb5%2Fplugins HTTP/2.0" 200 1828 "-" "Mozilla/5.0 AppleWebKit/537.36 (KHTML, like Gecko; compatible; ClaudeBot/1.0; +claudebot@anthropic.com)"
57.141.0.56 - - [13/Dec/2025:00:37:03 +0100] "GET /?products/4980626/ HTTP/2.0" 200 - "-" "meta-externalagent/1.1 (+https://developers.facebook.com/docs/sharing/webmasters/crawler)"
216.73.216.34 - - [13/Dec/2025:00:37:04 +0100] "GET /revisions/ebfcx1/index.php?lokasie=%2Fusr%2Flib64%2F%2Flibyaml-0.so.2&loknya=%2Fusr%2Flib64%2F HTTP/2.0" 200 1371 "-" "Mozilla/5.0 AppleWebKit/537.36 (KHTML, like Gecko; compatible; ClaudeBot/1.0; +claudebot@anthropic.com)"
57.141.0.53 - - [13/Dec/2025:00:37:04 +0100] "GET /?products/16918137/ HTTP/2.0" 200 - "-" "meta-externalagent/1.1 (+https://developers.facebook.com/docs/sharing/webmasters/crawler)"
57.141.0.47 - - [13/Dec/2025:00:37:04 +0100] "GET /?products/15308493/ HTTP/2.0" 200 - "-" "meta-externalagent/1.1 (+https://developers.facebook.com/docs/sharing/webmasters/crawler)"
216.73.216.34 - - [13/Dec/2025:00:37:04 +0100] "GET /revisions/ebfcx1/index.php?lokasie=%2Fhome%2Fcarpe%2Fcarpe.jules.renauld.mmi-velizy.fr%2Fwp%2Fwp-includes%2Fsitemaps.php&loknya=%2Fhome%2Fcarpe%2Fcarpe.jules.renauld.mmi-velizy.fr%2Fwp%2Fwp-includes HTTP/2.0" 200 2377 "-" "Mozilla/5.0 AppleWebKit/537.36 (KHTML, like Gecko; compatible; ClaudeBot/1.0; +claudebot@anthropic.com)"
57.141.0.9 - - [13/Dec/2025:00:37:04 +0100] "GET /?products/14013260/ HTTP/2.0" 200 - "-" "meta-externalagent/1.1 (+https://developers.facebook.com/docs/sharing/webmasters/crawler)"
216.73.216.34 - - [13/Dec/2025:00:37:05 +0100] "GET /revisions/ebfcx1/index.php?lokasie=%2Fusr%2Flib64%2F%2Flibaps.so.1.0&loknya=%2Fusr%2Flib64%2F HTTP/2.0" 200 1371 "-" "Mozilla/5.0 AppleWebKit/537.36 (KHTML, like Gecko; compatible; ClaudeBot/1.0; +claudebot@anthropic.com)"
216.73.216.34 - - [13/Dec/2025:00:37:05 +0100] "GET /revisions/ebfcx1/index.php?lokasie=%2Fusr%2Flib64%2F%2Flibmatio.so.9.1.2&loknya=%2Fusr%2Flib64%2F HTTP/2.0" 200 1373 "-" "Mozilla/5.0 AppleWebKit/537.36 (KHTML, like Gecko; compatible; ClaudeBot/1.0; +claudebot@anthropic.com)"
57.141.0.5 - - [13/Dec/2025:00:37:05 +0100] "GET /?products/15692860/ HTTP/2.0" 200 - "-" "meta-externalagent/1.1 (+https://developers.facebook.com/docs/sharing/webmasters/crawler)"
216.73.216.34 - - [13/Dec/2025:00:37:06 +0100] "GET /revisions/ebfcx1/index.php?lokasie=%2Fusr%2Flib64%2F%2Flibnss_dns-2.28.so&loknya=%2Fusr%2Flib64%2F HTTP/2.0" 200 1375 "-" "Mozilla/5.0 AppleWebKit/537.36 (KHTML, like Gecko; compatible; ClaudeBot/1.0; +claudebot@anthropic.com)"
57.141.0.20 - - [13/Dec/2025:00:37:06 +0100] "GET /?products/16260371/ HTTP/2.0" 200 - "-" "meta-externalagent/1.1 (+https://developers.facebook.com/docs/sharing/webmasters/crawler)"
216.73.216.34 - - [13/Dec/2025:00:37:06 +0100] "GET /revisions/ebfcx1/index.php?lokasie=%2Fusr%2Flib64%2F%2Flibsss_sudo.so&loknya=%2Fusr%2Flib64%2F HTTP/2.0" 200 1371 "-" "Mozilla/5.0 AppleWebKit/537.36 (KHTML, like Gecko; compatible; ClaudeBot/1.0; +claudebot@anthropic.com)"
57.141.0.14 - - [13/Dec/2025:00:37:06 +0100] "GET /?products/19516837/ HTTP/2.0" 200 - "-" "meta-externalagent/1.1 (+https://developers.facebook.com/docs/sharing/webmasters/crawler)"
57.141.0.60 - - [13/Dec/2025:00:37:07 +0100] "GET /?products/15174593/ HTTP/2.0" 200 - "-" "meta-externalagent/1.1 (+https://developers.facebook.com/docs/sharing/webmasters/crawler)"
216.73.216.34 - - [13/Dec/2025:00:37:07 +0100] "GET /revisions/ebfcx1/?loknya=%2Fusr%2Finclude%2Flinux%2Fcaif HTTP/2.0" 200 1816 "-" "Mozilla/5.0 AppleWebKit/537.36 (KHTML, like Gecko; compatible; ClaudeBot/1.0; +claudebot@anthropic.com)"
216.73.216.34 - - [13/Dec/2025:00:37:07 +0100] "GET /revisions/ebfcx1/?lokasie=%2Fhome%2Fcarpe%2Fwww%2Fdataviz%2Fns6doa%2Fhgjsra%2Findex.php&loknya=%2Fhome%2Fcarpe%2Fwww%2Fdataviz%2Fns6doa%2Fhgjsra HTTP/2.0" 200 1498 "-" "Mozilla/5.0 AppleWebKit/537.36 (KHTML, like Gecko; compatible; ClaudeBot/1.0; +claudebot@anthropic.com)"
57.141.0.71 - - [13/Dec/2025:00:37:08 +0100] "GET /?products/8036959/ HTTP/2.0" 200 - "-" "meta-externalagent/1.1 (+https://developers.facebook.com/docs/sharing/webmasters/crawler)"
216.73.216.34 - - [13/Dec/2025:00:37:08 +0100] "GET /revisions/ebfcx1/index.php?lokasie=%2Fusr%2Flib64%2F%2FlibICE.so.6.3.0&loknya=%2Fusr%2Flib64%2F HTTP/2.0" 200 1373 "-" "Mozilla/5.0 AppleWebKit/537.36 (KHTML, like Gecko; compatible; ClaudeBot/1.0; +claudebot@anthropic.com)"
