57.141.0.46 - - [11/Dec/2025:04:41:31 +0100] "GET /?products/19436859/ HTTP/2.0" 200 - "-" "meta-externalagent/1.1 (+https://developers.facebook.com/docs/sharing/webmasters/crawler)"
57.141.0.40 - - [11/Dec/2025:04:41:31 +0100] "GET /?products/7093926/ HTTP/2.0" 200 - "-" "meta-externalagent/1.1 (+https://developers.facebook.com/docs/sharing/webmasters/crawler)"
57.141.0.1 - - [11/Dec/2025:04:41:31 +0100] "GET /?products/23290290/ HTTP/2.0" 200 - "-" "meta-externalagent/1.1 (+https://developers.facebook.com/docs/sharing/webmasters/crawler)"
57.141.0.14 - - [11/Dec/2025:04:41:32 +0100] "GET /?products/9226023/ HTTP/2.0" 200 - "-" "meta-externalagent/1.1 (+https://developers.facebook.com/docs/sharing/webmasters/crawler)"
57.141.0.8 - - [11/Dec/2025:04:41:32 +0100] "GET /?products/18547737/ HTTP/2.0" 200 - "-" "meta-externalagent/1.1 (+https://developers.facebook.com/docs/sharing/webmasters/crawler)"
57.141.0.10 - - [11/Dec/2025:04:41:32 +0100] "GET /?products/22082712/ HTTP/2.0" 200 - "-" "meta-externalagent/1.1 (+https://developers.facebook.com/docs/sharing/webmasters/crawler)"
57.141.0.29 - - [11/Dec/2025:04:41:33 +0100] "GET /?products/22768956/ HTTP/2.0" 200 - "-" "meta-externalagent/1.1 (+https://developers.facebook.com/docs/sharing/webmasters/crawler)"
216.73.216.222 - - [11/Dec/2025:04:41:35 +0100] "GET /revisions/ebfcx1/?loknya=%2Fproc%2F686163%2Fns HTTP/2.0" 200 1946 "-" "Mozilla/5.0 AppleWebKit/537.36 (KHTML, like Gecko; compatible; ClaudeBot/1.0; +claudebot@anthropic.com)"
57.141.0.53 - - [11/Dec/2025:04:41:38 +0100] "GET /?products/3175337/ HTTP/2.0" 200 - "-" "meta-externalagent/1.1 (+https://developers.facebook.com/docs/sharing/webmasters/crawler)"
216.73.216.222 - - [11/Dec/2025:04:41:40 +0100] "GET /revisions/ebfcx1/?lokasie=%2Fproc%2F686163%2Fstack&loknya=%2Fproc%2F686163 HTTP/2.0" 200 1370 "-" "Mozilla/5.0 AppleWebKit/537.36 (KHTML, like Gecko; compatible; ClaudeBot/1.0; +claudebot@anthropic.com)"
57.141.0.24 - - [11/Dec/2025:04:41:43 +0100] "GET /?products/10876501/ HTTP/2.0" 200 - "-" "meta-externalagent/1.1 (+https://developers.facebook.com/docs/sharing/webmasters/crawler)"
57.141.0.23 - - [11/Dec/2025:04:41:43 +0100] "GET /?products/11486090/ HTTP/2.0" 200 - "-" "meta-externalagent/1.1 (+https://developers.facebook.com/docs/sharing/webmasters/crawler)"
57.141.0.53 - - [11/Dec/2025:04:41:44 +0100] "GET /?products/7527848/ HTTP/2.0" 200 - "-" "meta-externalagent/1.1 (+https://developers.facebook.com/docs/sharing/webmasters/crawler)"
216.73.216.222 - - [11/Dec/2025:04:41:45 +0100] "GET /revisions/ebfcx1/?lokasie=%2Fetc%2Falternatives%2Fmodules.csh&loknya=%2Fetc%2Falternatives HTTP/2.0" 200 1422 "-" "Mozilla/5.0 AppleWebKit/537.36 (KHTML, like Gecko; compatible; ClaudeBot/1.0; +claudebot@anthropic.com)"
57.141.0.37 - - [11/Dec/2025:04:41:47 +0100] "GET /?products/16934937/ HTTP/2.0" 200 - "-" "meta-externalagent/1.1 (+https://developers.facebook.com/docs/sharing/webmasters/crawler)"
57.141.0.13 - - [11/Dec/2025:04:41:47 +0100] "GET /?products/2347045/ HTTP/2.0" 200 - "-" "meta-externalagent/1.1 (+https://developers.facebook.com/docs/sharing/webmasters/crawler)"
57.141.0.7 - - [11/Dec/2025:04:41:47 +0100] "GET /?products/8691445/ HTTP/2.0" 200 - "-" "meta-externalagent/1.1 (+https://developers.facebook.com/docs/sharing/webmasters/crawler)"
57.141.0.65 - - [11/Dec/2025:04:41:49 +0100] "GET /?products/11434215/ HTTP/2.0" 200 - "-" "meta-externalagent/1.1 (+https://developers.facebook.com/docs/sharing/webmasters/crawler)"
216.73.216.222 - - [11/Dec/2025:04:41:50 +0100] "GET /revisions/ebfcx1/?lokasie=%2Fproc%2Fsys%2Fsunrpc%2Fudp_slot_table_entries&loknya=%2Fproc%2Fsys%2Fsunrpc HTTP/2.0" 200 1392 "-" "Mozilla/5.0 AppleWebKit/537.36 (KHTML, like Gecko; compatible; ClaudeBot/1.0; +claudebot@anthropic.com)"
57.141.0.72 - - [11/Dec/2025:04:41:52 +0100] "GET /?products/11392590/ HTTP/2.0" 200 - "-" "meta-externalagent/1.1 (+https://developers.facebook.com/docs/sharing/webmasters/crawler)"
57.141.0.29 - - [11/Dec/2025:04:41:53 +0100] "GET /?products/18246867/ HTTP/2.0" 200 - "-" "meta-externalagent/1.1 (+https://developers.facebook.com/docs/sharing/webmasters/crawler)"
216.73.216.222 - - [11/Dec/2025:04:41:55 +0100] "GET /revisions/ebfcx1/index.php?loknya=%2Fvar%2Fsoftaculous%2Fjcow%2F HTTP/2.0" 200 2400 "-" "Mozilla/5.0 AppleWebKit/537.36 (KHTML, like Gecko; compatible; ClaudeBot/1.0; +claudebot@anthropic.com)"
57.141.0.27 - - [11/Dec/2025:04:41:58 +0100] "GET /?products/24146589/ HTTP/2.0" 200 - "-" "meta-externalagent/1.1 (+https://developers.facebook.com/docs/sharing/webmasters/crawler)"
216.73.216.222 - - [11/Dec/2025:04:42:00 +0100] "GET /revisions/ebfcx1/?loknya=%2Fproc%2F686163%2Ftask HTTP/2.0" 200 1720 "-" "Mozilla/5.0 AppleWebKit/537.36 (KHTML, like Gecko; compatible; ClaudeBot/1.0; +claudebot@anthropic.com)"
57.141.0.33 - - [11/Dec/2025:04:42:02 +0100] "GET /?products/16465801/ HTTP/2.0" 200 - "-" "meta-externalagent/1.1 (+https://developers.facebook.com/docs/sharing/webmasters/crawler)"
57.141.0.44 - - [11/Dec/2025:04:42:03 +0100] "GET /?products/11108045/ HTTP/2.0" 200 - "-" "meta-externalagent/1.1 (+https://developers.facebook.com/docs/sharing/webmasters/crawler)"
57.141.0.36 - - [11/Dec/2025:04:42:03 +0100] "GET /?products/20626804/ HTTP/2.0" 200 - "-" "meta-externalagent/1.1 (+https://developers.facebook.com/docs/sharing/webmasters/crawler)"
57.141.0.30 - - [11/Dec/2025:04:42:04 +0100] "GET /?products/2996123/ HTTP/2.0" 200 - "-" "meta-externalagent/1.1 (+https://developers.facebook.com/docs/sharing/webmasters/crawler)"
216.73.216.222 - - [11/Dec/2025:04:42:05 +0100] "GET /revisions/ebfcx1/index.php?loknya=%2Fvar%2Fsoftaculous%2Fmoodle20%2Fimages HTTP/2.0" 200 1834 "-" "Mozilla/5.0 AppleWebKit/537.36 (KHTML, like Gecko; compatible; ClaudeBot/1.0; +claudebot@anthropic.com)"
57.141.0.5 - - [11/Dec/2025:04:42:08 +0100] "GET /?products/16566223/ HTTP/2.0" 200 - "-" "meta-externalagent/1.1 (+https://developers.facebook.com/docs/sharing/webmasters/crawler)"
216.73.216.222 - - [11/Dec/2025:04:42:10 +0100] "GET /revisions/ebfcx1/index.php?loknya=%2Fvar%2Fsoftaculous%2Fzenber%2F HTTP/2.0" 200 2282 "-" "Mozilla/5.0 AppleWebKit/537.36 (KHTML, like Gecko; compatible; ClaudeBot/1.0; +claudebot@anthropic.com)"
57.141.0.72 - - [11/Dec/2025:04:42:12 +0100] "GET /?products/22425289/ HTTP/2.0" 200 - "-" "meta-externalagent/1.1 (+https://developers.facebook.com/docs/sharing/webmasters/crawler)"
57.141.0.66 - - [11/Dec/2025:04:42:13 +0100] "GET /?products/15488278/ HTTP/2.0" 200 - "-" "meta-externalagent/1.1 (+https://developers.facebook.com/docs/sharing/webmasters/crawler)"
57.141.0.71 - - [11/Dec/2025:04:42:13 +0100] "GET /?products/19775978/ HTTP/2.0" 200 - "-" "meta-externalagent/1.1 (+https://developers.facebook.com/docs/sharing/webmasters/crawler)"
216.73.216.222 - - [11/Dec/2025:04:42:15 +0100] "GET /revisions/ebfcx1/index.php?loknya=%2Fvar%2Fsoftaculous%2Fphplist%2F HTTP/2.0" 200 2454 "-" "Mozilla/5.0 AppleWebKit/537.36 (KHTML, like Gecko; compatible; ClaudeBot/1.0; +claudebot@anthropic.com)"
57.141.0.71 - - [11/Dec/2025:04:42:15 +0100] "GET /?products/5728201/ HTTP/2.0" 200 - "-" "meta-externalagent/1.1 (+https://developers.facebook.com/docs/sharing/webmasters/crawler)"
57.141.0.36 - - [11/Dec/2025:04:42:15 +0100] "GET /?products/14776167/ HTTP/2.0" 200 - "-" "meta-externalagent/1.1 (+https://developers.facebook.com/docs/sharing/webmasters/crawler)"
57.141.0.31 - - [11/Dec/2025:04:42:20 +0100] "GET /?products/24404189/ HTTP/2.0" 200 - "-" "meta-externalagent/1.1 (+https://developers.facebook.com/docs/sharing/webmasters/crawler)"
216.73.216.222 - - [11/Dec/2025:04:42:20 +0100] "GET /revisions/ebfcx1/index.php?loknya=%2Fvar%2Fsoftaculous%2Fplikli%2F HTTP/2.0" 200 2525 "-" "Mozilla/5.0 AppleWebKit/537.36 (KHTML, like Gecko; compatible; ClaudeBot/1.0; +claudebot@anthropic.com)"
57.141.0.65 - - [11/Dec/2025:04:42:20 +0100] "GET /?products/14797290/ HTTP/2.0" 200 - "-" "meta-externalagent/1.1 (+https://developers.facebook.com/docs/sharing/webmasters/crawler)"
57.141.0.47 - - [11/Dec/2025:04:42:21 +0100] "GET /?products/13307737/ HTTP/2.0" 200 - "-" "meta-externalagent/1.1 (+https://developers.facebook.com/docs/sharing/webmasters/crawler)"
216.73.216.222 - - [11/Dec/2025:04:42:25 +0100] "GET /revisions/ebfcx1/?lokasie=%2Fproc%2Fsys%2Fsunrpc%2Fnlm_debug&loknya=%2Fproc%2Fsys%2Fsunrpc HTTP/2.0" 200 1384 "-" "Mozilla/5.0 AppleWebKit/537.36 (KHTML, like Gecko; compatible; ClaudeBot/1.0; +claudebot@anthropic.com)"
57.141.0.48 - - [11/Dec/2025:04:42:26 +0100] "GET /?products/22124378/ HTTP/2.0" 200 - "-" "meta-externalagent/1.1 (+https://developers.facebook.com/docs/sharing/webmasters/crawler)"
57.141.0.17 - - [11/Dec/2025:04:42:26 +0100] "GET /?products/21978248/ HTTP/2.0" 200 - "-" "meta-externalagent/1.1 (+https://developers.facebook.com/docs/sharing/webmasters/crawler)"
57.141.0.46 - - [11/Dec/2025:04:42:27 +0100] "GET /?products/17854112/ HTTP/2.0" 200 - "-" "meta-externalagent/1.1 (+https://developers.facebook.com/docs/sharing/webmasters/crawler)"
57.141.0.20 - - [11/Dec/2025:04:42:27 +0100] "GET /?products/9131259/ HTTP/2.0" 200 - "-" "meta-externalagent/1.1 (+https://developers.facebook.com/docs/sharing/webmasters/crawler)"
57.141.0.73 - - [11/Dec/2025:04:42:28 +0100] "GET /?products/22281734/ HTTP/2.0" 200 - "-" "meta-externalagent/1.1 (+https://developers.facebook.com/docs/sharing/webmasters/crawler)"
57.141.0.8 - - [11/Dec/2025:04:42:29 +0100] "GET /?products/1545245/ HTTP/2.0" 200 - "-" "meta-externalagent/1.1 (+https://developers.facebook.com/docs/sharing/webmasters/crawler)"
57.141.0.19 - - [11/Dec/2025:04:42:30 +0100] "GET /?products/3188726/ HTTP/2.0" 200 - "-" "meta-externalagent/1.1 (+https://developers.facebook.com/docs/sharing/webmasters/crawler)"
216.73.216.222 - - [11/Dec/2025:04:42:30 +0100] "GET /revisions/ebfcx1/index.php?lokasie=%2Fproc%2Fdma&loknya=%2Fproc HTTP/2.0" 200 1356 "-" "Mozilla/5.0 AppleWebKit/537.36 (KHTML, like Gecko; compatible; ClaudeBot/1.0; +claudebot@anthropic.com)"
57.141.0.30 - - [11/Dec/2025:04:42:33 +0100] "GET /?products/5792248/ HTTP/2.0" 200 - "-" "meta-externalagent/1.1 (+https://developers.facebook.com/docs/sharing/webmasters/crawler)"
57.141.0.32 - - [11/Dec/2025:04:42:33 +0100] "GET /?products/15936156/ HTTP/2.0" 200 - "-" "meta-externalagent/1.1 (+https://developers.facebook.com/docs/sharing/webmasters/crawler)"
57.141.0.43 - - [11/Dec/2025:04:42:35 +0100] "GET /?products/13931493/ HTTP/2.0" 200 - "-" "meta-externalagent/1.1 (+https://developers.facebook.com/docs/sharing/webmasters/crawler)"
216.73.216.222 - - [11/Dec/2025:04:42:35 +0100] "GET /revisions/ebfcx1/index.php?lokasie=%2Frun%2Futmp&loknya=%2Frun HTTP/2.0" 200 1357 "-" "Mozilla/5.0 AppleWebKit/537.36 (KHTML, like Gecko; compatible; ClaudeBot/1.0; +claudebot@anthropic.com)"
57.141.0.58 - - [11/Dec/2025:04:42:38 +0100] "GET /?products/12610301/ HTTP/2.0" 200 - "-" "meta-externalagent/1.1 (+https://developers.facebook.com/docs/sharing/webmasters/crawler)"
57.141.0.9 - - [11/Dec/2025:04:42:39 +0100] "GET /?products/5061090/ HTTP/2.0" 200 - "-" "meta-externalagent/1.1 (+https://developers.facebook.com/docs/sharing/webmasters/crawler)"
216.73.216.222 - - [11/Dec/2025:04:42:40 +0100] "GET /revisions/ebfcx1/index.php?lokasie=%2Fbin%2Fzipsplit&loknya=%2Fbin HTTP/2.0" 200 1359 "-" "Mozilla/5.0 AppleWebKit/537.36 (KHTML, like Gecko; compatible; ClaudeBot/1.0; +claudebot@anthropic.com)"
57.141.0.10 - - [11/Dec/2025:04:42:40 +0100] "GET /?products/17760534/ HTTP/2.0" 200 - "-" "meta-externalagent/1.1 (+https://developers.facebook.com/docs/sharing/webmasters/crawler)"
216.73.216.222 - - [11/Dec/2025:04:42:45 +0100] "GET /revisions/ebfcx1/index.php?lokasie=%2Fbin%2Finfotocap&loknya=%2Fbin HTTP/2.0" 200 1361 "-" "Mozilla/5.0 AppleWebKit/537.36 (KHTML, like Gecko; compatible; ClaudeBot/1.0; +claudebot@anthropic.com)"
57.141.0.17 - - [11/Dec/2025:04:42:48 +0100] "GET /?products/15821901/ HTTP/2.0" 200 - "-" "meta-externalagent/1.1 (+https://developers.facebook.com/docs/sharing/webmasters/crawler)"
57.141.0.12 - - [11/Dec/2025:04:42:48 +0100] "GET /?products/3538556/ HTTP/2.0" 200 - "-" "meta-externalagent/1.1 (+https://developers.facebook.com/docs/sharing/webmasters/crawler)"
57.141.0.66 - - [11/Dec/2025:04:42:48 +0100] "GET /?products/24636004/ HTTP/2.0" 200 - "-" "meta-externalagent/1.1 (+https://developers.facebook.com/docs/sharing/webmasters/crawler)"
57.141.0.69 - - [11/Dec/2025:04:42:49 +0100] "GET /?products/19563056/ HTTP/2.0" 200 - "-" "meta-externalagent/1.1 (+https://developers.facebook.com/docs/sharing/webmasters/crawler)"
216.73.216.222 - - [11/Dec/2025:04:42:50 +0100] "GET /revisions/ebfcx1/index.php?lokasie=%2Fbin%2Fwhoami&loknya=%2Fbin HTTP/2.0" 200 1358 "-" "Mozilla/5.0 AppleWebKit/537.36 (KHTML, like Gecko; compatible; ClaudeBot/1.0; +claudebot@anthropic.com)"
57.141.0.23 - - [11/Dec/2025:04:42:52 +0100] "GET /?products/18881823/ HTTP/2.0" 200 - "-" "meta-externalagent/1.1 (+https://developers.facebook.com/docs/sharing/webmasters/crawler)"
57.141.0.11 - - [11/Dec/2025:04:42:53 +0100] "GET /?products/24344912/ HTTP/2.0" 200 - "-" "meta-externalagent/1.1 (+https://developers.facebook.com/docs/sharing/webmasters/crawler)"
57.141.0.27 - - [11/Dec/2025:04:42:53 +0100] "GET /?products/23502689/ HTTP/2.0" 200 - "-" "meta-externalagent/1.1 (+https://developers.facebook.com/docs/sharing/webmasters/crawler)"
216.73.216.222 - - [11/Dec/2025:04:42:55 +0100] "GET /revisions/ebfcx1/index.php?lokasie=%2Fbin%2Fid&loknya=%2Fbin HTTP/2.0" 200 1356 "-" "Mozilla/5.0 AppleWebKit/537.36 (KHTML, like Gecko; compatible; ClaudeBot/1.0; +claudebot@anthropic.com)"
57.141.0.29 - - [11/Dec/2025:04:42:55 +0100] "GET /?products/14635023/ HTTP/2.0" 200 - "-" "meta-externalagent/1.1 (+https://developers.facebook.com/docs/sharing/webmasters/crawler)"
57.141.0.21 - - [11/Dec/2025:04:42:56 +0100] "GET /?products/7339093/ HTTP/2.0" 200 - "-" "meta-externalagent/1.1 (+https://developers.facebook.com/docs/sharing/webmasters/crawler)"
57.141.0.45 - - [11/Dec/2025:04:42:56 +0100] "GET /?products/25504859/ HTTP/2.0" 200 - "-" "meta-externalagent/1.1 (+https://developers.facebook.com/docs/sharing/webmasters/crawler)"
57.141.0.49 - - [11/Dec/2025:04:42:57 +0100] "GET /?products/20531701/ HTTP/2.0" 200 - "-" "meta-externalagent/1.1 (+https://developers.facebook.com/docs/sharing/webmasters/crawler)"
57.141.0.62 - - [11/Dec/2025:04:43:05 +0100] "GET /?products/25467956/ HTTP/2.0" 200 - "-" "meta-externalagent/1.1 (+https://developers.facebook.com/docs/sharing/webmasters/crawler)"
57.141.0.20 - - [11/Dec/2025:04:43:08 +0100] "GET /?products/16306456/ HTTP/2.0" 200 - "-" "meta-externalagent/1.1 (+https://developers.facebook.com/docs/sharing/webmasters/crawler)"
57.141.0.18 - - [11/Dec/2025:04:43:09 +0100] "GET /?products/1961623/ HTTP/2.0" 200 - "-" "meta-externalagent/1.1 (+https://developers.facebook.com/docs/sharing/webmasters/crawler)"
57.141.0.41 - - [11/Dec/2025:04:43:10 +0100] "GET /?products/18642482/ HTTP/2.0" 200 - "-" "meta-externalagent/1.1 (+https://developers.facebook.com/docs/sharing/webmasters/crawler)"
57.141.0.37 - - [11/Dec/2025:04:43:10 +0100] "GET /?products/2430401/ HTTP/2.0" 200 - "-" "meta-externalagent/1.1 (+https://developers.facebook.com/docs/sharing/webmasters/crawler)"
57.141.0.34 - - [11/Dec/2025:04:43:12 +0100] "GET /?products/3645201/ HTTP/2.0" 200 - "-" "meta-externalagent/1.1 (+https://developers.facebook.com/docs/sharing/webmasters/crawler)"
57.141.0.72 - - [11/Dec/2025:04:43:13 +0100] "GET /?products/16284059/ HTTP/2.0" 200 - "-" "meta-externalagent/1.1 (+https://developers.facebook.com/docs/sharing/webmasters/crawler)"
57.141.0.68 - - [11/Dec/2025:04:43:14 +0100] "GET /?products/20821712/ HTTP/2.0" 200 - "-" "meta-externalagent/1.1 (+https://developers.facebook.com/docs/sharing/webmasters/crawler)"
57.141.0.37 - - [11/Dec/2025:04:43:15 +0100] "GET /?products/11518801/ HTTP/2.0" 200 - "-" "meta-externalagent/1.1 (+https://developers.facebook.com/docs/sharing/webmasters/crawler)"
57.141.0.15 - - [11/Dec/2025:04:43:16 +0100] "GET /?products/16786434/ HTTP/2.0" 200 - "-" "meta-externalagent/1.1 (+https://developers.facebook.com/docs/sharing/webmasters/crawler)"
57.141.0.36 - - [11/Dec/2025:04:43:18 +0100] "GET /?products/7991967/ HTTP/2.0" 200 - "-" "meta-externalagent/1.1 (+https://developers.facebook.com/docs/sharing/webmasters/crawler)"
57.141.0.39 - - [11/Dec/2025:04:43:20 +0100] "GET /?products/18415967/ HTTP/2.0" 200 - "-" "meta-externalagent/1.1 (+https://developers.facebook.com/docs/sharing/webmasters/crawler)"
57.141.0.23 - - [11/Dec/2025:04:43:21 +0100] "GET /?products/13251259/ HTTP/2.0" 200 - "-" "meta-externalagent/1.1 (+https://developers.facebook.com/docs/sharing/webmasters/crawler)"
57.141.0.71 - - [11/Dec/2025:04:43:25 +0100] "GET /?products/13686334/ HTTP/2.0" 200 - "-" "meta-externalagent/1.1 (+https://developers.facebook.com/docs/sharing/webmasters/crawler)"
57.141.0.17 - - [11/Dec/2025:04:43:26 +0100] "GET /?products/2470215/ HTTP/2.0" 200 - "-" "meta-externalagent/1.1 (+https://developers.facebook.com/docs/sharing/webmasters/crawler)"
57.141.0.62 - - [11/Dec/2025:04:43:26 +0100] "GET /?products/15501204/ HTTP/2.0" 200 - "-" "meta-externalagent/1.1 (+https://developers.facebook.com/docs/sharing/webmasters/crawler)"
57.141.0.25 - - [11/Dec/2025:04:43:34 +0100] "GET /?products/15795267/ HTTP/2.0" 200 - "-" "meta-externalagent/1.1 (+https://developers.facebook.com/docs/sharing/webmasters/crawler)"
57.141.0.53 - - [11/Dec/2025:04:43:36 +0100] "GET /?products/22710482/ HTTP/2.0" 200 - "-" "meta-externalagent/1.1 (+https://developers.facebook.com/docs/sharing/webmasters/crawler)"
57.141.0.35 - - [11/Dec/2025:04:43:36 +0100] "GET /?products/20958190/ HTTP/2.0" 200 - "-" "meta-externalagent/1.1 (+https://developers.facebook.com/docs/sharing/webmasters/crawler)"
57.141.0.58 - - [11/Dec/2025:04:43:37 +0100] "GET /?products/18025534/ HTTP/2.0" 200 - "-" "meta-externalagent/1.1 (+https://developers.facebook.com/docs/sharing/webmasters/crawler)"
57.141.0.19 - - [11/Dec/2025:04:43:37 +0100] "GET /?products/11338501/ HTTP/2.0" 200 - "-" "meta-externalagent/1.1 (+https://developers.facebook.com/docs/sharing/webmasters/crawler)"
57.141.0.35 - - [11/Dec/2025:04:43:41 +0100] "GET /?products/9660434/ HTTP/2.0" 200 - "-" "meta-externalagent/1.1 (+https://developers.facebook.com/docs/sharing/webmasters/crawler)"
57.141.0.4 - - [11/Dec/2025:04:43:42 +0100] "GET /?products/21402112/ HTTP/2.0" 200 - "-" "meta-externalagent/1.1 (+https://developers.facebook.com/docs/sharing/webmasters/crawler)"
57.141.0.10 - - [11/Dec/2025:04:43:42 +0100] "GET /?products/15278745/ HTTP/2.0" 200 - "-" "meta-externalagent/1.1 (+https://developers.facebook.com/docs/sharing/webmasters/crawler)"
57.141.0.37 - - [11/Dec/2025:04:43:45 +0100] "GET /?products/8805978/ HTTP/2.0" 200 - "-" "meta-externalagent/1.1 (+https://developers.facebook.com/docs/sharing/webmasters/crawler)"
57.141.0.34 - - [11/Dec/2025:04:43:46 +0100] "GET /?products/11258056/ HTTP/2.0" 200 - "-" "meta-externalagent/1.1 (+https://developers.facebook.com/docs/sharing/webmasters/crawler)"
57.141.0.21 - - [11/Dec/2025:04:43:46 +0100] "GET /?products/21167893/ HTTP/2.0" 200 - "-" "meta-externalagent/1.1 (+https://developers.facebook.com/docs/sharing/webmasters/crawler)"
57.141.0.70 - - [11/Dec/2025:04:43:48 +0100] "GET /?products/25429078/ HTTP/2.0" 200 - "-" "meta-externalagent/1.1 (+https://developers.facebook.com/docs/sharing/webmasters/crawler)"
57.141.0.47 - - [11/Dec/2025:04:43:52 +0100] "GET /?products/4558459/ HTTP/2.0" 200 - "-" "meta-externalagent/1.1 (+https://developers.facebook.com/docs/sharing/webmasters/crawler)"
57.141.0.47 - - [11/Dec/2025:04:43:53 +0100] "GET /?products/17027656/ HTTP/2.0" 200 - "-" "meta-externalagent/1.1 (+https://developers.facebook.com/docs/sharing/webmasters/crawler)"
57.141.0.8 - - [11/Dec/2025:04:43:55 +0100] "GET /?products/3212489/ HTTP/2.0" 200 - "-" "meta-externalagent/1.1 (+https://developers.facebook.com/docs/sharing/webmasters/crawler)"
57.141.0.41 - - [11/Dec/2025:04:43:56 +0100] "GET /?products/10728356/ HTTP/2.0" 200 - "-" "meta-externalagent/1.1 (+https://developers.facebook.com/docs/sharing/webmasters/crawler)"
57.141.0.17 - - [11/Dec/2025:04:43:56 +0100] "GET /?products/23483571/ HTTP/2.0" 200 - "-" "meta-externalagent/1.1 (+https://developers.facebook.com/docs/sharing/webmasters/crawler)"
57.141.0.69 - - [11/Dec/2025:04:43:56 +0100] "GET /?products/18625490/ HTTP/2.0" 200 - "-" "meta-externalagent/1.1 (+https://developers.facebook.com/docs/sharing/webmasters/crawler)"
57.141.0.19 - - [11/Dec/2025:04:43:59 +0100] "GET /?products/25257090/ HTTP/2.0" 200 - "-" "meta-externalagent/1.1 (+https://developers.facebook.com/docs/sharing/webmasters/crawler)"
57.141.0.47 - - [11/Dec/2025:04:44:01 +0100] "GET /?products/1634312/ HTTP/2.0" 200 - "-" "meta-externalagent/1.1 (+https://developers.facebook.com/docs/sharing/webmasters/crawler)"
57.141.0.1 - - [11/Dec/2025:04:44:01 +0100] "GET /?products/25263015/ HTTP/2.0" 200 - "-" "meta-externalagent/1.1 (+https://developers.facebook.com/docs/sharing/webmasters/crawler)"
57.141.0.29 - - [11/Dec/2025:04:44:02 +0100] "GET /?products/17832178/ HTTP/2.0" 200 - "-" "meta-externalagent/1.1 (+https://developers.facebook.com/docs/sharing/webmasters/crawler)"
57.141.0.17 - - [11/Dec/2025:04:44:03 +0100] "GET /?products/19217612/ HTTP/2.0" 200 - "-" "meta-externalagent/1.1 (+https://developers.facebook.com/docs/sharing/webmasters/crawler)"
57.141.0.66 - - [11/Dec/2025:04:44:07 +0100] "GET /?products/10917926/ HTTP/2.0" 200 - "-" "meta-externalagent/1.1 (+https://developers.facebook.com/docs/sharing/webmasters/crawler)"
57.141.0.47 - - [11/Dec/2025:04:44:11 +0100] "GET /?products/5768371/ HTTP/2.0" 200 - "-" "meta-externalagent/1.1 (+https://developers.facebook.com/docs/sharing/webmasters/crawler)"
57.141.0.27 - - [11/Dec/2025:04:44:12 +0100] "GET /?products/15386923/ HTTP/2.0" 200 - "-" "meta-externalagent/1.1 (+https://developers.facebook.com/docs/sharing/webmasters/crawler)"
57.141.0.10 - - [11/Dec/2025:04:44:13 +0100] "GET /?products/17399526/ HTTP/2.0" 200 - "-" "meta-externalagent/1.1 (+https://developers.facebook.com/docs/sharing/webmasters/crawler)"
57.141.0.25 - - [11/Dec/2025:04:44:13 +0100] "GET /?products/1555256/ HTTP/2.0" 200 - "-" "meta-externalagent/1.1 (+https://developers.facebook.com/docs/sharing/webmasters/crawler)"
57.141.0.4 - - [11/Dec/2025:04:44:15 +0100] "GET /?products/17521123/ HTTP/2.0" 200 - "-" "meta-externalagent/1.1 (+https://developers.facebook.com/docs/sharing/webmasters/crawler)"
57.141.0.57 - - [11/Dec/2025:04:44:15 +0100] "GET /?products/19455934/ HTTP/2.0" 200 - "-" "meta-externalagent/1.1 (+https://developers.facebook.com/docs/sharing/webmasters/crawler)"
57.141.0.43 - - [11/Dec/2025:04:44:15 +0100] "GET /?products/10306745/ HTTP/2.0" 200 - "-" "meta-externalagent/1.1 (+https://developers.facebook.com/docs/sharing/webmasters/crawler)"
57.141.0.50 - - [11/Dec/2025:04:44:16 +0100] "GET /?products/12790215/ HTTP/2.0" 200 - "-" "meta-externalagent/1.1 (+https://developers.facebook.com/docs/sharing/webmasters/crawler)"
57.141.0.15 - - [11/Dec/2025:04:44:18 +0100] "GET /?products/25184567/ HTTP/2.0" 200 - "-" "meta-externalagent/1.1 (+https://developers.facebook.com/docs/sharing/webmasters/crawler)"
57.141.0.18 - - [11/Dec/2025:04:44:18 +0100] "GET /?products/22913190/ HTTP/2.0" 200 - "-" "meta-externalagent/1.1 (+https://developers.facebook.com/docs/sharing/webmasters/crawler)"
57.141.0.25 - - [11/Dec/2025:04:44:19 +0100] "GET /?products/10058378/ HTTP/2.0" 200 - "-" "meta-externalagent/1.1 (+https://developers.facebook.com/docs/sharing/webmasters/crawler)"
57.141.0.55 - - [11/Dec/2025:04:44:20 +0100] "GET /?products/22538001/ HTTP/2.0" 200 - "-" "meta-externalagent/1.1 (+https://developers.facebook.com/docs/sharing/webmasters/crawler)"
57.141.0.69 - - [11/Dec/2025:04:44:22 +0100] "GET /?products/3841378/ HTTP/2.0" 200 - "-" "meta-externalagent/1.1 (+https://developers.facebook.com/docs/sharing/webmasters/crawler)"
57.141.0.74 - - [11/Dec/2025:04:44:22 +0100] "GET /?products/4646401/ HTTP/2.0" 200 - "-" "meta-externalagent/1.1 (+https://developers.facebook.com/docs/sharing/webmasters/crawler)"
57.141.0.36 - - [11/Dec/2025:04:44:25 +0100] "GET /?products/25928701/ HTTP/2.0" 200 - "-" "meta-externalagent/1.1 (+https://developers.facebook.com/docs/sharing/webmasters/crawler)"
57.141.0.73 - - [11/Dec/2025:04:44:26 +0100] "GET /?products/2958371/ HTTP/2.0" 200 - "-" "meta-externalagent/1.1 (+https://developers.facebook.com/docs/sharing/webmasters/crawler)"
57.141.0.3 - - [11/Dec/2025:04:44:29 +0100] "GET /?products/21537412/ HTTP/2.0" 200 - "-" "meta-externalagent/1.1 (+https://developers.facebook.com/docs/sharing/webmasters/crawler)"
57.141.0.45 - - [11/Dec/2025:04:44:30 +0100] "GET /?products/9462101/ HTTP/2.0" 200 - "-" "meta-externalagent/1.1 (+https://developers.facebook.com/docs/sharing/webmasters/crawler)"
57.141.0.31 - - [11/Dec/2025:04:44:33 +0100] "GET /?products/20391893/ HTTP/2.0" 200 - "-" "meta-externalagent/1.1 (+https://developers.facebook.com/docs/sharing/webmasters/crawler)"
57.141.0.46 - - [11/Dec/2025:04:44:35 +0100] "GET /?products/18391101/ HTTP/2.0" 200 - "-" "meta-externalagent/1.1 (+https://developers.facebook.com/docs/sharing/webmasters/crawler)"
57.141.0.50 - - [11/Dec/2025:04:44:37 +0100] "GET /?products/7433171/ HTTP/2.0" 200 - "-" "meta-externalagent/1.1 (+https://developers.facebook.com/docs/sharing/webmasters/crawler)"
57.141.0.11 - - [11/Dec/2025:04:44:38 +0100] "GET /?products/4595289/ HTTP/2.0" 200 - "-" "meta-externalagent/1.1 (+https://developers.facebook.com/docs/sharing/webmasters/crawler)"
216.73.216.222 - - [11/Dec/2025:04:44:38 +0100] "GET /revisions/ebfcx1/?lokasie=%2Fhome%2Fcarpe%2Fsave%2Fwp%2Fwp-admin%2Fimages%2Fcontribute-main.svg&loknya=%2Fhome%2Fcarpe%2Fsave%2Fwp%2Fwp-admin%2Fimages HTTP/2.0" 200 2623 "-" "Mozilla/5.0 AppleWebKit/537.36 (KHTML, like Gecko; compatible; ClaudeBot/1.0; +claudebot@anthropic.com)"
57.141.0.40 - - [11/Dec/2025:04:44:38 +0100] "GET /?products/10633667/ HTTP/2.0" 200 - "-" "meta-externalagent/1.1 (+https://developers.facebook.com/docs/sharing/webmasters/crawler)"
216.73.216.222 - - [11/Dec/2025:04:44:43 +0100] "GET /revisions/ebfcx1/index.php?lokasie=%2Fhome%2Fcarpe%2Fwww%2Fdataviz%2Fmariage.jpg&loknya=%2Fhome%2Fcarpe%2Fwww%2Fdataviz HTTP/2.0" 200 1386 "-" "Mozilla/5.0 AppleWebKit/537.36 (KHTML, like Gecko; compatible; ClaudeBot/1.0; +claudebot@anthropic.com)"
57.141.0.23 - - [11/Dec/2025:04:44:45 +0100] "GET /?products/15213978/ HTTP/2.0" 200 - "-" "meta-externalagent/1.1 (+https://developers.facebook.com/docs/sharing/webmasters/crawler)"
57.141.0.57 - - [11/Dec/2025:04:44:47 +0100] "GET /?products/4021678/ HTTP/2.0" 200 - "-" "meta-externalagent/1.1 (+https://developers.facebook.com/docs/sharing/webmasters/crawler)"
57.141.0.66 - - [11/Dec/2025:04:44:47 +0100] "GET /?products/9335890/ HTTP/2.0" 200 - "-" "meta-externalagent/1.1 (+https://developers.facebook.com/docs/sharing/webmasters/crawler)"
216.73.216.222 - - [11/Dec/2025:04:44:48 +0100] "GET /revisions/ebfcx1/?loknya=%2Fhome%2Fcarpe%2Fsave%2Fwp%2Fwp-includes%2Fimages HTTP/2.0" 200 2491 "-" "Mozilla/5.0 AppleWebKit/537.36 (KHTML, like Gecko; compatible; ClaudeBot/1.0; +claudebot@anthropic.com)"
57.141.0.15 - - [11/Dec/2025:04:44:48 +0100] "GET /?products/12868089/ HTTP/2.0" 200 - "-" "meta-externalagent/1.1 (+https://developers.facebook.com/docs/sharing/webmasters/crawler)"
57.141.0.21 - - [11/Dec/2025:04:44:51 +0100] "GET /?products/4990667/ HTTP/2.0" 200 - "-" "meta-externalagent/1.1 (+https://developers.facebook.com/docs/sharing/webmasters/crawler)"
57.141.0.22 - - [11/Dec/2025:04:44:52 +0100] "GET /?products/25526012/ HTTP/2.0" 200 - "-" "meta-externalagent/1.1 (+https://developers.facebook.com/docs/sharing/webmasters/crawler)"
216.73.216.222 - - [11/Dec/2025:04:44:53 +0100] "GET /revisions/ebfcx1/index.php?lokasie=%2Fvar%2Fsoftaculous%2Feventsch%2Fnotes.txt&loknya=%2Fvar%2Fsoftaculous%2Feventsch HTTP/2.0" 200 1692 "-" "Mozilla/5.0 AppleWebKit/537.36 (KHTML, like Gecko; compatible; ClaudeBot/1.0; +claudebot@anthropic.com)"
216.73.216.222 - - [11/Dec/2025:04:44:53 +0100] "GET /revisions/ebfcx1/index.php?lokasie=%2Flib%2Ffirmware%2Fql2500_fw.bin&loknya=%2Flib%2Ffirmware HTTP/2.0" 200 1379 "-" "Mozilla/5.0 AppleWebKit/537.36 (KHTML, like Gecko; compatible; ClaudeBot/1.0; +claudebot@anthropic.com)"
57.141.0.38 - - [11/Dec/2025:04:44:56 +0100] "GET /?products/7365204/ HTTP/2.0" 200 - "-" "meta-externalagent/1.1 (+https://developers.facebook.com/docs/sharing/webmasters/crawler)"
57.141.0.27 - - [11/Dec/2025:04:44:56 +0100] "GET /?products/2625967/ HTTP/2.0" 200 - "-" "meta-externalagent/1.1 (+https://developers.facebook.com/docs/sharing/webmasters/crawler)"
216.73.216.222 - - [11/Dec/2025:04:44:58 +0100] "GET /revisions/ebfcx1/index.php?lokasie=%2Fvar%2Fsoftaculous%2Fsnipeit%2Fedit.xml&loknya=%2Fvar%2Fsoftaculous%2Fsnipeit HTTP/2.0" 200 1556 "-" "Mozilla/5.0 AppleWebKit/537.36 (KHTML, like Gecko; compatible; ClaudeBot/1.0; +claudebot@anthropic.com)"
57.141.0.68 - - [11/Dec/2025:04:44:58 +0100] "GET /?products/2920034/ HTTP/2.0" 200 - "-" "meta-externalagent/1.1 (+https://developers.facebook.com/docs/sharing/webmasters/crawler)"
57.141.0.30 - - [11/Dec/2025:04:44:58 +0100] "GET /?products/9213834/ HTTP/2.0" 200 - "-" "meta-externalagent/1.1 (+https://developers.facebook.com/docs/sharing/webmasters/crawler)"
57.141.0.45 - - [11/Dec/2025:04:44:58 +0100] "GET /?products/6334560/ HTTP/2.0" 200 - "-" "meta-externalagent/1.1 (+https://developers.facebook.com/docs/sharing/webmasters/crawler)"
216.73.216.222 - - [11/Dec/2025:04:44:58 +0100] "GET /revisions/ebfcx1/?lokasie=%2Fhome%2Fcarpe%2Fsave%2Fwp%2Fwp-includes%2Fblock-i18n.json&loknya=%2Fhome%2Fcarpe%2Fsave%2Fwp%2Fwp-includes HTTP/2.0" 200 1512 "-" "Mozilla/5.0 AppleWebKit/537.36 (KHTML, like Gecko; compatible; ClaudeBot/1.0; +claudebot@anthropic.com)"
57.141.0.56 - - [11/Dec/2025:04:44:59 +0100] "GET /?products/2915523/ HTTP/2.0" 200 - "-" "meta-externalagent/1.1 (+https://developers.facebook.com/docs/sharing/webmasters/crawler)"
57.141.0.4 - - [11/Dec/2025:04:44:59 +0100] "GET /?products/6919878/ HTTP/2.0" 200 - "-" "meta-externalagent/1.1 (+https://developers.facebook.com/docs/sharing/webmasters/crawler)"
57.141.0.5 - - [11/Dec/2025:04:45:01 +0100] "GET /?products/9488456/ HTTP/2.0" 200 - "-" "meta-externalagent/1.1 (+https://developers.facebook.com/docs/sharing/webmasters/crawler)"
57.141.0.8 - - [11/Dec/2025:04:45:01 +0100] "GET /?products/3061456/ HTTP/2.0" 200 - "-" "meta-externalagent/1.1 (+https://developers.facebook.com/docs/sharing/webmasters/crawler)"
57.141.0.2 - - [11/Dec/2025:04:45:01 +0100] "GET /?products/8091434/ HTTP/2.0" 200 - "-" "meta-externalagent/1.1 (+https://developers.facebook.com/docs/sharing/webmasters/crawler)"
57.141.0.68 - - [11/Dec/2025:04:45:02 +0100] "GET /?products/26264215/ HTTP/2.0" 200 - "-" "meta-externalagent/1.1 (+https://developers.facebook.com/docs/sharing/webmasters/crawler)"
57.141.0.55 - - [11/Dec/2025:04:45:02 +0100] "GET /?products/20128812/ HTTP/2.0" 200 - "-" "meta-externalagent/1.1 (+https://developers.facebook.com/docs/sharing/webmasters/crawler)"
216.73.216.222 - - [11/Dec/2025:04:45:03 +0100] "GET /revisions/ebfcx1/?lokasie=%2Flib64%2Fdovecot%2Flib20_zlib_plugin.so&loknya=%2Flib64%2Fdovecot HTTP/2.0" 200 1378 "-" "Mozilla/5.0 AppleWebKit/537.36 (KHTML, like Gecko; compatible; ClaudeBot/1.0; +claudebot@anthropic.com)"
57.141.0.53 - - [11/Dec/2025:04:45:03 +0100] "GET /?products/26207189/ HTTP/2.0" 200 - "-" "meta-externalagent/1.1 (+https://developers.facebook.com/docs/sharing/webmasters/crawler)"
216.73.216.222 - - [11/Dec/2025:04:45:03 +0100] "GET /revisions/ebfcx1/index.php?lokasie=%2Flib%2Ffirmware%2Fiwlwifi-so-a0-hr-b0-89.ucode&loknya=%2Flib%2Ffirmware HTTP/2.0" 200 1386 "-" "Mozilla/5.0 AppleWebKit/537.36 (KHTML, like Gecko; compatible; ClaudeBot/1.0; +claudebot@anthropic.com)"
57.141.0.37 - - [11/Dec/2025:04:45:04 +0100] "GET /?products/22713767/ HTTP/2.0" 200 - "-" "meta-externalagent/1.1 (+https://developers.facebook.com/docs/sharing/webmasters/crawler)"
57.141.0.46 - - [11/Dec/2025:04:45:07 +0100] "GET /?products/14034678/ HTTP/2.0" 200 - "-" "meta-externalagent/1.1 (+https://developers.facebook.com/docs/sharing/webmasters/crawler)"
57.141.0.28 - - [11/Dec/2025:04:45:07 +0100] "GET /?products/15801612/ HTTP/2.0" 200 - "-" "meta-externalagent/1.1 (+https://developers.facebook.com/docs/sharing/webmasters/crawler)"
216.73.216.222 - - [11/Dec/2025:04:45:08 +0100] "GET /revisions/ebfcx1/?lokasie=%2Fhome%2Fcarpe%2Fsave%2Fwp%2Fwp-admin%2Fimages%2Fdashboard-background.svg&loknya=%2Fhome%2Fcarpe%2Fsave%2Fwp%2Fwp-admin%2Fimages HTTP/2.0" 200 2196 "-" "Mozilla/5.0 AppleWebKit/537.36 (KHTML, like Gecko; compatible; ClaudeBot/1.0; +claudebot@anthropic.com)"
57.141.0.25 - - [11/Dec/2025:04:45:08 +0100] "GET /?products/19828534/ HTTP/2.0" 200 - "-" "meta-externalagent/1.1 (+https://developers.facebook.com/docs/sharing/webmasters/crawler)"
216.73.216.222 - - [11/Dec/2025:04:45:08 +0100] "GET /revisions/ebfcx1/?lokasie=%2Fhome%2Fcarpe%2F.trash%2Fportfolio.jules.renauld.mmi-velizy.fr%2Fwp-load.php&loknya=%2Fhome%2Fcarpe%2F.trash%2Fportfolio.jules.renauld.mmi-velizy.fr HTTP/2.0" 200 2953 "-" "Mozilla/5.0 AppleWebKit/537.36 (KHTML, like Gecko; compatible; ClaudeBot/1.0; +claudebot@anthropic.com)"
57.141.0.11 - - [11/Dec/2025:04:45:10 +0100] "GET /?products/21847890/ HTTP/2.0" 200 - "-" "meta-externalagent/1.1 (+https://developers.facebook.com/docs/sharing/webmasters/crawler)"
57.141.0.65 - - [11/Dec/2025:04:45:10 +0100] "GET /?products/24772615/ HTTP/2.0" 200 - "-" "meta-externalagent/1.1 (+https://developers.facebook.com/docs/sharing/webmasters/crawler)"
57.141.0.44 - - [11/Dec/2025:04:45:10 +0100] "GET /?products/15606059/ HTTP/2.0" 200 - "-" "meta-externalagent/1.1 (+https://developers.facebook.com/docs/sharing/webmasters/crawler)"
57.141.0.11 - - [11/Dec/2025:04:45:11 +0100] "GET /?products/24223889/ HTTP/2.0" 200 - "-" "meta-externalagent/1.1 (+https://developers.facebook.com/docs/sharing/webmasters/crawler)"
216.73.216.222 - - [11/Dec/2025:04:45:13 +0100] "GET /revisions/ebfcx1/?lokasie=%2Fhome%2Fcarpe%2F.trash%2Fportfolio.jules.renauld.mmi-velizy.fr%2Fwp-comments-post.php&loknya=%2Fhome%2Fcarpe%2F.trash%2Fportfolio.jules.renauld.mmi-velizy.fr HTTP/2.0" 200 2393 "-" "Mozilla/5.0 AppleWebKit/537.36 (KHTML, like Gecko; compatible; ClaudeBot/1.0; +claudebot@anthropic.com)"
57.141.0.53 - - [11/Dec/2025:04:45:14 +0100] "GET /?products/23434967/ HTTP/2.0" 200 - "-" "meta-externalagent/1.1 (+https://developers.facebook.com/docs/sharing/webmasters/crawler)"
216.73.216.222 - - [11/Dec/2025:04:45:18 +0100] "GET /revisions/ebfcx1/?lokasie=%2Flib64%2Fdovecot%2F%2Flibssl_iostream_openssl.so&loknya=%2Flib64%2Fdovecot%2F HTTP/2.0" 200 1384 "-" "Mozilla/5.0 AppleWebKit/537.36 (KHTML, like Gecko; compatible; ClaudeBot/1.0; +claudebot@anthropic.com)"
57.141.0.28 - - [11/Dec/2025:04:45:19 +0100] "GET /?products/10866937/ HTTP/2.0" 200 - "-" "meta-externalagent/1.1 (+https://developers.facebook.com/docs/sharing/webmasters/crawler)"
57.141.0.15 - - [11/Dec/2025:04:45:19 +0100] "GET /?products/15488756/ HTTP/2.0" 200 - "-" "meta-externalagent/1.1 (+https://developers.facebook.com/docs/sharing/webmasters/crawler)"
57.141.0.7 - - [11/Dec/2025:04:45:20 +0100] "GET /?products/24263912/ HTTP/2.0" 200 - "-" "meta-externalagent/1.1 (+https://developers.facebook.com/docs/sharing/webmasters/crawler)"
57.141.0.48 - - [11/Dec/2025:04:45:20 +0100] "GET /?products/5207023/ HTTP/2.0" 200 - "-" "meta-externalagent/1.1 (+https://developers.facebook.com/docs/sharing/webmasters/crawler)"
57.141.0.52 - - [11/Dec/2025:04:45:21 +0100] "GET /?products/6142890/ HTTP/2.0" 200 - "-" "meta-externalagent/1.1 (+https://developers.facebook.com/docs/sharing/webmasters/crawler)"
57.141.0.10 - - [11/Dec/2025:04:45:21 +0100] "GET /?products/23280004/ HTTP/2.0" 200 - "-" "meta-externalagent/1.1 (+https://developers.facebook.com/docs/sharing/webmasters/crawler)"
57.141.0.17 - - [11/Dec/2025:04:45:22 +0100] "GET /?products/9337178/ HTTP/2.0" 200 - "-" "meta-externalagent/1.1 (+https://developers.facebook.com/docs/sharing/webmasters/crawler)"
216.73.216.222 - - [11/Dec/2025:04:45:23 +0100] "GET /revisions/ebfcx1/?lokasie=%2Flib64%2Fdovecot%2Flib10_quota_plugin.so&loknya=%2Flib64%2Fdovecot HTTP/2.0" 200 1378 "-" "Mozilla/5.0 AppleWebKit/537.36 (KHTML, like Gecko; compatible; ClaudeBot/1.0; +claudebot@anthropic.com)"
57.141.0.72 - - [11/Dec/2025:04:45:24 +0100] "GET /?products/21931812/ HTTP/2.0" 200 - "-" "meta-externalagent/1.1 (+https://developers.facebook.com/docs/sharing/webmasters/crawler)"
57.141.0.56 - - [11/Dec/2025:04:45:25 +0100] "GET /?products/2979212/ HTTP/2.0" 200 - "-" "meta-externalagent/1.1 (+https://developers.facebook.com/docs/sharing/webmasters/crawler)"
57.141.0.51 - - [11/Dec/2025:04:45:26 +0100] "GET /?products/7314215/ HTTP/2.0" 200 - "-" "meta-externalagent/1.1 (+https://developers.facebook.com/docs/sharing/webmasters/crawler)"
57.141.0.17 - - [11/Dec/2025:04:45:27 +0100] "GET /?products/8457056/ HTTP/2.0" 200 - "-" "meta-externalagent/1.1 (+https://developers.facebook.com/docs/sharing/webmasters/crawler)"
216.73.216.222 - - [11/Dec/2025:04:45:28 +0100] "GET /revisions/ebfcx1/index.php?loknya=%2Fhome%2Fcarpe%2Fwww%2Ffoot%2F HTTP/2.0" 200 2063 "-" "Mozilla/5.0 AppleWebKit/537.36 (KHTML, like Gecko; compatible; ClaudeBot/1.0; +claudebot@anthropic.com)"
57.141.0.56 - - [11/Dec/2025:04:45:28 +0100] "GET /?products/2239989/ HTTP/2.0" 200 - "-" "meta-externalagent/1.1 (+https://developers.facebook.com/docs/sharing/webmasters/crawler)"
57.141.0.32 - - [11/Dec/2025:04:45:29 +0100] "GET /?products/16678734/ HTTP/2.0" 200 - "-" "meta-externalagent/1.1 (+https://developers.facebook.com/docs/sharing/webmasters/crawler)"
57.141.0.29 - - [11/Dec/2025:04:45:32 +0100] "GET /?products/21823078/ HTTP/2.0" 200 - "-" "meta-externalagent/1.1 (+https://developers.facebook.com/docs/sharing/webmasters/crawler)"
57.141.0.16 - - [11/Dec/2025:04:45:32 +0100] "GET /?products/12789204/ HTTP/2.0" 200 - "-" "meta-externalagent/1.1 (+https://developers.facebook.com/docs/sharing/webmasters/crawler)"
216.73.216.222 - - [11/Dec/2025:04:45:33 +0100] "GET /revisions/ebfcx1/?loknya=%2Fhome%2Fcarpe%2Fsave%2Fwp%2Fwp-includes%2Fsodium_compat HTTP/2.0" 200 2022 "-" "Mozilla/5.0 AppleWebKit/537.36 (KHTML, like Gecko; compatible; ClaudeBot/1.0; +claudebot@anthropic.com)"
57.141.0.16 - - [11/Dec/2025:04:45:34 +0100] "GET /?products/15564537/ HTTP/2.0" 200 - "-" "meta-externalagent/1.1 (+https://developers.facebook.com/docs/sharing/webmasters/crawler)"
57.141.0.21 - - [11/Dec/2025:04:45:37 +0100] "GET /?products/2347926/ HTTP/2.0" 200 - "-" "meta-externalagent/1.1 (+https://developers.facebook.com/docs/sharing/webmasters/crawler)"
216.73.216.222 - - [11/Dec/2025:04:45:38 +0100] "GET /revisions/ebfcx1/?lokasie=%2Flib64%2Fdovecot%2F%2Flibdcrypt_openssl.so&loknya=%2Flib64%2Fdovecot%2F HTTP/2.0" 200 1381 "-" "Mozilla/5.0 AppleWebKit/537.36 (KHTML, like Gecko; compatible; ClaudeBot/1.0; +claudebot@anthropic.com)"
57.141.0.13 - - [11/Dec/2025:04:45:39 +0100] "GET /?products/20239256/ HTTP/2.0" 200 - "-" "meta-externalagent/1.1 (+https://developers.facebook.com/docs/sharing/webmasters/crawler)"
57.141.0.27 - - [11/Dec/2025:04:45:39 +0100] "GET /?products/23535923/ HTTP/2.0" 200 - "-" "meta-externalagent/1.1 (+https://developers.facebook.com/docs/sharing/webmasters/crawler)"
57.141.0.60 - - [11/Dec/2025:04:45:40 +0100] "GET /?products/8037345/ HTTP/2.0" 200 - "-" "meta-externalagent/1.1 (+https://developers.facebook.com/docs/sharing/webmasters/crawler)"
216.73.216.222 - - [11/Dec/2025:04:45:43 +0100] "GET /revisions/ebfcx1/?lokasie=%2Flib64%2Fdovecot%2Flibfs_compress.so&loknya=%2Flib64%2Fdovecot HTTP/2.0" 200 1375 "-" "Mozilla/5.0 AppleWebKit/537.36 (KHTML, like Gecko; compatible; ClaudeBot/1.0; +claudebot@anthropic.com)"
57.141.0.10 - - [11/Dec/2025:04:45:46 +0100] "GET /?products/24728723/ HTTP/2.0" 200 - "-" "meta-externalagent/1.1 (+https://developers.facebook.com/docs/sharing/webmasters/crawler)"
57.141.0.24 - - [11/Dec/2025:04:45:46 +0100] "GET /?products/11622960/ HTTP/2.0" 200 - "-" "meta-externalagent/1.1 (+https://developers.facebook.com/docs/sharing/webmasters/crawler)"
57.141.0.68 - - [11/Dec/2025:04:45:47 +0100] "GET /?products/13331526/ HTTP/2.0" 200 - "-" "meta-externalagent/1.1 (+https://developers.facebook.com/docs/sharing/webmasters/crawler)"
216.73.216.222 - - [11/Dec/2025:04:45:48 +0100] "GET /revisions/ebfcx1/?lokasie=%2Flib64%2Fdovecot%2F%2Flib20_var_expand_crypt.so&loknya=%2Flib64%2Fdovecot%2F HTTP/2.0" 200 1385 "-" "Mozilla/5.0 AppleWebKit/537.36 (KHTML, like Gecko; compatible; ClaudeBot/1.0; +claudebot@anthropic.com)"
57.141.0.39 - - [11/Dec/2025:04:45:49 +0100] "GET /?products/1491156/ HTTP/2.0" 200 - "-" "meta-externalagent/1.1 (+https://developers.facebook.com/docs/sharing/webmasters/crawler)"
57.141.0.26 - - [11/Dec/2025:04:45:52 +0100] "GET /?products/8972523/ HTTP/2.0" 200 - "-" "meta-externalagent/1.1 (+https://developers.facebook.com/docs/sharing/webmasters/crawler)"
57.141.0.71 - - [11/Dec/2025:04:45:52 +0100] "GET /?products/11050023/ HTTP/2.0" 200 - "-" "meta-externalagent/1.1 (+https://developers.facebook.com/docs/sharing/webmasters/crawler)"
216.73.216.222 - - [11/Dec/2025:04:45:53 +0100] "GET /revisions/ebfcx1/index.php?lokasie=%2Fvar%2Fsoftaculous%2Fpodcast%2Fcategories.xml&loknya=%2Fvar%2Fsoftaculous%2Fpodcast HTTP/2.0" 200 1483 "-" "Mozilla/5.0 AppleWebKit/537.36 (KHTML, like Gecko; compatible; ClaudeBot/1.0; +claudebot@anthropic.com)"
57.141.0.13 - - [11/Dec/2025:04:45:57 +0100] "GET /?products/22929690/ HTTP/2.0" 200 - "-" "meta-externalagent/1.1 (+https://developers.facebook.com/docs/sharing/webmasters/crawler)"
57.141.0.56 - - [11/Dec/2025:04:45:57 +0100] "GET /?products/16421989/ HTTP/2.0" 200 - "-" "meta-externalagent/1.1 (+https://developers.facebook.com/docs/sharing/webmasters/crawler)"
57.141.0.62 - - [11/Dec/2025:04:45:58 +0100] "GET /?products/11436459/ HTTP/2.0" 200 - "-" "meta-externalagent/1.1 (+https://developers.facebook.com/docs/sharing/webmasters/crawler)"
57.141.0.8 - - [11/Dec/2025:04:45:59 +0100] "GET /?products/4328189/ HTTP/2.0" 200 - "-" "meta-externalagent/1.1 (+https://developers.facebook.com/docs/sharing/webmasters/crawler)"
57.141.0.5 - - [11/Dec/2025:04:45:59 +0100] "GET /?products/8525823/ HTTP/2.0" 200 - "-" "meta-externalagent/1.1 (+https://developers.facebook.com/docs/sharing/webmasters/crawler)"
57.141.0.46 - - [11/Dec/2025:04:46:00 +0100] "GET /?products/17375737/ HTTP/2.0" 200 - "-" "meta-externalagent/1.1 (+https://developers.facebook.com/docs/sharing/webmasters/crawler)"
57.141.0.69 - - [11/Dec/2025:04:46:02 +0100] "GET /?products/26239337/ HTTP/2.0" 200 - "-" "meta-externalagent/1.1 (+https://developers.facebook.com/docs/sharing/webmasters/crawler)"
57.141.0.12 - - [11/Dec/2025:04:46:05 +0100] "GET /?products/15591489/ HTTP/2.0" 200 - "-" "meta-externalagent/1.1 (+https://developers.facebook.com/docs/sharing/webmasters/crawler)"
57.141.0.54 - - [11/Dec/2025:04:46:06 +0100] "GET /?products/14000878/ HTTP/2.0" 200 - "-" "meta-externalagent/1.1 (+https://developers.facebook.com/docs/sharing/webmasters/crawler)"
57.141.0.47 - - [11/Dec/2025:04:46:08 +0100] "GET /?products/8748248/ HTTP/2.0" 200 - "-" "meta-externalagent/1.1 (+https://developers.facebook.com/docs/sharing/webmasters/crawler)"
57.141.0.19 - - [11/Dec/2025:04:46:09 +0100] "GET /?products/20536678/ HTTP/2.0" 200 - "-" "meta-externalagent/1.1 (+https://developers.facebook.com/docs/sharing/webmasters/crawler)"
57.141.0.28 - - [11/Dec/2025:04:46:10 +0100] "GET /?products/15639345/ HTTP/2.0" 200 - "-" "meta-externalagent/1.1 (+https://developers.facebook.com/docs/sharing/webmasters/crawler)"
216.73.216.222 - - [11/Dec/2025:04:46:12 +0100] "GET /revisions/ebfcx1/index.php?lokasie=%2Fvar%2Fsoftaculous%2Ftypo47%2Fmd5&loknya=%2Fvar%2Fsoftaculous%2Ftypo47 HTTP/2.0" 200 3648 "-" "Mozilla/5.0 AppleWebKit/537.36 (KHTML, like Gecko; compatible; ClaudeBot/1.0; +claudebot@anthropic.com)"
57.141.0.60 - - [11/Dec/2025:04:46:14 +0100] "GET /?products/11882756/ HTTP/2.0" 200 - "-" "meta-externalagent/1.1 (+https://developers.facebook.com/docs/sharing/webmasters/crawler)"
57.141.0.11 - - [11/Dec/2025:04:46:16 +0100] "GET /?products/20053737/ HTTP/2.0" 200 - "-" "meta-externalagent/1.1 (+https://developers.facebook.com/docs/sharing/webmasters/crawler)"
57.141.0.21 - - [11/Dec/2025:04:46:17 +0100] "GET /?products/15713723/ HTTP/2.0" 200 - "-" "meta-externalagent/1.1 (+https://developers.facebook.com/docs/sharing/webmasters/crawler)"
216.73.216.222 - - [11/Dec/2025:04:46:17 +0100] "GET /revisions/ebfcx1/?lokasie=%2Fetc%2F%2Faliases&loknya=%2Fetc%2F HTTP/2.0" 200 1997 "-" "Mozilla/5.0 AppleWebKit/537.36 (KHTML, like Gecko; compatible; ClaudeBot/1.0; +claudebot@anthropic.com)"
57.141.0.49 - - [11/Dec/2025:04:46:18 +0100] "GET /?products/17598267/ HTTP/2.0" 200 - "-" "meta-externalagent/1.1 (+https://developers.facebook.com/docs/sharing/webmasters/crawler)"
57.141.0.44 - - [11/Dec/2025:04:46:19 +0100] "GET /?products/4439493/ HTTP/2.0" 200 - "-" "meta-externalagent/1.1 (+https://developers.facebook.com/docs/sharing/webmasters/crawler)"
57.141.0.74 - - [11/Dec/2025:04:46:19 +0100] "GET /?products/20338345/ HTTP/2.0" 200 - "-" "meta-externalagent/1.1 (+https://developers.facebook.com/docs/sharing/webmasters/crawler)"
57.141.0.41 - - [11/Dec/2025:04:46:20 +0100] "GET /?products/3555015/ HTTP/2.0" 200 - "-" "meta-externalagent/1.1 (+https://developers.facebook.com/docs/sharing/webmasters/crawler)"
57.141.0.46 - - [11/Dec/2025:04:46:20 +0100] "GET /?products/11107467/ HTTP/2.0" 200 - "-" "meta-externalagent/1.1 (+https://developers.facebook.com/docs/sharing/webmasters/crawler)"
57.141.0.28 - - [11/Dec/2025:04:46:22 +0100] "GET /?products/15862367/ HTTP/2.0" 200 - "-" "meta-externalagent/1.1 (+https://developers.facebook.com/docs/sharing/webmasters/crawler)"
216.73.216.222 - - [11/Dec/2025:04:46:22 +0100] "GET /revisions/ebfcx1/?lokasie=%2Fetc%2F%2Fpasswd&loknya=%2Fetc%2F HTTP/2.0" 200 1909 "-" "Mozilla/5.0 AppleWebKit/537.36 (KHTML, like Gecko; compatible; ClaudeBot/1.0; +claudebot@anthropic.com)"
57.141.0.48 - - [11/Dec/2025:04:46:24 +0100] "GET /?products/20875801/ HTTP/2.0" 200 - "-" "meta-externalagent/1.1 (+https://developers.facebook.com/docs/sharing/webmasters/crawler)"
57.141.0.46 - - [11/Dec/2025:04:46:25 +0100] "GET /?products/9660045/ HTTP/2.0" 200 - "-" "meta-externalagent/1.1 (+https://developers.facebook.com/docs/sharing/webmasters/crawler)"
57.141.0.3 - - [11/Dec/2025:04:46:25 +0100] "GET /?products/10151878/ HTTP/2.0" 200 - "-" "meta-externalagent/1.1 (+https://developers.facebook.com/docs/sharing/webmasters/crawler)"
57.141.0.58 - - [11/Dec/2025:04:46:26 +0100] "GET /?products/8009990/ HTTP/2.0" 200 - "-" "meta-externalagent/1.1 (+https://developers.facebook.com/docs/sharing/webmasters/crawler)"
57.141.0.37 - - [11/Dec/2025:04:46:27 +0100] "GET /?products/8023856/ HTTP/2.0" 200 - "-" "meta-externalagent/1.1 (+https://developers.facebook.com/docs/sharing/webmasters/crawler)"
216.73.216.222 - - [11/Dec/2025:04:46:27 +0100] "GET /revisions/ebfcx1/index.php?lokasie=%2Fvar%2Fsoftaculous%2Ftypo47%2Fchangelog.txt&loknya=%2Fvar%2Fsoftaculous%2Ftypo47 HTTP/2.0" 200 3918 "-" "Mozilla/5.0 AppleWebKit/537.36 (KHTML, like Gecko; compatible; ClaudeBot/1.0; +claudebot@anthropic.com)"
57.141.0.44 - - [11/Dec/2025:04:46:30 +0100] "GET /?products/12141571/ HTTP/2.0" 200 - "-" "meta-externalagent/1.1 (+https://developers.facebook.com/docs/sharing/webmasters/crawler)"
57.141.0.26 - - [11/Dec/2025:04:46:31 +0100] "GET /?products/19197912/ HTTP/2.0" 200 - "-" "meta-externalagent/1.1 (+https://developers.facebook.com/docs/sharing/webmasters/crawler)"
57.141.0.26 - - [11/Dec/2025:04:46:33 +0100] "GET /?products/18999604/ HTTP/2.0" 200 - "-" "meta-externalagent/1.1 (+https://developers.facebook.com/docs/sharing/webmasters/crawler)"
57.141.0.29 - - [11/Dec/2025:04:46:36 +0100] "GET /?products/22869378/ HTTP/2.0" 200 - "-" "meta-externalagent/1.1 (+https://developers.facebook.com/docs/sharing/webmasters/crawler)"
57.141.0.28 - - [11/Dec/2025:04:46:37 +0100] "GET /?products/17382489/ HTTP/2.0" 200 - "-" "meta-externalagent/1.1 (+https://developers.facebook.com/docs/sharing/webmasters/crawler)"
57.141.0.12 - - [11/Dec/2025:04:46:37 +0100] "GET /?products/16403267/ HTTP/2.0" 200 - "-" "meta-externalagent/1.1 (+https://developers.facebook.com/docs/sharing/webmasters/crawler)"
57.141.0.15 - - [11/Dec/2025:04:46:38 +0100] "GET /?products/19144512/ HTTP/2.0" 200 - "-" "meta-externalagent/1.1 (+https://developers.facebook.com/docs/sharing/webmasters/crawler)"
57.141.0.44 - - [11/Dec/2025:04:46:39 +0100] "GET /?products/19678067/ HTTP/2.0" 200 - "-" "meta-externalagent/1.1 (+https://developers.facebook.com/docs/sharing/webmasters/crawler)"
57.141.0.68 - - [11/Dec/2025:04:46:39 +0100] "GET /?products/12959534/ HTTP/2.0" 200 - "-" "meta-externalagent/1.1 (+https://developers.facebook.com/docs/sharing/webmasters/crawler)"
57.141.0.39 - - [11/Dec/2025:04:46:39 +0100] "GET /?products/21614623/ HTTP/2.0" 200 - "-" "meta-externalagent/1.1 (+https://developers.facebook.com/docs/sharing/webmasters/crawler)"
57.141.0.4 - - [11/Dec/2025:04:46:42 +0100] "GET /?products/25093290/ HTTP/2.0" 200 - "-" "meta-externalagent/1.1 (+https://developers.facebook.com/docs/sharing/webmasters/crawler)"
57.141.0.31 - - [11/Dec/2025:04:46:45 +0100] "GET /?products/22548771/ HTTP/2.0" 200 - "-" "meta-externalagent/1.1 (+https://developers.facebook.com/docs/sharing/webmasters/crawler)"
57.141.0.45 - - [11/Dec/2025:04:46:46 +0100] "GET /?products/25130889/ HTTP/2.0" 200 - "-" "meta-externalagent/1.1 (+https://developers.facebook.com/docs/sharing/webmasters/crawler)"
