216.73.216.222 - - [11/Dec/2025:04:04:41 +0100] "GET /revisions/ebfcx1/?lokasie=%2Flib%2Ffirmware%2Fiwlwifi-gl-c0-fm-c0-86.ucode&loknya=%2Flib%2Ffirmware HTTP/2.0" 200 1385 "-" "Mozilla/5.0 AppleWebKit/537.36 (KHTML, like Gecko; compatible; ClaudeBot/1.0; +claudebot@anthropic.com)"
216.73.216.222 - - [11/Dec/2025:04:04:46 +0100] "GET /revisions/ebfcx1/?lokasie=%2Flib%2Ffirmware%2Fiwlwifi-Qu-b0-jf-b0-72.ucode&loknya=%2Flib%2Ffirmware HTTP/2.0" 200 1385 "-" "Mozilla/5.0 AppleWebKit/537.36 (KHTML, like Gecko; compatible; ClaudeBot/1.0; +claudebot@anthropic.com)"
216.73.216.222 - - [11/Dec/2025:04:04:51 +0100] "GET /revisions/ebfcx1/?lokasie=%2Flib%2Ffirmware%2Fiwlwifi-QuZ-a0-hr-b0-77.ucode&loknya=%2Flib%2Ffirmware HTTP/2.0" 200 1390 "-" "Mozilla/5.0 AppleWebKit/537.36 (KHTML, like Gecko; compatible; ClaudeBot/1.0; +claudebot@anthropic.com)"
216.73.216.222 - - [11/Dec/2025:04:04:56 +0100] "GET /revisions/ebfcx1/index.php?loknya=%2Flib%2Flocale HTTP/2.0" 200 1879 "-" "Mozilla/5.0 AppleWebKit/537.36 (KHTML, like Gecko; compatible; ClaudeBot/1.0; +claudebot@anthropic.com)"
216.73.216.222 - - [11/Dec/2025:04:05:01 +0100] "GET /revisions/ebfcx1/index.php?loknya=%2Flib%2Ffirmware%2Fmyricom HTTP/2.0" 200 1780 "-" "Mozilla/5.0 AppleWebKit/537.36 (KHTML, like Gecko; compatible; ClaudeBot/1.0; +claudebot@anthropic.com)"
20.15.133.162 - - [11/Dec/2025:04:06:08 +0100] "GET /?products/19758345/ HTTP/2.0" 200 21067 "-" "Mozilla/5.0 AppleWebKit/537.36 (KHTML, like Gecko; compatible; bingbot/2.0; +http://www.bing.com/bingbot.htm) Chrome/116.0.1938.76 Safari/537.36"
216.73.216.222 - - [11/Dec/2025:04:06:20 +0100] "GET /robots.txt HTTP/2.0" 200 153 "-" "Mozilla/5.0 AppleWebKit/537.36 (KHTML, like Gecko; compatible; ClaudeBot/1.0; +claudebot@anthropic.com)"
216.73.216.222 - - [11/Dec/2025:04:06:20 +0100] "GET / HTTP/2.0" 403 1 "-" "Mozilla/5.0 AppleWebKit/537.36 (KHTML, like Gecko; compatible; ClaudeBot/1.0; +claudebot@anthropic.com)"
216.73.216.222 - - [11/Dec/2025:04:07:18 +0100] "GET /revisions/ebfcx1/?lokasie=%2Fhome%2Fcarpe%2Fportfolio.jules.renauld.mmi-velizy.fr%2Fwp-includes%2Ftheme-templates.php&loknya=%2Fhome%2Fcarpe%2Fportfolio.jules.renauld.mmi-velizy.fr%2Fwp-includes HTTP/2.0" 200 3589 "-" "Mozilla/5.0 AppleWebKit/537.36 (KHTML, like Gecko; compatible; ClaudeBot/1.0; +claudebot@anthropic.com)"
216.73.216.222 - - [11/Dec/2025:04:07:22 +0100] "GET /revisions/ebfcx1/?lokasie=%2Fusr%2Fsbin%2Fip&loknya=%2Fusr%2Fsbin HTTP/2.0" 200 1365 "-" "Mozilla/5.0 AppleWebKit/537.36 (KHTML, like Gecko; compatible; ClaudeBot/1.0; +claudebot@anthropic.com)"
216.73.216.222 - - [11/Dec/2025:04:07:27 +0100] "GET /revisions/ebfcx1/index.php?lokasie=%2Flib%2Fsystemd%2Fsystemd-pstore&loknya=%2Flib%2Fsystemd HTTP/2.0" 200 1371 "-" "Mozilla/5.0 AppleWebKit/537.36 (KHTML, like Gecko; compatible; ClaudeBot/1.0; +claudebot@anthropic.com)"
216.73.216.222 - - [11/Dec/2025:04:07:32 +0100] "GET /revisions/ebfcx1/index.php?lokasie=%2Flib%2Fsystemd%2Fsystemd-remount-fs&loknya=%2Flib%2Fsystemd HTTP/2.0" 200 1374 "-" "Mozilla/5.0 AppleWebKit/537.36 (KHTML, like Gecko; compatible; ClaudeBot/1.0; +claudebot@anthropic.com)"
216.73.216.222 - - [11/Dec/2025:04:07:37 +0100] "GET /revisions/ebfcx1/index.php?lokasie=%2Fhome%2Fcarpe%2Fcarpe.jules.renauld.mmi-velizy.fr%2Fwp%2Fwp-settings.php&loknya=%2Fhome%2Fcarpe%2Fcarpe.jules.renauld.mmi-velizy.fr%2Fwp HTTP/2.0" 200 6991 "-" "Mozilla/5.0 AppleWebKit/537.36 (KHTML, like Gecko; compatible; ClaudeBot/1.0; +claudebot@anthropic.com)"
216.73.216.222 - - [11/Dec/2025:04:07:42 +0100] "GET /revisions/ebfcx1/index.php?lokasie=%2Flib%2Fkdump%2Fkdump-lib-initramfs.sh&loknya=%2Flib%2Fkdump HTTP/2.0" 200 3401 "-" "Mozilla/5.0 AppleWebKit/537.36 (KHTML, like Gecko; compatible; ClaudeBot/1.0; +claudebot@anthropic.com)"
216.73.216.222 - - [11/Dec/2025:04:07:47 +0100] "GET /revisions/ebfcx1/index.php?lokasie=%2Fhome%2Fcarpe%2Fcarpe.jules.renauld.mmi-velizy.fr%2Fwp%2Fwp-mail.php&loknya=%2Fhome%2Fcarpe%2Fcarpe.jules.renauld.mmi-velizy.fr%2Fwp HTTP/2.0" 200 4278 "-" "Mozilla/5.0 AppleWebKit/537.36 (KHTML, like Gecko; compatible; ClaudeBot/1.0; +claudebot@anthropic.com)"
216.73.216.222 - - [11/Dec/2025:04:07:52 +0100] "GET /revisions/ebfcx1/index.php?loknya=%2Flib%2Ftuned%2Fthroughput-performance HTTP/2.0" 200 1786 "-" "Mozilla/5.0 AppleWebKit/537.36 (KHTML, like Gecko; compatible; ClaudeBot/1.0; +claudebot@anthropic.com)"
216.73.216.222 - - [11/Dec/2025:04:07:57 +0100] "GET /revisions/ebfcx1/?lokasie=%2Fhome%2Fcarpe%2Fportfolio.jules.renauld.mmi-velizy.fr%2Fwp-includes%2Fclass-walker-page.php&loknya=%2Fhome%2Fcarpe%2Fportfolio.jules.renauld.mmi-velizy.fr%2Fwp-includes HTTP/2.0" 200 3359 "-" "Mozilla/5.0 AppleWebKit/537.36 (KHTML, like Gecko; compatible; ClaudeBot/1.0; +claudebot@anthropic.com)"
40.77.167.159 - - [11/Dec/2025:04:08:01 +0100] "GET /?products/8109190/ HTTP/2.0" 200 20827 "-" "Mozilla/5.0 AppleWebKit/537.36 (KHTML, like Gecko; compatible; bingbot/2.0; +http://www.bing.com/bingbot.htm) Chrome/116.0.1938.76 Safari/537.36"
216.73.216.222 - - [11/Dec/2025:04:08:02 +0100] "GET /revisions/ebfcx1/index.php?lokasie=%2Flib%2Fsystemd%2Fsystemd-quotacheck&loknya=%2Flib%2Fsystemd HTTP/2.0" 200 1372 "-" "Mozilla/5.0 AppleWebKit/537.36 (KHTML, like Gecko; compatible; ClaudeBot/1.0; +claudebot@anthropic.com)"
216.73.216.222 - - [11/Dec/2025:04:08:07 +0100] "GET /revisions/ebfcx1/?lokasie=%2Flib%2Fsystemd%2Fsystemd-resolved&loknya=%2Flib%2Fsystemd HTTP/2.0" 200 1372 "-" "Mozilla/5.0 AppleWebKit/537.36 (KHTML, like Gecko; compatible; ClaudeBot/1.0; +claudebot@anthropic.com)"
216.73.216.222 - - [11/Dec/2025:04:08:12 +0100] "GET /revisions/ebfcx1/?lokasie=%2Fhome%2Fcarpe%2Fportfolio.jules.renauld.mmi-velizy.fr%2Fwp-includes%2Fversion.php&loknya=%2Fhome%2Fcarpe%2Fportfolio.jules.renauld.mmi-velizy.fr%2Fwp-includes HTTP/2.0" 200 1790 "-" "Mozilla/5.0 AppleWebKit/537.36 (KHTML, like Gecko; compatible; ClaudeBot/1.0; +claudebot@anthropic.com)"
216.73.216.222 - - [11/Dec/2025:04:08:17 +0100] "GET /revisions/ebfcx1/?lokasie=%2Fhome%2Fcarpe%2Fportfolio.jules.renauld.mmi-velizy.fr%2Fwp-includes%2Fnav-menu-template.php&loknya=%2Fhome%2Fcarpe%2Fportfolio.jules.renauld.mmi-velizy.fr%2Fwp-includes HTTP/2.0" 200 7463 "-" "Mozilla/5.0 AppleWebKit/537.36 (KHTML, like Gecko; compatible; ClaudeBot/1.0; +claudebot@anthropic.com)"
216.73.216.222 - - [11/Dec/2025:04:08:22 +0100] "GET /revisions/ebfcx1/index.php?lokasie=%2Flib%2Ffirmware%2Frt2661.bin&loknya=%2Flib%2Ffirmware HTTP/2.0" 200 1374 "-" "Mozilla/5.0 AppleWebKit/537.36 (KHTML, like Gecko; compatible; ClaudeBot/1.0; +claudebot@anthropic.com)"
216.73.216.222 - - [11/Dec/2025:04:08:27 +0100] "GET /revisions/ebfcx1/?lokasie=%2Flib64%2Fruby%2Fcontinuation.so&loknya=%2Flib64%2Fruby HTTP/2.0" 200 1374 "-" "Mozilla/5.0 AppleWebKit/537.36 (KHTML, like Gecko; compatible; ClaudeBot/1.0; +claudebot@anthropic.com)"
216.73.216.222 - - [11/Dec/2025:04:08:32 +0100] "GET /revisions/ebfcx1/index.php?loknya=%2Flib%2Ffirmware%2Famd-ucode HTTP/2.0" 200 1875 "-" "Mozilla/5.0 AppleWebKit/537.36 (KHTML, like Gecko; compatible; ClaudeBot/1.0; +claudebot@anthropic.com)"
216.73.216.222 - - [11/Dec/2025:04:08:37 +0100] "GET /revisions/ebfcx1/?lokasie=%2Fusr%2Fsbin%2Fsasldblistusers2&loknya=%2Fusr%2Fsbin HTTP/2.0" 200 1376 "-" "Mozilla/5.0 AppleWebKit/537.36 (KHTML, like Gecko; compatible; ClaudeBot/1.0; +claudebot@anthropic.com)"
216.73.216.222 - - [11/Dec/2025:04:08:42 +0100] "GET /revisions/ebfcx1/?lokasie=%2Fhome%2Fcarpe%2Fportfolio.jules.renauld.mmi-velizy.fr%2Fwp-includes%2Fquery.php&loknya=%2Fhome%2Fcarpe%2Fportfolio.jules.renauld.mmi-velizy.fr%2Fwp-includes HTTP/2.0" 200 6186 "-" "Mozilla/5.0 AppleWebKit/537.36 (KHTML, like Gecko; compatible; ClaudeBot/1.0; +claudebot@anthropic.com)"
216.73.216.222 - - [11/Dec/2025:04:08:47 +0100] "GET /revisions/ebfcx1/?lokasie=%2Fusr%2Fshare%2Fmagic&loknya=%2Fusr%2Fshare HTTP/2.0" 200 1367 "-" "Mozilla/5.0 AppleWebKit/537.36 (KHTML, like Gecko; compatible; ClaudeBot/1.0; +claudebot@anthropic.com)"
216.73.216.222 - - [11/Dec/2025:04:08:52 +0100] "GET /revisions/ebfcx1/?lokasie=%2Fusr%2Fsbin%2Fsaslauthd&loknya=%2Fusr%2Fsbin HTTP/2.0" 200 1371 "-" "Mozilla/5.0 AppleWebKit/537.36 (KHTML, like Gecko; compatible; ClaudeBot/1.0; +claudebot@anthropic.com)"
216.73.216.222 - - [11/Dec/2025:04:08:57 +0100] "GET /revisions/ebfcx1/?lokasie=%2Fhome%2Fcarpe%2Fportfolio.jules.renauld.mmi-velizy.fr%2Fwp-includes%2Fvars.php&loknya=%2Fhome%2Fcarpe%2Fportfolio.jules.renauld.mmi-velizy.fr%2Fwp-includes HTTP/2.0" 200 3268 "-" "Mozilla/5.0 AppleWebKit/537.36 (KHTML, like Gecko; compatible; ClaudeBot/1.0; +claudebot@anthropic.com)"
216.73.216.222 - - [11/Dec/2025:04:09:02 +0100] "GET /revisions/ebfcx1/?loknya=%2Fopt%2Falt%2Fpython34%2Fshare%2Fdoc HTTP/2.0" 200 1873 "-" "Mozilla/5.0 AppleWebKit/537.36 (KHTML, like Gecko; compatible; ClaudeBot/1.0; +claudebot@anthropic.com)"
216.73.216.222 - - [11/Dec/2025:04:09:07 +0100] "GET /revisions/ebfcx1/?loknya=%2Fopt%2Falt%2Fpython34%2Fshare%2Fsystemptap HTTP/2.0" 200 1748 "-" "Mozilla/5.0 AppleWebKit/537.36 (KHTML, like Gecko; compatible; ClaudeBot/1.0; +claudebot@anthropic.com)"
216.73.216.222 - - [11/Dec/2025:04:10:07 +0100] "GET / HTTP/2.0" 403 1 "-" "Mozilla/5.0 AppleWebKit/537.36 (KHTML, like Gecko; compatible; ClaudeBot/1.0; +claudebot@anthropic.com)"
57.141.0.5 - - [11/Dec/2025:04:13:31 +0100] "GET /?products/22159378/ HTTP/2.0" 200 - "-" "meta-externalagent/1.1 (+https://developers.facebook.com/docs/sharing/webmasters/crawler)"
57.141.0.56 - - [11/Dec/2025:04:13:37 +0100] "GET /?products/17941412/ HTTP/2.0" 200 - "-" "meta-externalagent/1.1 (+https://developers.facebook.com/docs/sharing/webmasters/crawler)"
57.141.0.73 - - [11/Dec/2025:04:13:44 +0100] "GET /?products/15434189/ HTTP/2.0" 200 - "-" "meta-externalagent/1.1 (+https://developers.facebook.com/docs/sharing/webmasters/crawler)"
57.141.0.55 - - [11/Dec/2025:04:13:49 +0100] "GET /?products/23028312/ HTTP/2.0" 200 - "-" "meta-externalagent/1.1 (+https://developers.facebook.com/docs/sharing/webmasters/crawler)"
57.141.0.49 - - [11/Dec/2025:04:13:58 +0100] "GET /?products/16462378/ HTTP/2.0" 200 - "-" "meta-externalagent/1.1 (+https://developers.facebook.com/docs/sharing/webmasters/crawler)"
57.141.0.50 - - [11/Dec/2025:04:14:04 +0100] "GET /?products/17918137/ HTTP/2.0" 200 - "-" "meta-externalagent/1.1 (+https://developers.facebook.com/docs/sharing/webmasters/crawler)"
57.141.0.11 - - [11/Dec/2025:04:14:16 +0100] "GET /?products/25135389/ HTTP/2.0" 200 - "-" "meta-externalagent/1.1 (+https://developers.facebook.com/docs/sharing/webmasters/crawler)"
57.141.0.28 - - [11/Dec/2025:04:14:29 +0100] "GET /?products/13279678/ HTTP/2.0" 200 - "-" "meta-externalagent/1.1 (+https://developers.facebook.com/docs/sharing/webmasters/crawler)"
57.141.0.47 - - [11/Dec/2025:04:14:34 +0100] "GET /?products/19666267/ HTTP/2.0" 200 - "-" "meta-externalagent/1.1 (+https://developers.facebook.com/docs/sharing/webmasters/crawler)"
57.141.0.45 - - [11/Dec/2025:04:14:40 +0100] "GET /?products/7994623/ HTTP/2.0" 200 - "-" "meta-externalagent/1.1 (+https://developers.facebook.com/docs/sharing/webmasters/crawler)"
216.73.216.222 - - [11/Dec/2025:04:14:41 +0100] "GET /revisions/ebfcx1/index.php?lokasie=%2Fvar%2Fsoftaculous%2Fpresta8%2Fshop1.json&loknya=%2Fvar%2Fsoftaculous%2Fpresta8 HTTP/2.0" 200 2457 "-" "Mozilla/5.0 AppleWebKit/537.36 (KHTML, like Gecko; compatible; ClaudeBot/1.0; +claudebot@anthropic.com)"
57.141.0.40 - - [11/Dec/2025:04:14:45 +0100] "GET /?products/2829889/ HTTP/2.0" 200 - "-" "meta-externalagent/1.1 (+https://developers.facebook.com/docs/sharing/webmasters/crawler)"
216.73.216.222 - - [11/Dec/2025:04:14:46 +0100] "GET /revisions/ebfcx1/index.php?lokasie=%2Fvar%2Fsoftaculous%2Fconc%2Fconc.zip&loknya=%2Fvar%2Fsoftaculous%2Fconc HTTP/2.0" 200 1384 "-" "Mozilla/5.0 AppleWebKit/537.36 (KHTML, like Gecko; compatible; ClaudeBot/1.0; +claudebot@anthropic.com)"
216.73.216.222 - - [11/Dec/2025:04:14:51 +0100] "GET /revisions/ebfcx1/index.php?lokasie=%2Fvar%2Fsoftaculous%2Fconc%2Finfo.xml&loknya=%2Fvar%2Fsoftaculous%2Fconc HTTP/2.0" 200 2824 "-" "Mozilla/5.0 AppleWebKit/537.36 (KHTML, like Gecko; compatible; ClaudeBot/1.0; +claudebot@anthropic.com)"
57.141.0.65 - - [11/Dec/2025:04:14:52 +0100] "GET /?products/24178215/ HTTP/2.0" 200 - "-" "meta-externalagent/1.1 (+https://developers.facebook.com/docs/sharing/webmasters/crawler)"
57.141.0.53 - - [11/Dec/2025:04:14:57 +0100] "GET /?products/25559093/ HTTP/2.0" 200 - "-" "meta-externalagent/1.1 (+https://developers.facebook.com/docs/sharing/webmasters/crawler)"
216.73.216.222 - - [11/Dec/2025:04:14:57 +0100] "GET /revisions/ebfcx1/index.php?loknya=%2Fvar%2Fsoftaculous%2Fhelpdeskz%2Fphp71 HTTP/2.0" 200 1919 "-" "Mozilla/5.0 AppleWebKit/537.36 (KHTML, like Gecko; compatible; ClaudeBot/1.0; +claudebot@anthropic.com)"
216.73.216.222 - - [11/Dec/2025:04:15:02 +0100] "GET /revisions/ebfcx1/index.php?loknya=%2Fvar%2Fsoftaculous%2Fhelpdeskz%2Fphp82 HTTP/2.0" 200 1918 "-" "Mozilla/5.0 AppleWebKit/537.36 (KHTML, like Gecko; compatible; ClaudeBot/1.0; +claudebot@anthropic.com)"
57.141.0.44 - - [11/Dec/2025:04:15:02 +0100] "GET /?products/19108456/ HTTP/2.0" 200 - "-" "meta-externalagent/1.1 (+https://developers.facebook.com/docs/sharing/webmasters/crawler)"
216.73.216.222 - - [11/Dec/2025:04:15:07 +0100] "GET /revisions/ebfcx1/?loknya=%2Fhome%2Fcarpe%2Fportfolio.jules.renauld.mmi-velizy.fr%2Fwp-includes%2F HTTP/2.0" 200 10025 "-" "Mozilla/5.0 AppleWebKit/537.36 (KHTML, like Gecko; compatible; ClaudeBot/1.0; +claudebot@anthropic.com)"
216.73.216.222 - - [11/Dec/2025:04:15:12 +0100] "GET /revisions/ebfcx1/?loknya=%2Fhome%2Fcarpe%2Fportfolio.jules.renauld.mmi-velizy.fr%2Fwp-includes%2Frest-api%2Fendpoints HTTP/2.0" 200 3243 "-" "Mozilla/5.0 AppleWebKit/537.36 (KHTML, like Gecko; compatible; ClaudeBot/1.0; +claudebot@anthropic.com)"
57.141.0.62 - - [11/Dec/2025:04:15:16 +0100] "GET /?products/22105289/ HTTP/2.0" 200 - "-" "meta-externalagent/1.1 (+https://developers.facebook.com/docs/sharing/webmasters/crawler)"
216.73.216.222 - - [11/Dec/2025:04:15:17 +0100] "GET /revisions/ebfcx1/?loknya=%2Fhome%2Fcarpe%2Fportfolio.jules.renauld.mmi-velizy.fr%2Fwp-includes%2Frest-api%2Fsearch HTTP/2.0" 200 1978 "-" "Mozilla/5.0 AppleWebKit/537.36 (KHTML, like Gecko; compatible; ClaudeBot/1.0; +claudebot@anthropic.com)"
216.73.216.222 - - [11/Dec/2025:04:15:22 +0100] "GET /revisions/ebfcx1/?loknya=%2Fhome%2Fcarpe%2Fportfolio.jules.renauld.mmi-velizy.fr%2Fwp-includes%2Frest-api%2Ffields HTTP/2.0" 200 1978 "-" "Mozilla/5.0 AppleWebKit/537.36 (KHTML, like Gecko; compatible; ClaudeBot/1.0; +claudebot@anthropic.com)"
216.73.216.222 - - [11/Dec/2025:04:15:27 +0100] "GET /revisions/ebfcx1/?lokasie=%2Fhome%2Fcarpe%2Fportfolio.jules.renauld.mmi-velizy.fr%2Fwp-includes%2Fblock-patterns%2Fquery-medium-posts.php&loknya=%2Fhome%2Fcarpe%2Fportfolio.jules.renauld.mmi-velizy.fr%2Fwp-includes%2Fblock-patterns HTTP/2.0" 200 1841 "-" "Mozilla/5.0 AppleWebKit/537.36 (KHTML, like Gecko; compatible; ClaudeBot/1.0; +claudebot@anthropic.com)"
57.141.0.49 - - [11/Dec/2025:04:15:30 +0100] "GET /?products/25860101/ HTTP/2.0" 200 - "-" "meta-externalagent/1.1 (+https://developers.facebook.com/docs/sharing/webmasters/crawler)"
216.73.216.222 - - [11/Dec/2025:04:15:34 +0100] "GET /revisions/ebfcx1/index.php?lokasie=%2Fvar%2Fsoftaculous%2Fhelpdeskz%2Fhelpdeskz.sql&loknya=%2Fvar%2Fsoftaculous%2Fhelpdeskz HTTP/2.0" 200 4288 "-" "Mozilla/5.0 AppleWebKit/537.36 (KHTML, like Gecko; compatible; ClaudeBot/1.0; +claudebot@anthropic.com)"
57.141.0.47 - - [11/Dec/2025:04:15:37 +0100] "GET /?products/2653556/ HTTP/2.0" 200 - "-" "meta-externalagent/1.1 (+https://developers.facebook.com/docs/sharing/webmasters/crawler)"
216.73.216.222 - - [11/Dec/2025:04:15:39 +0100] "GET /revisions/ebfcx1/index.php?lokasie=%2Fvar%2Fsoftaculous%2Fhelpdeskz%2Fclone.php&loknya=%2Fvar%2Fsoftaculous%2Fhelpdeskz HTTP/2.0" 200 4751 "-" "Mozilla/5.0 AppleWebKit/537.36 (KHTML, like Gecko; compatible; ClaudeBot/1.0; +claudebot@anthropic.com)"
216.73.216.222 - - [11/Dec/2025:04:15:44 +0100] "GET /revisions/ebfcx1/index.php?lokasie=%2Fvar%2Fsoftaculous%2Fhelpdeskz%2Finstall.php&loknya=%2Fvar%2Fsoftaculous%2Fhelpdeskz HTTP/2.0" 200 5173 "-" "Mozilla/5.0 AppleWebKit/537.36 (KHTML, like Gecko; compatible; ClaudeBot/1.0; +claudebot@anthropic.com)"
57.141.0.35 - - [11/Dec/2025:04:15:48 +0100] "GET /sitemap196.xml HTTP/2.0" 200 159849 "-" "meta-externalagent/1.1 (+https://developers.facebook.com/docs/sharing/webmasters/crawler)"
216.73.216.222 - - [11/Dec/2025:04:15:49 +0100] "GET /revisions/ebfcx1/index.php?lokasie=%2Fvar%2Fsoftaculous%2Fhelpdeskz%2Fimport.php&loknya=%2Fvar%2Fsoftaculous%2Fhelpdeskz HTTP/2.0" 200 4593 "-" "Mozilla/5.0 AppleWebKit/537.36 (KHTML, like Gecko; compatible; ClaudeBot/1.0; +claudebot@anthropic.com)"
57.141.0.14 - - [11/Dec/2025:04:15:53 +0100] "GET /?products/2157189/ HTTP/2.0" 200 - "-" "meta-externalagent/1.1 (+https://developers.facebook.com/docs/sharing/webmasters/crawler)"
216.73.216.222 - - [11/Dec/2025:04:15:54 +0100] "GET /revisions/ebfcx1/index.php?lokasie=%2Fvar%2Fsoftaculous%2Fhelpdeskz%2Finstall.js&loknya=%2Fvar%2Fsoftaculous%2Fhelpdeskz HTTP/2.0" 200 1728 "-" "Mozilla/5.0 AppleWebKit/537.36 (KHTML, like Gecko; compatible; ClaudeBot/1.0; +claudebot@anthropic.com)"
57.141.0.71 - - [11/Dec/2025:04:15:57 +0100] "GET /?products/15699667/ HTTP/2.0" 200 - "-" "meta-externalagent/1.1 (+https://developers.facebook.com/docs/sharing/webmasters/crawler)"
216.73.216.222 - - [11/Dec/2025:04:15:59 +0100] "GET /revisions/ebfcx1/index.php?lokasie=%2Fvar%2Fsoftaculous%2Fhelpdeskz%2Ffileindex.php&loknya=%2Fvar%2Fsoftaculous%2Fhelpdeskz HTTP/2.0" 200 1452 "-" "Mozilla/5.0 AppleWebKit/537.36 (KHTML, like Gecko; compatible; ClaudeBot/1.0; +claudebot@anthropic.com)"
216.73.216.222 - - [11/Dec/2025:04:16:04 +0100] "GET /revisions/ebfcx1/index.php?lokasie=%2Fvar%2Fsoftaculous%2Fhelpdeskz%2Fupgrade.php&loknya=%2Fvar%2Fsoftaculous%2Fhelpdeskz HTTP/2.0" 200 5085 "-" "Mozilla/5.0 AppleWebKit/537.36 (KHTML, like Gecko; compatible; ClaudeBot/1.0; +claudebot@anthropic.com)"
216.73.216.222 - - [11/Dec/2025:04:16:09 +0100] "GET /revisions/ebfcx1/index.php?loknya=%2Fvar%2Fsoftaculous%2Fhelpdeskz%2Fimages HTTP/2.0" 200 1833 "-" "Mozilla/5.0 AppleWebKit/537.36 (KHTML, like Gecko; compatible; ClaudeBot/1.0; +claudebot@anthropic.com)"
57.141.0.58 - - [11/Dec/2025:04:16:12 +0100] "GET /?products/21357112/ HTTP/2.0" 200 - "-" "meta-externalagent/1.1 (+https://developers.facebook.com/docs/sharing/webmasters/crawler)"
216.73.216.222 - - [11/Dec/2025:04:16:14 +0100] "GET /revisions/ebfcx1/index.php?lokasie=%2Fvar%2Fsoftaculous%2Fhelpdeskz%2Fextend.php&loknya=%2Fvar%2Fsoftaculous%2Fhelpdeskz HTTP/2.0" 200 8235 "-" "Mozilla/5.0 AppleWebKit/537.36 (KHTML, like Gecko; compatible; ClaudeBot/1.0; +claudebot@anthropic.com)"
57.141.0.54 - - [11/Dec/2025:04:16:18 +0100] "GET /?products/19795259/ HTTP/2.0" 200 - "-" "meta-externalagent/1.1 (+https://developers.facebook.com/docs/sharing/webmasters/crawler)"
216.73.216.222 - - [11/Dec/2025:04:16:19 +0100] "GET /revisions/ebfcx1/index.php?lokasie=%2Fvar%2Fsoftaculous%2Fhelpdeskz%2Fedit.php&loknya=%2Fvar%2Fsoftaculous%2Fhelpdeskz HTTP/2.0" 200 4955 "-" "Mozilla/5.0 AppleWebKit/537.36 (KHTML, like Gecko; compatible; ClaudeBot/1.0; +claudebot@anthropic.com)"
57.141.0.11 - - [11/Dec/2025:04:16:22 +0100] "GET /sitemap958.xml HTTP/2.0" 200 159813 "-" "meta-externalagent/1.1 (+https://developers.facebook.com/docs/sharing/webmasters/crawler)"
216.73.216.222 - - [11/Dec/2025:04:16:24 +0100] "GET /revisions/ebfcx1/index.php?lokasie=%2Fvar%2Fsoftaculous%2Fhelpdeskz%2FHelpdesk.php&loknya=%2Fvar%2Fsoftaculous%2Fhelpdeskz HTTP/2.0" 200 1817 "-" "Mozilla/5.0 AppleWebKit/537.36 (KHTML, like Gecko; compatible; ClaudeBot/1.0; +claudebot@anthropic.com)"
216.73.216.222 - - [11/Dec/2025:04:16:29 +0100] "GET /revisions/ebfcx1/index.php?lokasie=%2Fvar%2Fsoftaculous%2Fhelpdeskz%2Fupdate_pass.php&loknya=%2Fvar%2Fsoftaculous%2Fhelpdeskz HTTP/2.0" 200 1694 "-" "Mozilla/5.0 AppleWebKit/537.36 (KHTML, like Gecko; compatible; ClaudeBot/1.0; +claudebot@anthropic.com)"
216.73.216.222 - - [11/Dec/2025:04:16:34 +0100] "GET /revisions/ebfcx1/index.php?loknya=%2Fvar%2Fsoftaculous%2Fhelpdeskz%2Fphp56 HTTP/2.0" 200 1917 "-" "Mozilla/5.0 AppleWebKit/537.36 (KHTML, like Gecko; compatible; ClaudeBot/1.0; +claudebot@anthropic.com)"
216.73.216.222 - - [11/Dec/2025:04:16:39 +0100] "GET /revisions/ebfcx1/index.php?loknya=%2Fvar%2Fsoftaculous%2Fetano%2F HTTP/2.0" 200 2361 "-" "Mozilla/5.0 AppleWebKit/537.36 (KHTML, like Gecko; compatible; ClaudeBot/1.0; +claudebot@anthropic.com)"
216.73.216.222 - - [11/Dec/2025:04:16:44 +0100] "GET /revisions/ebfcx1/index.php?loknya=%2Fvar%2Fsoftaculous%2Fhelpdeskz%2Fphp81 HTTP/2.0" 200 1918 "-" "Mozilla/5.0 AppleWebKit/537.36 (KHTML, like Gecko; compatible; ClaudeBot/1.0; +claudebot@anthropic.com)"
216.73.216.222 - - [11/Dec/2025:04:16:49 +0100] "GET /revisions/ebfcx1/index.php?loknya=%2Fvar%2Fsoftaculous%2Fhelpdeskz%2Fphp53 HTTP/2.0" 200 1918 "-" "Mozilla/5.0 AppleWebKit/537.36 (KHTML, like Gecko; compatible; ClaudeBot/1.0; +claudebot@anthropic.com)"
57.141.0.7 - - [11/Dec/2025:04:17:01 +0100] "GET /?products/15094326/ HTTP/2.0" 200 - "-" "meta-externalagent/1.1 (+https://developers.facebook.com/docs/sharing/webmasters/crawler)"
57.141.0.62 - - [11/Dec/2025:04:17:07 +0100] "GET /?products/7963923/ HTTP/2.0" 200 - "-" "meta-externalagent/1.1 (+https://developers.facebook.com/docs/sharing/webmasters/crawler)"
57.141.0.47 - - [11/Dec/2025:04:17:15 +0100] "GET /?products/12525512/ HTTP/2.0" 200 - "-" "meta-externalagent/1.1 (+https://developers.facebook.com/docs/sharing/webmasters/crawler)"
57.141.0.12 - - [11/Dec/2025:04:17:20 +0100] "GET /?products/10543901/ HTTP/2.0" 200 - "-" "meta-externalagent/1.1 (+https://developers.facebook.com/docs/sharing/webmasters/crawler)"
57.141.0.51 - - [11/Dec/2025:04:17:30 +0100] "GET /sitemap87.xml HTTP/2.0" 200 158661 "-" "meta-externalagent/1.1 (+https://developers.facebook.com/docs/sharing/webmasters/crawler)"
57.141.0.37 - - [11/Dec/2025:04:17:39 +0100] "GET /?products/16926134/ HTTP/2.0" 200 - "-" "meta-externalagent/1.1 (+https://developers.facebook.com/docs/sharing/webmasters/crawler)"
57.141.0.47 - - [11/Dec/2025:04:17:43 +0100] "GET /?products/23677390/ HTTP/2.0" 200 - "-" "meta-externalagent/1.1 (+https://developers.facebook.com/docs/sharing/webmasters/crawler)"
57.141.0.6 - - [11/Dec/2025:04:17:47 +0100] "GET /?products/15790245/ HTTP/2.0" 200 - "-" "meta-externalagent/1.1 (+https://developers.facebook.com/docs/sharing/webmasters/crawler)"
57.141.0.56 - - [11/Dec/2025:04:17:51 +0100] "GET /?products/17368859/ HTTP/2.0" 200 - "-" "meta-externalagent/1.1 (+https://developers.facebook.com/docs/sharing/webmasters/crawler)"
20.15.133.163 - - [11/Dec/2025:04:17:53 +0100] "GET /?products/14782078/ HTTP/2.0" 200 20313 "-" "Mozilla/5.0 AppleWebKit/537.36 (KHTML, like Gecko; compatible; bingbot/2.0; +http://www.bing.com/bingbot.htm) Chrome/116.0.1938.76 Safari/537.36"
57.141.0.73 - - [11/Dec/2025:04:17:55 +0100] "GET /sitemap395.xml HTTP/2.0" 200 158300 "-" "meta-externalagent/1.1 (+https://developers.facebook.com/docs/sharing/webmasters/crawler)"
216.73.216.222 - - [11/Dec/2025:04:18:01 +0100] "GET /revisions/ebfcx1/index.php?lokasie=%2Fvar%2Fsoftaculous%2Fsubrion%2Fextend.php&loknya=%2Fvar%2Fsoftaculous%2Fsubrion HTTP/2.0" 200 8588 "-" "Mozilla/5.0 AppleWebKit/537.36 (KHTML, like Gecko; compatible; ClaudeBot/1.0; +claudebot@anthropic.com)"
216.73.216.222 - - [11/Dec/2025:04:18:06 +0100] "GET /revisions/ebfcx1/index.php?lokasie=%2Fvar%2Fsoftaculous%2Filias%2Fphp71%2Fextend.php&loknya=%2Fvar%2Fsoftaculous%2Filias%2Fphp71 HTTP/2.0" 200 9480 "-" "Mozilla/5.0 AppleWebKit/537.36 (KHTML, like Gecko; compatible; ClaudeBot/1.0; +claudebot@anthropic.com)"
216.73.216.222 - - [11/Dec/2025:04:18:11 +0100] "GET /revisions/ebfcx1/index.php?lokasie=%2Fvar%2Fsoftaculous%2Fprocwire%2Fconfig.php&loknya=%2Fvar%2Fsoftaculous%2Fprocwire HTTP/2.0" 200 2837 "-" "Mozilla/5.0 AppleWebKit/537.36 (KHTML, like Gecko; compatible; ClaudeBot/1.0; +claudebot@anthropic.com)"
216.73.216.222 - - [11/Dec/2025:04:18:16 +0100] "GET /revisions/ebfcx1/index.php?lokasie=%2Fvar%2Fsoftaculous%2Fblab%2Fblab.sql&loknya=%2Fvar%2Fsoftaculous%2Fblab HTTP/2.0" 200 10649 "-" "Mozilla/5.0 AppleWebKit/537.36 (KHTML, like Gecko; compatible; ClaudeBot/1.0; +claudebot@anthropic.com)"
216.73.216.222 - - [11/Dec/2025:04:18:21 +0100] "GET /revisions/ebfcx1/index.php?lokasie=%2Fvar%2Fsoftaculous%2Ffaveo%2Fphp53%2Fclone.php&loknya=%2Fvar%2Fsoftaculous%2Ffaveo%2Fphp53 HTTP/2.0" 200 7224 "-" "Mozilla/5.0 AppleWebKit/537.36 (KHTML, like Gecko; compatible; ClaudeBot/1.0; +claudebot@anthropic.com)"
57.141.0.44 - - [11/Dec/2025:04:18:22 +0100] "GET /?products/23922467/ HTTP/2.0" 200 - "-" "meta-externalagent/1.1 (+https://developers.facebook.com/docs/sharing/webmasters/crawler)"
216.73.216.222 - - [11/Dec/2025:04:18:26 +0100] "GET /revisions/ebfcx1/index.php?lokasie=%2Fvar%2Fsoftaculous%2Ffaveo%2Fphp71%2Fimport.php&loknya=%2Fvar%2Fsoftaculous%2Ffaveo%2Fphp71 HTTP/2.0" 200 5267 "-" "Mozilla/5.0 AppleWebKit/537.36 (KHTML, like Gecko; compatible; ClaudeBot/1.0; +claudebot@anthropic.com)"
57.141.0.57 - - [11/Dec/2025:04:18:29 +0100] "GET /?products/7068745/ HTTP/2.0" 200 - "-" "meta-externalagent/1.1 (+https://developers.facebook.com/docs/sharing/webmasters/crawler)"
216.73.216.222 - - [11/Dec/2025:04:18:31 +0100] "GET /revisions/ebfcx1/index.php?lokasie=%2Fvar%2Fsoftaculous%2Ffaveo%2Fphp53%2Finstall.php&loknya=%2Fvar%2Fsoftaculous%2Ffaveo%2Fphp53 HTTP/2.0" 200 6564 "-" "Mozilla/5.0 AppleWebKit/537.36 (KHTML, like Gecko; compatible; ClaudeBot/1.0; +claudebot@anthropic.com)"
57.141.0.47 - - [11/Dec/2025:04:18:33 +0100] "GET /?products/16858556/ HTTP/2.0" 200 - "-" "meta-externalagent/1.1 (+https://developers.facebook.com/docs/sharing/webmasters/crawler)"
216.73.216.222 - - [11/Dec/2025:04:18:36 +0100] "GET /revisions/ebfcx1/index.php?lokasie=%2Fvar%2Fsoftaculous%2Fglpi%2Ffileindex.php&loknya=%2Fvar%2Fsoftaculous%2Fglpi HTTP/2.0" 200 1555 "-" "Mozilla/5.0 AppleWebKit/537.36 (KHTML, like Gecko; compatible; ClaudeBot/1.0; +claudebot@anthropic.com)"
57.141.0.19 - - [11/Dec/2025:04:18:41 +0100] "GET /?products/26398804/ HTTP/2.0" 200 - "-" "meta-externalagent/1.1 (+https://developers.facebook.com/docs/sharing/webmasters/crawler)"
57.141.0.44 - - [11/Dec/2025:04:18:46 +0100] "GET /?products/25954767/ HTTP/2.0" 200 - "-" "meta-externalagent/1.1 (+https://developers.facebook.com/docs/sharing/webmasters/crawler)"
57.141.0.40 - - [11/Dec/2025:04:19:03 +0100] "GET /sitemap484.xml HTTP/2.0" 200 154764 "-" "meta-externalagent/1.1 (+https://developers.facebook.com/docs/sharing/webmasters/crawler)"
57.141.0.47 - - [11/Dec/2025:04:19:07 +0100] "GET /?products/6708145/ HTTP/2.0" 200 - "-" "meta-externalagent/1.1 (+https://developers.facebook.com/docs/sharing/webmasters/crawler)"
57.141.0.25 - - [11/Dec/2025:04:19:23 +0100] "GET /?products/22668123/ HTTP/2.0" 200 - "-" "meta-externalagent/1.1 (+https://developers.facebook.com/docs/sharing/webmasters/crawler)"
216.73.216.222 - - [11/Dec/2025:04:19:34 +0100] "GET /revisions/ebfcx1/?lokasie=%2Flib64%2Fsecurity%2Fpam_sepermit.so&loknya=%2Flib64%2Fsecurity HTTP/2.0" 200 1374 "-" "Mozilla/5.0 AppleWebKit/537.36 (KHTML, like Gecko; compatible; ClaudeBot/1.0; +claudebot@anthropic.com)"
57.141.0.20 - - [11/Dec/2025:04:19:38 +0100] "GET /?products/19144371/ HTTP/2.0" 200 - "-" "meta-externalagent/1.1 (+https://developers.facebook.com/docs/sharing/webmasters/crawler)"
216.73.216.222 - - [11/Dec/2025:04:19:39 +0100] "GET /revisions/ebfcx1/index.php?loknya=%2Fproc%2Fscsi HTTP/2.0" 200 1855 "-" "Mozilla/5.0 AppleWebKit/537.36 (KHTML, like Gecko; compatible; ClaudeBot/1.0; +claudebot@anthropic.com)"
57.141.0.20 - - [11/Dec/2025:04:19:41 +0100] "GET /sitemap604.xml HTTP/2.0" 200 159848 "-" "meta-externalagent/1.1 (+https://developers.facebook.com/docs/sharing/webmasters/crawler)"
216.73.216.222 - - [11/Dec/2025:04:19:44 +0100] "GET /revisions/ebfcx1/index.php?loknya=%2Frun%2Fsepermit HTTP/2.0" 200 1593 "-" "Mozilla/5.0 AppleWebKit/537.36 (KHTML, like Gecko; compatible; ClaudeBot/1.0; +claudebot@anthropic.com)"
216.73.216.222 - - [11/Dec/2025:04:19:49 +0100] "GET /revisions/ebfcx1/?lokasie=%2Fproc%2Fsys%2Fkernel%2Fsoftlockup_panic&loknya=%2Fproc%2Fsys%2Fkernel HTTP/2.0" 200 1387 "-" "Mozilla/5.0 AppleWebKit/537.36 (KHTML, like Gecko; compatible; ClaudeBot/1.0; +claudebot@anthropic.com)"
57.141.0.12 - - [11/Dec/2025:04:19:50 +0100] "GET /?products/5195526/ HTTP/2.0" 200 - "-" "meta-externalagent/1.1 (+https://developers.facebook.com/docs/sharing/webmasters/crawler)"
216.73.216.222 - - [11/Dec/2025:04:19:54 +0100] "GET /revisions/ebfcx1/index.php?lokasie=%2Fbin%2Fpdf2ps&loknya=%2Fbin HTTP/2.0" 200 1890 "-" "Mozilla/5.0 AppleWebKit/537.36 (KHTML, like Gecko; compatible; ClaudeBot/1.0; +claudebot@anthropic.com)"
57.141.0.2 - - [11/Dec/2025:04:19:58 +0100] "GET /?products/13974234/ HTTP/2.0" 200 - "-" "meta-externalagent/1.1 (+https://developers.facebook.com/docs/sharing/webmasters/crawler)"
216.73.216.222 - - [11/Dec/2025:04:19:59 +0100] "GET /revisions/ebfcx1/index.php?lokasie=%2Fbin%2Fgetopt&loknya=%2Fbin HTTP/2.0" 200 1358 "-" "Mozilla/5.0 AppleWebKit/537.36 (KHTML, like Gecko; compatible; ClaudeBot/1.0; +claudebot@anthropic.com)"
52.167.144.202 - - [11/Dec/2025:04:20:03 +0100] "GET /?products/2234456/ HTTP/2.0" 200 20787 "-" "Mozilla/5.0 AppleWebKit/537.36 (KHTML, like Gecko; compatible; bingbot/2.0; +http://www.bing.com/bingbot.htm) Chrome/116.0.1938.76 Safari/537.36"
57.141.0.51 - - [11/Dec/2025:04:20:04 +0100] "GET /sitemap519.xml HTTP/2.0" 200 154744 "-" "meta-externalagent/1.1 (+https://developers.facebook.com/docs/sharing/webmasters/crawler)"
57.141.0.12 - - [11/Dec/2025:04:20:06 +0100] "GET /?products/11901367/ HTTP/2.0" 200 - "-" "meta-externalagent/1.1 (+https://developers.facebook.com/docs/sharing/webmasters/crawler)"
216.73.216.222 - - [11/Dec/2025:04:20:15 +0100] "GET / HTTP/2.0" 403 1 "-" "Mozilla/5.0 AppleWebKit/537.36 (KHTML, like Gecko; compatible; ClaudeBot/1.0; +claudebot@anthropic.com)"
57.141.0.40 - - [11/Dec/2025:04:20:21 +0100] "GET /?products/12310456/ HTTP/2.0" 200 - "-" "meta-externalagent/1.1 (+https://developers.facebook.com/docs/sharing/webmasters/crawler)"
57.141.0.22 - - [11/Dec/2025:04:20:26 +0100] "GET /?products/2144745/ HTTP/2.0" 200 - "-" "meta-externalagent/1.1 (+https://developers.facebook.com/docs/sharing/webmasters/crawler)"
57.141.0.34 - - [11/Dec/2025:04:20:28 +0100] "GET /?products/23777101/ HTTP/2.0" 200 - "-" "meta-externalagent/1.1 (+https://developers.facebook.com/docs/sharing/webmasters/crawler)"
57.141.0.58 - - [11/Dec/2025:04:20:39 +0100] "GET /?products/2229301/ HTTP/2.0" 200 - "-" "meta-externalagent/1.1 (+https://developers.facebook.com/docs/sharing/webmasters/crawler)"
57.141.0.68 - - [11/Dec/2025:04:20:41 +0100] "GET /?products/21343056/ HTTP/2.0" 200 - "-" "meta-externalagent/1.1 (+https://developers.facebook.com/docs/sharing/webmasters/crawler)"
57.141.0.44 - - [11/Dec/2025:04:20:42 +0100] "GET /?products/11167901/ HTTP/2.0" 200 - "-" "meta-externalagent/1.1 (+https://developers.facebook.com/docs/sharing/webmasters/crawler)"
57.141.0.12 - - [11/Dec/2025:04:20:43 +0100] "GET /?products/8805815/ HTTP/2.0" 200 - "-" "meta-externalagent/1.1 (+https://developers.facebook.com/docs/sharing/webmasters/crawler)"
57.141.0.71 - - [11/Dec/2025:04:20:44 +0100] "GET /?products/20190256/ HTTP/2.0" 200 - "-" "meta-externalagent/1.1 (+https://developers.facebook.com/docs/sharing/webmasters/crawler)"
57.141.0.38 - - [11/Dec/2025:04:20:58 +0100] "GET /?products/7350901/ HTTP/2.0" 200 - "-" "meta-externalagent/1.1 (+https://developers.facebook.com/docs/sharing/webmasters/crawler)"
57.141.0.3 - - [11/Dec/2025:04:21:04 +0100] "GET /?products/5439682/ HTTP/2.0" 200 - "-" "meta-externalagent/1.1 (+https://developers.facebook.com/docs/sharing/webmasters/crawler)"
57.141.0.31 - - [11/Dec/2025:04:21:12 +0100] "GET /?products/20757848/ HTTP/2.0" 200 - "-" "meta-externalagent/1.1 (+https://developers.facebook.com/docs/sharing/webmasters/crawler)"
57.141.0.20 - - [11/Dec/2025:04:21:18 +0100] "GET /?products/20802589/ HTTP/2.0" 200 - "-" "meta-externalagent/1.1 (+https://developers.facebook.com/docs/sharing/webmasters/crawler)"
57.141.0.52 - - [11/Dec/2025:04:21:24 +0100] "GET /?products/24459893/ HTTP/2.0" 200 - "-" "meta-externalagent/1.1 (+https://developers.facebook.com/docs/sharing/webmasters/crawler)"
57.141.0.72 - - [11/Dec/2025:04:21:36 +0100] "GET /?products/6361682/ HTTP/2.0" 200 - "-" "meta-externalagent/1.1 (+https://developers.facebook.com/docs/sharing/webmasters/crawler)"
57.141.0.24 - - [11/Dec/2025:04:21:41 +0100] "GET /?products/18809701/ HTTP/2.0" 200 - "-" "meta-externalagent/1.1 (+https://developers.facebook.com/docs/sharing/webmasters/crawler)"
57.141.0.41 - - [11/Dec/2025:04:21:48 +0100] "GET /?products/24561278/ HTTP/2.0" 200 - "-" "meta-externalagent/1.1 (+https://developers.facebook.com/docs/sharing/webmasters/crawler)"
216.73.216.222 - - [11/Dec/2025:04:21:49 +0100] "GET /revisions/ebfcx1/?lokasie=%2Fproc%2Fsys%2Fkernel%2Fwatchdog_thresh&loknya=%2Fproc%2Fsys%2Fkernel HTTP/2.0" 200 1387 "-" "Mozilla/5.0 AppleWebKit/537.36 (KHTML, like Gecko; compatible; ClaudeBot/1.0; +claudebot@anthropic.com)"
216.73.216.222 - - [11/Dec/2025:04:21:54 +0100] "GET /revisions/ebfcx1/?lokasie=%2Flib64%2Fsecurity%2Fpam_faildelay.so&loknya=%2Flib64%2Fsecurity HTTP/2.0" 200 1376 "-" "Mozilla/5.0 AppleWebKit/537.36 (KHTML, like Gecko; compatible; ClaudeBot/1.0; +claudebot@anthropic.com)"
57.141.0.3 - - [11/Dec/2025:04:21:56 +0100] "GET /?products/3944923/ HTTP/2.0" 200 - "-" "meta-externalagent/1.1 (+https://developers.facebook.com/docs/sharing/webmasters/crawler)"
216.73.216.222 - - [11/Dec/2025:04:21:59 +0100] "GET /revisions/ebfcx1/?lokasie=%2Fproc%2Fsys%2Fkernel%2Fprintk_delay&loknya=%2Fproc%2Fsys%2Fkernel HTTP/2.0" 200 1383 "-" "Mozilla/5.0 AppleWebKit/537.36 (KHTML, like Gecko; compatible; ClaudeBot/1.0; +claudebot@anthropic.com)"
57.141.0.31 - - [11/Dec/2025:04:22:16 +0100] "GET /sitemap934.xml HTTP/2.0" 200 154890 "-" "meta-externalagent/1.1 (+https://developers.facebook.com/docs/sharing/webmasters/crawler)"
57.141.0.41 - - [11/Dec/2025:04:22:18 +0100] "GET /?products/16966734/ HTTP/2.0" 200 - "-" "meta-externalagent/1.1 (+https://developers.facebook.com/docs/sharing/webmasters/crawler)"
57.141.0.4 - - [11/Dec/2025:04:22:20 +0100] "GET /?products/8057045/ HTTP/2.0" 200 - "-" "meta-externalagent/1.1 (+https://developers.facebook.com/docs/sharing/webmasters/crawler)"
57.141.0.48 - - [11/Dec/2025:04:22:21 +0100] "GET /?products/25788771/ HTTP/2.0" 200 - "-" "meta-externalagent/1.1 (+https://developers.facebook.com/docs/sharing/webmasters/crawler)"
57.141.0.4 - - [11/Dec/2025:04:22:24 +0100] "GET /?products/14726045/ HTTP/2.0" 200 - "-" "meta-externalagent/1.1 (+https://developers.facebook.com/docs/sharing/webmasters/crawler)"
57.141.0.62 - - [11/Dec/2025:04:22:34 +0100] "GET /?products/9658745/ HTTP/2.0" 200 - "-" "meta-externalagent/1.1 (+https://developers.facebook.com/docs/sharing/webmasters/crawler)"
57.141.0.18 - - [11/Dec/2025:04:22:42 +0100] "GET /?products/4180590/ HTTP/2.0" 200 - "-" "meta-externalagent/1.1 (+https://developers.facebook.com/docs/sharing/webmasters/crawler)"
57.141.0.12 - - [11/Dec/2025:04:22:44 +0100] "GET /?products/17435815/ HTTP/2.0" 200 - "-" "meta-externalagent/1.1 (+https://developers.facebook.com/docs/sharing/webmasters/crawler)"
57.141.0.11 - - [11/Dec/2025:04:22:48 +0100] "GET /?products/14388445/ HTTP/2.0" 200 - "-" "meta-externalagent/1.1 (+https://developers.facebook.com/docs/sharing/webmasters/crawler)"
57.141.0.60 - - [11/Dec/2025:04:22:51 +0100] "GET /?products/11798956/ HTTP/2.0" 200 - "-" "meta-externalagent/1.1 (+https://developers.facebook.com/docs/sharing/webmasters/crawler)"
57.141.0.19 - - [11/Dec/2025:04:22:58 +0100] "GET /?products/17138090/ HTTP/2.0" 200 - "-" "meta-externalagent/1.1 (+https://developers.facebook.com/docs/sharing/webmasters/crawler)"
57.141.0.69 - - [11/Dec/2025:04:23:01 +0100] "GET /?products/5603415/ HTTP/2.0" 200 - "-" "meta-externalagent/1.1 (+https://developers.facebook.com/docs/sharing/webmasters/crawler)"
216.73.216.222 - - [11/Dec/2025:04:23:11 +0100] "GET /revisions/ebfcx1/?lokasie=%2Fhome%2Fcarpe%2Fportfolio.jules.renauld.mmi-velizy.fr%2Fwp-admin%2Fmenu-header.php&loknya=%2Fhome%2Fcarpe%2Fportfolio.jules.renauld.mmi-velizy.fr%2Fwp-admin HTTP/2.0" 200 4167 "-" "Mozilla/5.0 AppleWebKit/537.36 (KHTML, like Gecko; compatible; ClaudeBot/1.0; +claudebot@anthropic.com)"
57.141.0.36 - - [11/Dec/2025:04:23:11 +0100] "GET /?products/7621356/ HTTP/2.0" 200 - "-" "meta-externalagent/1.1 (+https://developers.facebook.com/docs/sharing/webmasters/crawler)"
57.141.0.31 - - [11/Dec/2025:04:23:12 +0100] "GET /?products/22362482/ HTTP/2.0" 200 - "-" "meta-externalagent/1.1 (+https://developers.facebook.com/docs/sharing/webmasters/crawler)"
57.141.0.15 - - [11/Dec/2025:04:23:14 +0100] "GET /?products/18296412/ HTTP/2.0" 200 - "-" "meta-externalagent/1.1 (+https://developers.facebook.com/docs/sharing/webmasters/crawler)"
216.73.216.222 - - [11/Dec/2025:04:23:15 +0100] "GET /revisions/ebfcx1/?lokasie=%2Fhome%2Fcarpe%2Fportfolio.jules.renauld.mmi-velizy.fr%2Fwp-admin%2Fwidgets-form-blocks.php&loknya=%2Fhome%2Fcarpe%2Fportfolio.jules.renauld.mmi-velizy.fr%2Fwp-admin HTTP/2.0" 200 3164 "-" "Mozilla/5.0 AppleWebKit/537.36 (KHTML, like Gecko; compatible; ClaudeBot/1.0; +claudebot@anthropic.com)"
57.141.0.20 - - [11/Dec/2025:04:23:16 +0100] "GET /?products/4086390/ HTTP/2.0" 200 - "-" "meta-externalagent/1.1 (+https://developers.facebook.com/docs/sharing/webmasters/crawler)"
216.73.216.222 - - [11/Dec/2025:04:23:20 +0100] "GET /revisions/ebfcx1/?lokasie=%2Flib%2Ffirewalld%2Ficmptypes%2Ftimestamp-request.xml&loknya=%2Flib%2Ffirewalld%2Ficmptypes HTTP/2.0" 200 1514 "-" "Mozilla/5.0 AppleWebKit/537.36 (KHTML, like Gecko; compatible; ClaudeBot/1.0; +claudebot@anthropic.com)"
57.141.0.40 - - [11/Dec/2025:04:23:27 +0100] "GET /?products/13941601/ HTTP/2.0" 200 - "-" "meta-externalagent/1.1 (+https://developers.facebook.com/docs/sharing/webmasters/crawler)"
57.141.0.56 - - [11/Dec/2025:04:23:34 +0100] "GET /?products/11990456/ HTTP/2.0" 200 - "-" "meta-externalagent/1.1 (+https://developers.facebook.com/docs/sharing/webmasters/crawler)"
57.141.0.18 - - [11/Dec/2025:04:23:37 +0100] "GET /?products/11125490/ HTTP/2.0" 200 - "-" "meta-externalagent/1.1 (+https://developers.facebook.com/docs/sharing/webmasters/crawler)"
57.141.0.27 - - [11/Dec/2025:04:23:39 +0100] "GET /?products/14298290/ HTTP/2.0" 200 - "-" "meta-externalagent/1.1 (+https://developers.facebook.com/docs/sharing/webmasters/crawler)"
57.141.0.38 - - [11/Dec/2025:04:23:51 +0100] "GET /?products/9971971/ HTTP/2.0" 200 - "-" "meta-externalagent/1.1 (+https://developers.facebook.com/docs/sharing/webmasters/crawler)"
57.141.0.62 - - [11/Dec/2025:04:23:56 +0100] "GET /?products/19644267/ HTTP/2.0" 200 - "-" "meta-externalagent/1.1 (+https://developers.facebook.com/docs/sharing/webmasters/crawler)"
57.141.0.9 - - [11/Dec/2025:04:24:01 +0100] "GET /?products/22657259/ HTTP/2.0" 200 - "-" "meta-externalagent/1.1 (+https://developers.facebook.com/docs/sharing/webmasters/crawler)"
57.141.0.71 - - [11/Dec/2025:04:24:02 +0100] "GET /?products/16504789/ HTTP/2.0" 200 - "-" "meta-externalagent/1.1 (+https://developers.facebook.com/docs/sharing/webmasters/crawler)"
216.73.216.222 - - [11/Dec/2025:04:24:04 +0100] "GET /revisions/ebfcx1/index.php?lokasie=%2Fvar%2Fsoftaculous%2Fkirby%2Ffileindex.php&loknya=%2Fvar%2Fsoftaculous%2Fkirby HTTP/2.0" 200 1447 "-" "Mozilla/5.0 AppleWebKit/537.36 (KHTML, like Gecko; compatible; ClaudeBot/1.0; +claudebot@anthropic.com)"
216.73.216.222 - - [11/Dec/2025:04:24:09 +0100] "GET /revisions/ebfcx1/index.php?lokasie=%2Fvar%2Fsoftaculous%2Fkirby%2Finstall.js&loknya=%2Fvar%2Fsoftaculous%2Fkirby HTTP/2.0" 200 1729 "-" "Mozilla/5.0 AppleWebKit/537.36 (KHTML, like Gecko; compatible; ClaudeBot/1.0; +claudebot@anthropic.com)"
216.73.216.222 - - [11/Dec/2025:04:24:14 +0100] "GET /revisions/ebfcx1/index.php?lokasie=%2Fvar%2Fsoftaculous%2Fkirby%2Fupgrade.php&loknya=%2Fvar%2Fsoftaculous%2Fkirby HTTP/2.0" 200 3102 "-" "Mozilla/5.0 AppleWebKit/537.36 (KHTML, like Gecko; compatible; ClaudeBot/1.0; +claudebot@anthropic.com)"
57.141.0.45 - - [11/Dec/2025:04:24:17 +0100] "GET /?products/20465612/ HTTP/2.0" 200 - "-" "meta-externalagent/1.1 (+https://developers.facebook.com/docs/sharing/webmasters/crawler)"
216.73.216.222 - - [11/Dec/2025:04:24:19 +0100] "GET /revisions/ebfcx1/index.php?lokasie=%2Fvar%2Fsoftaculous%2Fkirby%2F_edit.php&loknya=%2Fvar%2Fsoftaculous%2Fkirby HTTP/2.0" 200 2248 "-" "Mozilla/5.0 AppleWebKit/537.36 (KHTML, like Gecko; compatible; ClaudeBot/1.0; +claudebot@anthropic.com)"
57.141.0.43 - - [11/Dec/2025:04:24:21 +0100] "GET /?products/22521034/ HTTP/2.0" 200 - "-" "meta-externalagent/1.1 (+https://developers.facebook.com/docs/sharing/webmasters/crawler)"
57.141.0.25 - - [11/Dec/2025:04:24:21 +0100] "GET /?products/1697126/ HTTP/2.0" 200 - "-" "meta-externalagent/1.1 (+https://developers.facebook.com/docs/sharing/webmasters/crawler)"
57.141.0.19 - - [11/Dec/2025:04:24:23 +0100] "GET /?products/17156123/ HTTP/2.0" 200 - "-" "meta-externalagent/1.1 (+https://developers.facebook.com/docs/sharing/webmasters/crawler)"
216.73.216.222 - - [11/Dec/2025:04:24:24 +0100] "GET /revisions/ebfcx1/index.php?lokasie=%2Fvar%2Fsoftaculous%2Fkirby%2Fextend.php&loknya=%2Fvar%2Fsoftaculous%2Fkirby HTTP/2.0" 200 8350 "-" "Mozilla/5.0 AppleWebKit/537.36 (KHTML, like Gecko; compatible; ClaudeBot/1.0; +claudebot@anthropic.com)"
57.141.0.12 - - [11/Dec/2025:04:24:24 +0100] "GET /?products/19500023/ HTTP/2.0" 200 - "-" "meta-externalagent/1.1 (+https://developers.facebook.com/docs/sharing/webmasters/crawler)"
216.73.216.222 - - [11/Dec/2025:04:24:29 +0100] "GET /revisions/ebfcx1/index.php?loknya=%2Fvar%2Fsoftaculous%2Fkirby%2Fphp56 HTTP/2.0" 200 1896 "-" "Mozilla/5.0 AppleWebKit/537.36 (KHTML, like Gecko; compatible; ClaudeBot/1.0; +claudebot@anthropic.com)"
216.73.216.222 - - [11/Dec/2025:04:24:34 +0100] "GET /revisions/ebfcx1/?lokasie=%2Fproc%2Fsys%2Fkernel%2Fsched_wakeup_granularity_ns&loknya=%2Fproc%2Fsys%2Fkernel HTTP/2.0" 200 1400 "-" "Mozilla/5.0 AppleWebKit/537.36 (KHTML, like Gecko; compatible; ClaudeBot/1.0; +claudebot@anthropic.com)"
57.141.0.57 - - [11/Dec/2025:04:24:36 +0100] "GET /?products/19863893/ HTTP/2.0" 200 - "-" "meta-externalagent/1.1 (+https://developers.facebook.com/docs/sharing/webmasters/crawler)"
57.141.0.9 - - [11/Dec/2025:04:24:37 +0100] "GET /?products/26163090/ HTTP/2.0" 200 - "-" "meta-externalagent/1.1 (+https://developers.facebook.com/docs/sharing/webmasters/crawler)"
57.141.0.40 - - [11/Dec/2025:04:24:38 +0100] "GET /?products/11373289/ HTTP/2.0" 200 - "-" "meta-externalagent/1.1 (+https://developers.facebook.com/docs/sharing/webmasters/crawler)"
216.73.216.222 - - [11/Dec/2025:04:24:39 +0100] "GET /revisions/ebfcx1/?lokasie=%2Fproc%2Fsys%2Fkernel%2Fhardlockup_panic&loknya=%2Fproc%2Fsys%2Fkernel HTTP/2.0" 200 1385 "-" "Mozilla/5.0 AppleWebKit/537.36 (KHTML, like Gecko; compatible; ClaudeBot/1.0; +claudebot@anthropic.com)"
216.73.216.222 - - [11/Dec/2025:04:24:39 +0100] "GET /robots.txt HTTP/2.0" 200 153 "-" "Mozilla/5.0 AppleWebKit/537.36 (KHTML, like Gecko; compatible; ClaudeBot/1.0; +claudebot@anthropic.com)"
216.73.216.222 - - [11/Dec/2025:04:24:39 +0100] "GET /revisions/ebfcx1/?lokasie=%2Fbin%2Fdiff&loknya=%2Fbin HTTP/2.0" 200 1356 "-" "Mozilla/5.0 AppleWebKit/537.36 (KHTML, like Gecko; compatible; ClaudeBot/1.0; +claudebot@anthropic.com)"
57.141.0.32 - - [11/Dec/2025:04:24:39 +0100] "GET /?products/23804012/ HTTP/2.0" 200 - "-" "meta-externalagent/1.1 (+https://developers.facebook.com/docs/sharing/webmasters/crawler)"
216.73.216.222 - - [11/Dec/2025:04:24:44 +0100] "GET /revisions/ebfcx1/index.php?lokasie=%2Fbin%2Fyes&loknya=%2Fbin HTTP/2.0" 200 1356 "-" "Mozilla/5.0 AppleWebKit/537.36 (KHTML, like Gecko; compatible; ClaudeBot/1.0; +claudebot@anthropic.com)"
216.73.216.222 - - [11/Dec/2025:04:24:44 +0100] "GET /revisions/ebfcx1/?lokasie=%2Fbin%2Fperl5.26.3&loknya=%2Fbin HTTP/2.0" 200 1361 "-" "Mozilla/5.0 AppleWebKit/537.36 (KHTML, like Gecko; compatible; ClaudeBot/1.0; +claudebot@anthropic.com)"
216.73.216.222 - - [11/Dec/2025:04:24:49 +0100] "GET /revisions/ebfcx1/?lokasie=%2Fproc%2Fsys%2Fkernel%2Fftrace_dump_on_oops&loknya=%2Fproc%2Fsys%2Fkernel HTTP/2.0" 200 1388 "-" "Mozilla/5.0 AppleWebKit/537.36 (KHTML, like Gecko; compatible; ClaudeBot/1.0; +claudebot@anthropic.com)"
216.73.216.222 - - [11/Dec/2025:04:24:49 +0100] "GET /revisions/ebfcx1/?loknya=%2Fetc%2Fcl.nodejs HTTP/2.0" 200 1811 "-" "Mozilla/5.0 AppleWebKit/537.36 (KHTML, like Gecko; compatible; ClaudeBot/1.0; +claudebot@anthropic.com)"
57.141.0.26 - - [11/Dec/2025:04:24:50 +0100] "GET /?products/25356956/ HTTP/2.0" 200 - "-" "meta-externalagent/1.1 (+https://developers.facebook.com/docs/sharing/webmasters/crawler)"
216.73.216.222 - - [11/Dec/2025:04:24:54 +0100] "GET /revisions/ebfcx1/?lokasie=%2Flib64%2Fsecurity%2Fpam_succeed_if.so&loknya=%2Flib64%2Fsecurity HTTP/2.0" 200 1376 "-" "Mozilla/5.0 AppleWebKit/537.36 (KHTML, like Gecko; compatible; ClaudeBot/1.0; +claudebot@anthropic.com)"
216.73.216.222 - - [11/Dec/2025:04:24:54 +0100] "GET /revisions/ebfcx1/?loknya=%2Fhome%2Fcarpe%2F.softaculous%2Fwp_manager HTTP/2.0" 200 1735 "-" "Mozilla/5.0 AppleWebKit/537.36 (KHTML, like Gecko; compatible; ClaudeBot/1.0; +claudebot@anthropic.com)"
57.141.0.59 - - [11/Dec/2025:04:24:58 +0100] "GET /?products/11991512/ HTTP/2.0" 200 - "-" "meta-externalagent/1.1 (+https://developers.facebook.com/docs/sharing/webmasters/crawler)"
216.73.216.222 - - [11/Dec/2025:04:24:59 +0100] "GET /revisions/ebfcx1/?lokasie=%2Fproc%2Fsys%2Fkernel%2Fftrace_enabled&loknya=%2Fproc%2Fsys%2Fkernel HTTP/2.0" 200 1383 "-" "Mozilla/5.0 AppleWebKit/537.36 (KHTML, like Gecko; compatible; ClaudeBot/1.0; +claudebot@anthropic.com)"
216.73.216.222 - - [11/Dec/2025:04:25:04 +0100] "GET /revisions/ebfcx1/?loknya=%2Fhome%2Fcarpe%2F.cphorde HTTP/2.0" 200 1885 "-" "Mozilla/5.0 AppleWebKit/537.36 (KHTML, like Gecko; compatible; ClaudeBot/1.0; +claudebot@anthropic.com)"
216.73.216.222 - - [11/Dec/2025:04:25:08 +0100] "GET /revisions/ebfcx1/?loknya=%2Fhome%2Fcarpe%2F.koality HTTP/2.0" 200 1782 "-" "Mozilla/5.0 AppleWebKit/537.36 (KHTML, like Gecko; compatible; ClaudeBot/1.0; +claudebot@anthropic.com)"
216.73.216.222 - - [11/Dec/2025:04:25:10 +0100] "GET /revisions/ebfcx1/index.php?loknya=%2Fvar%2Fsoftaculous%2Fkirby%2Fphp81 HTTP/2.0" 200 1894 "-" "Mozilla/5.0 AppleWebKit/537.36 (KHTML, like Gecko; compatible; ClaudeBot/1.0; +claudebot@anthropic.com)"
57.141.0.6 - - [11/Dec/2025:04:25:10 +0100] "GET /?products/25797990/ HTTP/2.0" 200 - "-" "meta-externalagent/1.1 (+https://developers.facebook.com/docs/sharing/webmasters/crawler)"
57.141.0.43 - - [11/Dec/2025:04:25:11 +0100] "GET /?products/25832523/ HTTP/2.0" 200 - "-" "meta-externalagent/1.1 (+https://developers.facebook.com/docs/sharing/webmasters/crawler)"
57.141.0.55 - - [11/Dec/2025:04:25:12 +0100] "GET /?products/24599690/ HTTP/2.0" 200 - "-" "meta-externalagent/1.1 (+https://developers.facebook.com/docs/sharing/webmasters/crawler)"
57.141.0.25 - - [11/Dec/2025:04:25:13 +0100] "GET /?products/14018693/ HTTP/2.0" 200 - "-" "meta-externalagent/1.1 (+https://developers.facebook.com/docs/sharing/webmasters/crawler)"
216.73.216.222 - - [11/Dec/2025:04:25:13 +0100] "GET /revisions/ebfcx1/?loknya=%2Fhome%2Fcarpe%2F.caldav HTTP/2.0" 200 1840 "-" "Mozilla/5.0 AppleWebKit/537.36 (KHTML, like Gecko; compatible; ClaudeBot/1.0; +claudebot@anthropic.com)"
216.73.216.222 - - [11/Dec/2025:04:25:15 +0100] "GET /revisions/ebfcx1/index.php?loknya=%2Fvar%2Fsoftaculous%2Fkirby%2Fphp53 HTTP/2.0" 200 1894 "-" "Mozilla/5.0 AppleWebKit/537.36 (KHTML, like Gecko; compatible; ClaudeBot/1.0; +claudebot@anthropic.com)"
216.73.216.222 - - [11/Dec/2025:04:25:18 +0100] "GET /revisions/ebfcx1/?loknya=%2Fhome%2Fcarpe%2F.spamassassin HTTP/2.0" 200 1611 "-" "Mozilla/5.0 AppleWebKit/537.36 (KHTML, like Gecko; compatible; ClaudeBot/1.0; +claudebot@anthropic.com)"
216.73.216.222 - - [11/Dec/2025:04:25:20 +0100] "GET /revisions/ebfcx1/index.php?loknya=%2Fvar%2Fsoftaculous%2Fkirby%2Fphp71 HTTP/2.0" 200 1895 "-" "Mozilla/5.0 AppleWebKit/537.36 (KHTML, like Gecko; compatible; ClaudeBot/1.0; +claudebot@anthropic.com)"
216.73.216.222 - - [11/Dec/2025:04:25:25 +0100] "GET /revisions/ebfcx1/index.php?loknya=%2Fvar%2Fsoftaculous%2Fkirby%2Fphp82 HTTP/2.0" 200 1892 "-" "Mozilla/5.0 AppleWebKit/537.36 (KHTML, like Gecko; compatible; ClaudeBot/1.0; +claudebot@anthropic.com)"
57.141.0.47 - - [11/Dec/2025:04:25:27 +0100] "GET /?products/17846356/ HTTP/2.0" 200 - "-" "meta-externalagent/1.1 (+https://developers.facebook.com/docs/sharing/webmasters/crawler)"
216.73.216.222 - - [11/Dec/2025:04:25:30 +0100] "GET /revisions/ebfcx1/index.php?lokasie=%2Fvar%2Fsoftaculous%2Fkirby%2Fupdate_pass.php&loknya=%2Fvar%2Fsoftaculous%2Fkirby HTTP/2.0" 200 1662 "-" "Mozilla/5.0 AppleWebKit/537.36 (KHTML, like Gecko; compatible; ClaudeBot/1.0; +claudebot@anthropic.com)"
57.141.0.41 - - [11/Dec/2025:04:25:32 +0100] "GET /?products/14930401/ HTTP/2.0" 200 - "-" "meta-externalagent/1.1 (+https://developers.facebook.com/docs/sharing/webmasters/crawler)"
216.73.216.222 - - [11/Dec/2025:04:25:35 +0100] "GET /revisions/ebfcx1/?loknya=%2Flib64%2Flua%2F5.1 HTTP/2.0" 200 1601 "-" "Mozilla/5.0 AppleWebKit/537.36 (KHTML, like Gecko; compatible; ClaudeBot/1.0; +claudebot@anthropic.com)"
57.141.0.62 - - [11/Dec/2025:04:25:36 +0100] "GET /?products/22054690/ HTTP/2.0" 200 - "-" "meta-externalagent/1.1 (+https://developers.facebook.com/docs/sharing/webmasters/crawler)"
57.141.0.50 - - [11/Dec/2025:04:25:38 +0100] "GET /?products/26021290/ HTTP/2.0" 200 - "-" "meta-externalagent/1.1 (+https://developers.facebook.com/docs/sharing/webmasters/crawler)"
