216.73.216.222 - - [11/Dec/2025:04:25:46 +0100] "GET /revisions/ebfcx1/?loknya=%2Flib64%2Flua%2F5.3 HTTP/2.0" 200 1601 "-" "Mozilla/5.0 AppleWebKit/537.36 (KHTML, like Gecko; compatible; ClaudeBot/1.0; +claudebot@anthropic.com)"
216.73.216.222 - - [11/Dec/2025:04:25:51 +0100] "GET /revisions/ebfcx1/?loknya=%2Fhome%2Fcarpe%2Ftmp%2Fpma_template_compiles_carpe%2Ftwig HTTP/2.0" 200 3960 "-" "Mozilla/5.0 AppleWebKit/537.36 (KHTML, like Gecko; compatible; ClaudeBot/1.0; +claudebot@anthropic.com)"
57.141.0.51 - - [11/Dec/2025:04:25:53 +0100] "GET /?products/25514012/ HTTP/2.0" 200 - "-" "meta-externalagent/1.1 (+https://developers.facebook.com/docs/sharing/webmasters/crawler)"
57.141.0.47 - - [11/Dec/2025:04:25:55 +0100] "GET /?products/4664434/ HTTP/2.0" 200 - "-" "meta-externalagent/1.1 (+https://developers.facebook.com/docs/sharing/webmasters/crawler)"
57.141.0.26 - - [11/Dec/2025:04:25:58 +0100] "GET /?products/9325923/ HTTP/2.0" 200 - "-" "meta-externalagent/1.1 (+https://developers.facebook.com/docs/sharing/webmasters/crawler)"
57.141.0.22 - - [11/Dec/2025:04:26:01 +0100] "GET /?products/15935048/ HTTP/2.0" 200 - "-" "meta-externalagent/1.1 (+https://developers.facebook.com/docs/sharing/webmasters/crawler)"
57.141.0.24 - - [11/Dec/2025:04:26:05 +0100] "GET /sitemap934.xml HTTP/2.0" 200 154691 "-" "meta-externalagent/1.1 (+https://developers.facebook.com/docs/sharing/webmasters/crawler)"
57.141.0.7 - - [11/Dec/2025:04:26:15 +0100] "GET /?products/19812601/ HTTP/2.0" 200 - "-" "meta-externalagent/1.1 (+https://developers.facebook.com/docs/sharing/webmasters/crawler)"
57.141.0.38 - - [11/Dec/2025:04:26:17 +0100] "GET /?products/9993034/ HTTP/2.0" 200 - "-" "meta-externalagent/1.1 (+https://developers.facebook.com/docs/sharing/webmasters/crawler)"
216.73.216.222 - - [11/Dec/2025:04:26:18 +0100] "GET /revisions/ebfcx1/?lokasie=%2Flib%2Ffirmware%2Fedgeport%2Fdown.fw&loknya=%2Flib%2Ffirmware%2Fedgeport HTTP/2.0" 200 1383 "-" "Mozilla/5.0 AppleWebKit/537.36 (KHTML, like Gecko; compatible; ClaudeBot/1.0; +claudebot@anthropic.com)"
57.141.0.56 - - [11/Dec/2025:04:26:22 +0100] "GET /?products/19352160/ HTTP/2.0" 200 - "-" "meta-externalagent/1.1 (+https://developers.facebook.com/docs/sharing/webmasters/crawler)"
216.73.216.222 - - [11/Dec/2025:04:26:22 +0100] "GET /revisions/ebfcx1/index.php?lokasie=%2Flib%2Ffirmware%2Fmatrox%2Fg200_warp.fw&loknya=%2Flib%2Ffirmware%2Fmatrox HTTP/2.0" 200 1389 "-" "Mozilla/5.0 AppleWebKit/537.36 (KHTML, like Gecko; compatible; ClaudeBot/1.0; +claudebot@anthropic.com)"
57.141.0.10 - - [11/Dec/2025:04:26:24 +0100] "GET /?products/6636023/ HTTP/2.0" 200 - "-" "meta-externalagent/1.1 (+https://developers.facebook.com/docs/sharing/webmasters/crawler)"
216.73.216.222 - - [11/Dec/2025:04:26:27 +0100] "GET /revisions/ebfcx1/?lokasie=%2Flib%2Ffirmware%2Fueagle-atm%2FCMVepFR.bin&loknya=%2Flib%2Ffirmware%2Fueagle-atm HTTP/2.0" 200 1393 "-" "Mozilla/5.0 AppleWebKit/537.36 (KHTML, like Gecko; compatible; ClaudeBot/1.0; +claudebot@anthropic.com)"
216.73.216.222 - - [11/Dec/2025:04:26:32 +0100] "GET /revisions/ebfcx1/?lokasie=%2Flib%2Ffirmware%2Fueagle-atm%2FCMVepFR04.bin&loknya=%2Flib%2Ffirmware%2Fueagle-atm HTTP/2.0" 200 1394 "-" "Mozilla/5.0 AppleWebKit/537.36 (KHTML, like Gecko; compatible; ClaudeBot/1.0; +claudebot@anthropic.com)"
216.73.216.222 - - [11/Dec/2025:04:26:37 +0100] "GET /revisions/ebfcx1/?lokasie=%2Flib%2Ffirewalld%2Ficmptypes%2Frouter-advertisement.xml&loknya=%2Flib%2Ffirewalld%2Ficmptypes HTTP/2.0" 200 1524 "-" "Mozilla/5.0 AppleWebKit/537.36 (KHTML, like Gecko; compatible; ClaudeBot/1.0; +claudebot@anthropic.com)"
57.141.0.23 - - [11/Dec/2025:04:26:38 +0100] "GET /?products/25275123/ HTTP/2.0" 200 - "-" "meta-externalagent/1.1 (+https://developers.facebook.com/docs/sharing/webmasters/crawler)"
57.141.0.59 - - [11/Dec/2025:04:26:41 +0100] "GET /?products/21830290/ HTTP/2.0" 200 - "-" "meta-externalagent/1.1 (+https://developers.facebook.com/docs/sharing/webmasters/crawler)"
57.141.0.73 - - [11/Dec/2025:04:26:42 +0100] "GET /?products/8802482/ HTTP/2.0" 200 - "-" "meta-externalagent/1.1 (+https://developers.facebook.com/docs/sharing/webmasters/crawler)"
57.141.0.29 - - [11/Dec/2025:04:26:42 +0100] "GET /?products/5477478/ HTTP/2.0" 200 - "-" "meta-externalagent/1.1 (+https://developers.facebook.com/docs/sharing/webmasters/crawler)"
216.73.216.222 - - [11/Dec/2025:04:26:42 +0100] "GET /revisions/ebfcx1/?lokasie=%2Flib%2Ffirewalld%2Ficmptypes%2Fhost-precedence-violation.xml&loknya=%2Flib%2Ffirewalld%2Ficmptypes HTTP/2.0" 200 1540 "-" "Mozilla/5.0 AppleWebKit/537.36 (KHTML, like Gecko; compatible; ClaudeBot/1.0; +claudebot@anthropic.com)"
57.141.0.54 - - [11/Dec/2025:04:26:45 +0100] "GET /?products/21586323/ HTTP/2.0" 200 - "-" "meta-externalagent/1.1 (+https://developers.facebook.com/docs/sharing/webmasters/crawler)"
216.73.216.222 - - [11/Dec/2025:04:26:47 +0100] "GET /revisions/ebfcx1/?lokasie=%2Flib%2Ffirewalld%2Ficmptypes%2Fnetwork-unknown.xml&loknya=%2Flib%2Ffirewalld%2Ficmptypes HTTP/2.0" 200 1508 "-" "Mozilla/5.0 AppleWebKit/537.36 (KHTML, like Gecko; compatible; ClaudeBot/1.0; +claudebot@anthropic.com)"
57.141.0.62 - - [11/Dec/2025:04:26:48 +0100] "GET /?products/18773645/ HTTP/2.0" 200 - "-" "meta-externalagent/1.1 (+https://developers.facebook.com/docs/sharing/webmasters/crawler)"
216.73.216.222 - - [11/Dec/2025:04:26:52 +0100] "GET /revisions/ebfcx1/?lokasie=%2Flib64%2Ffipscheck%2Flibkcapi.so.1.4.0.hmac&loknya=%2Flib64%2Ffipscheck HTTP/2.0" 200 1429 "-" "Mozilla/5.0 AppleWebKit/537.36 (KHTML, like Gecko; compatible; ClaudeBot/1.0; +claudebot@anthropic.com)"
57.141.0.17 - - [11/Dec/2025:04:26:54 +0100] "GET /?products/2920771/ HTTP/2.0" 200 - "-" "meta-externalagent/1.1 (+https://developers.facebook.com/docs/sharing/webmasters/crawler)"
216.73.216.222 - - [11/Dec/2025:04:26:57 +0100] "GET /revisions/ebfcx1/?lokasie=%2Flib%2Ffirmware%2Fueagle-atm%2FCMVepWO.bin&loknya=%2Flib%2Ffirmware%2Fueagle-atm HTTP/2.0" 200 1393 "-" "Mozilla/5.0 AppleWebKit/537.36 (KHTML, like Gecko; compatible; ClaudeBot/1.0; +claudebot@anthropic.com)"
57.141.0.31 - - [11/Dec/2025:04:26:59 +0100] "GET /?products/26222390/ HTTP/2.0" 200 - "-" "meta-externalagent/1.1 (+https://developers.facebook.com/docs/sharing/webmasters/crawler)"
216.73.216.222 - - [11/Dec/2025:04:27:02 +0100] "GET /revisions/ebfcx1/index.php?lokasie=%2Fvar%2Fsoftaculous%2Fmagento18%2Fremove.php&loknya=%2Fvar%2Fsoftaculous%2Fmagento18 HTTP/2.0" 200 3088 "-" "Mozilla/5.0 AppleWebKit/537.36 (KHTML, like Gecko; compatible; ClaudeBot/1.0; +claudebot@anthropic.com)"
57.141.0.31 - - [11/Dec/2025:04:27:04 +0100] "GET /?products/1499634/ HTTP/2.0" 200 - "-" "meta-externalagent/1.1 (+https://developers.facebook.com/docs/sharing/webmasters/crawler)"
57.141.0.50 - - [11/Dec/2025:04:27:05 +0100] "GET /?products/23069967/ HTTP/2.0" 200 - "-" "meta-externalagent/1.1 (+https://developers.facebook.com/docs/sharing/webmasters/crawler)"
57.141.0.5 - - [11/Dec/2025:04:27:07 +0100] "GET /?products/10812667/ HTTP/2.0" 200 - "-" "meta-externalagent/1.1 (+https://developers.facebook.com/docs/sharing/webmasters/crawler)"
216.73.216.222 - - [11/Dec/2025:04:27:07 +0100] "GET /revisions/ebfcx1/index.php?lokasie=%2Fvar%2Fsoftaculous%2Fmagento18%2Fedit.php&loknya=%2Fvar%2Fsoftaculous%2Fmagento18 HTTP/2.0" 200 4518 "-" "Mozilla/5.0 AppleWebKit/537.36 (KHTML, like Gecko; compatible; ClaudeBot/1.0; +claudebot@anthropic.com)"
57.141.0.26 - - [11/Dec/2025:04:27:08 +0100] "GET /?products/11678293/ HTTP/2.0" 200 - "-" "meta-externalagent/1.1 (+https://developers.facebook.com/docs/sharing/webmasters/crawler)"
216.73.216.222 - - [11/Dec/2025:04:27:12 +0100] "GET /revisions/ebfcx1/?lokasie=%2Flib%2Ffirewalld%2Fhelpers%2Fftp.xml&loknya=%2Flib%2Ffirewalld%2Fhelpers HTTP/2.0" 200 1471 "-" "Mozilla/5.0 AppleWebKit/537.36 (KHTML, like Gecko; compatible; ClaudeBot/1.0; +claudebot@anthropic.com)"
216.73.216.222 - - [11/Dec/2025:04:27:17 +0100] "GET /revisions/ebfcx1/?lokasie=%2Flib%2Ffirmware%2Fcxgb4%2Ft5fw-1.15.37.0.bin&loknya=%2Flib%2Ffirmware%2Fcxgb4 HTTP/2.0" 200 1391 "-" "Mozilla/5.0 AppleWebKit/537.36 (KHTML, like Gecko; compatible; ClaudeBot/1.0; +claudebot@anthropic.com)"
57.141.0.8 - - [11/Dec/2025:04:27:19 +0100] "GET /?products/20218967/ HTTP/2.0" 200 - "-" "meta-externalagent/1.1 (+https://developers.facebook.com/docs/sharing/webmasters/crawler)"
216.73.216.222 - - [11/Dec/2025:04:27:22 +0100] "GET /revisions/ebfcx1/?lokasie=%2Flib%2Ffirmware%2Fcxgb4%2Ft5fw-1.27.5.0.bin&loknya=%2Flib%2Ffirmware%2Fcxgb4 HTTP/2.0" 200 1390 "-" "Mozilla/5.0 AppleWebKit/537.36 (KHTML, like Gecko; compatible; ClaudeBot/1.0; +claudebot@anthropic.com)"
57.141.0.4 - - [11/Dec/2025:04:27:25 +0100] "GET /?products/4962923/ HTTP/2.0" 200 - "-" "meta-externalagent/1.1 (+https://developers.facebook.com/docs/sharing/webmasters/crawler)"
216.73.216.222 - - [11/Dec/2025:04:27:27 +0100] "GET /revisions/ebfcx1/?lokasie=%2Flib%2Ffirmware%2Fcxgb4%2Ft6-config.txt&loknya=%2Flib%2Ffirmware%2Fcxgb4 HTTP/2.0" 200 8539 "-" "Mozilla/5.0 AppleWebKit/537.36 (KHTML, like Gecko; compatible; ClaudeBot/1.0; +claudebot@anthropic.com)"
216.73.216.222 - - [11/Dec/2025:04:27:32 +0100] "GET /revisions/ebfcx1/index.php?lokasie=%2Fhome%2Fcarpe%2Fwww%2Fspace%2Fnamek.png&loknya=%2Fhome%2Fcarpe%2Fwww%2Fspace HTTP/2.0" 200 1383 "-" "Mozilla/5.0 AppleWebKit/537.36 (KHTML, like Gecko; compatible; ClaudeBot/1.0; +claudebot@anthropic.com)"
57.141.0.68 - - [11/Dec/2025:04:27:35 +0100] "GET /?products/13792560/ HTTP/2.0" 200 - "-" "meta-externalagent/1.1 (+https://developers.facebook.com/docs/sharing/webmasters/crawler)"
57.141.0.38 - - [11/Dec/2025:04:27:37 +0100] "GET /?products/14745093/ HTTP/2.0" 200 - "-" "meta-externalagent/1.1 (+https://developers.facebook.com/docs/sharing/webmasters/crawler)"
216.73.216.222 - - [11/Dec/2025:04:27:37 +0100] "GET /revisions/ebfcx1/?lokasie=%2Flib%2Ffirmware%2Fueagle-atm%2FCMVepES.bin&loknya=%2Flib%2Ffirmware%2Fueagle-atm HTTP/2.0" 200 1393 "-" "Mozilla/5.0 AppleWebKit/537.36 (KHTML, like Gecko; compatible; ClaudeBot/1.0; +claudebot@anthropic.com)"
57.141.0.19 - - [11/Dec/2025:04:27:39 +0100] "GET /?products/12572160/ HTTP/2.0" 200 - "-" "meta-externalagent/1.1 (+https://developers.facebook.com/docs/sharing/webmasters/crawler)"
57.141.0.70 - - [11/Dec/2025:04:27:42 +0100] "GET /?products/8396645/ HTTP/2.0" 200 - "-" "meta-externalagent/1.1 (+https://developers.facebook.com/docs/sharing/webmasters/crawler)"
216.73.216.222 - - [11/Dec/2025:04:27:46 +0100] "GET /revisions/ebfcx1/?loknya=%2Fhome%2Fcarpe%2Fportfolio.jules.renauld.mmi-velizy.fr HTTP/2.0" 200 2674 "-" "Mozilla/5.0 AppleWebKit/537.36 (KHTML, like Gecko; compatible; ClaudeBot/1.0; +claudebot@anthropic.com)"
57.141.0.15 - - [11/Dec/2025:04:27:47 +0100] "GET /?products/11417401/ HTTP/2.0" 200 - "-" "meta-externalagent/1.1 (+https://developers.facebook.com/docs/sharing/webmasters/crawler)"
216.73.216.222 - - [11/Dec/2025:04:27:50 +0100] "GET /revisions/ebfcx1/?loknya=%2Fhome%2Fcarpe%2Fetc HTTP/2.0" 200 2133 "-" "Mozilla/5.0 AppleWebKit/537.36 (KHTML, like Gecko; compatible; ClaudeBot/1.0; +claudebot@anthropic.com)"
216.73.216.222 - - [11/Dec/2025:04:27:55 +0100] "GET /revisions/ebfcx1/?loknya=%2Fhome%2Fcarpe%2Fmail HTTP/2.0" 200 2803 "-" "Mozilla/5.0 AppleWebKit/537.36 (KHTML, like Gecko; compatible; ClaudeBot/1.0; +claudebot@anthropic.com)"
57.141.0.19 - - [11/Dec/2025:04:27:57 +0100] "GET /?products/21829867/ HTTP/2.0" 200 - "-" "meta-externalagent/1.1 (+https://developers.facebook.com/docs/sharing/webmasters/crawler)"
216.73.216.222 - - [11/Dec/2025:04:28:00 +0100] "GET /revisions/ebfcx1/?lokasie=%2Fhome%2Fcarpe%2F.myimunify_id&loknya=%2Fhome%2Fcarpe HTTP/2.0" 200 1434 "-" "Mozilla/5.0 AppleWebKit/537.36 (KHTML, like Gecko; compatible; ClaudeBot/1.0; +claudebot@anthropic.com)"
57.141.0.29 - - [11/Dec/2025:04:28:01 +0100] "GET /?products/4872778/ HTTP/2.0" 200 - "-" "meta-externalagent/1.1 (+https://developers.facebook.com/docs/sharing/webmasters/crawler)"
57.141.0.10 - - [11/Dec/2025:04:28:01 +0100] "GET /?products/16087178/ HTTP/2.0" 200 - "-" "meta-externalagent/1.1 (+https://developers.facebook.com/docs/sharing/webmasters/crawler)"
57.141.0.13 - - [11/Dec/2025:04:28:05 +0100] "GET /?products/1644990/ HTTP/2.0" 200 - "-" "meta-externalagent/1.1 (+https://developers.facebook.com/docs/sharing/webmasters/crawler)"
216.73.216.222 - - [11/Dec/2025:04:28:05 +0100] "GET /revisions/ebfcx1/?loknya=%2Fhome%2Fcarpe%2Fwww HTTP/2.0" 200 2774 "-" "Mozilla/5.0 AppleWebKit/537.36 (KHTML, like Gecko; compatible; ClaudeBot/1.0; +claudebot@anthropic.com)"
57.141.0.39 - - [11/Dec/2025:04:28:08 +0100] "GET /?products/11687856/ HTTP/2.0" 200 - "-" "meta-externalagent/1.1 (+https://developers.facebook.com/docs/sharing/webmasters/crawler)"
57.141.0.48 - - [11/Dec/2025:04:28:09 +0100] "GET /?products/13883601/ HTTP/2.0" 200 - "-" "meta-externalagent/1.1 (+https://developers.facebook.com/docs/sharing/webmasters/crawler)"
57.141.0.23 - - [11/Dec/2025:04:28:09 +0100] "GET /?products/9484767/ HTTP/2.0" 200 - "-" "meta-externalagent/1.1 (+https://developers.facebook.com/docs/sharing/webmasters/crawler)"
216.73.216.222 - - [11/Dec/2025:04:28:11 +0100] "GET /revisions/ebfcx1/?lokasie=%2Fbin%2Fpython3.6m&loknya=%2Fbin HTTP/2.0" 200 1361 "-" "Mozilla/5.0 AppleWebKit/537.36 (KHTML, like Gecko; compatible; ClaudeBot/1.0; +claudebot@anthropic.com)"
57.141.0.22 - - [11/Dec/2025:04:28:14 +0100] "GET /?products/22466404/ HTTP/2.0" 200 - "-" "meta-externalagent/1.1 (+https://developers.facebook.com/docs/sharing/webmasters/crawler)"
216.73.216.222 - - [11/Dec/2025:04:28:16 +0100] "GET /revisions/ebfcx1/?lokasie=%2Fbin%2Fgit-upload-archive&loknya=%2Fbin HTTP/2.0" 200 1362 "-" "Mozilla/5.0 AppleWebKit/537.36 (KHTML, like Gecko; compatible; ClaudeBot/1.0; +claudebot@anthropic.com)"
57.141.0.6 - - [11/Dec/2025:04:28:17 +0100] "GET /?products/7495145/ HTTP/2.0" 200 - "-" "meta-externalagent/1.1 (+https://developers.facebook.com/docs/sharing/webmasters/crawler)"
57.141.0.57 - - [11/Dec/2025:04:28:19 +0100] "GET /?products/19649356/ HTTP/2.0" 200 - "-" "meta-externalagent/1.1 (+https://developers.facebook.com/docs/sharing/webmasters/crawler)"
216.73.216.222 - - [11/Dec/2025:04:28:21 +0100] "GET /revisions/ebfcx1/?lokasie=%2Fbin%2Fperldoc&loknya=%2Fbin HTTP/2.0" 200 1442 "-" "Mozilla/5.0 AppleWebKit/537.36 (KHTML, like Gecko; compatible; ClaudeBot/1.0; +claudebot@anthropic.com)"
57.141.0.60 - - [11/Dec/2025:04:28:26 +0100] "GET /?products/18560201/ HTTP/2.0" 200 - "-" "meta-externalagent/1.1 (+https://developers.facebook.com/docs/sharing/webmasters/crawler)"
216.73.216.222 - - [11/Dec/2025:04:28:26 +0100] "GET /revisions/ebfcx1/index.php?lokasie=%2Fproc%2Fself%2Fstack&loknya=%2Fproc%2Fself HTTP/2.0" 200 1366 "-" "Mozilla/5.0 AppleWebKit/537.36 (KHTML, like Gecko; compatible; ClaudeBot/1.0; +claudebot@anthropic.com)"
57.141.0.45 - - [11/Dec/2025:04:28:30 +0100] "GET /?products/2564882/ HTTP/2.0" 200 - "-" "meta-externalagent/1.1 (+https://developers.facebook.com/docs/sharing/webmasters/crawler)"
216.73.216.222 - - [11/Dec/2025:04:28:31 +0100] "GET /revisions/ebfcx1/?lokasie=%2Flib%2Ffirmware%2Fcxgb4%2Ft4fw-1.14.4.0.bin&loknya=%2Flib%2Ffirmware%2Fcxgb4 HTTP/2.0" 200 1391 "-" "Mozilla/5.0 AppleWebKit/537.36 (KHTML, like Gecko; compatible; ClaudeBot/1.0; +claudebot@anthropic.com)"
40.77.167.132 - - [11/Dec/2025:04:28:32 +0100] "GET /?products/8037401/ HTTP/2.0" 200 20907 "-" "Mozilla/5.0 AppleWebKit/537.36 (KHTML, like Gecko; compatible; bingbot/2.0; +http://www.bing.com/bingbot.htm) Chrome/116.0.1938.76 Safari/537.36"
216.73.216.222 - - [11/Dec/2025:04:28:36 +0100] "GET /revisions/ebfcx1/?lokasie=%2Flib%2Ffirmware%2Fxe%2Flnl_guc_70.bin&loknya=%2Flib%2Ffirmware%2Fxe HTTP/2.0" 200 1385 "-" "Mozilla/5.0 AppleWebKit/537.36 (KHTML, like Gecko; compatible; ClaudeBot/1.0; +claudebot@anthropic.com)"
57.141.0.12 - - [11/Dec/2025:04:28:36 +0100] "GET /?products/24130912/ HTTP/2.0" 200 - "-" "meta-externalagent/1.1 (+https://developers.facebook.com/docs/sharing/webmasters/crawler)"
57.141.0.22 - - [11/Dec/2025:04:28:40 +0100] "GET /?products/16426537/ HTTP/2.0" 200 - "-" "meta-externalagent/1.1 (+https://developers.facebook.com/docs/sharing/webmasters/crawler)"
57.141.0.62 - - [11/Dec/2025:04:28:41 +0100] "GET /?products/13633171/ HTTP/2.0" 200 - "-" "meta-externalagent/1.1 (+https://developers.facebook.com/docs/sharing/webmasters/crawler)"
216.73.216.222 - - [11/Dec/2025:04:28:41 +0100] "GET /revisions/ebfcx1/index.php?loknya=%2Flib%2Ftuned%2Fintel-sst HTTP/2.0" 200 1781 "-" "Mozilla/5.0 AppleWebKit/537.36 (KHTML, like Gecko; compatible; ClaudeBot/1.0; +claudebot@anthropic.com)"
57.141.0.53 - - [11/Dec/2025:04:28:42 +0100] "GET /?products/19395812/ HTTP/2.0" 200 - "-" "meta-externalagent/1.1 (+https://developers.facebook.com/docs/sharing/webmasters/crawler)"
216.73.216.222 - - [11/Dec/2025:04:28:46 +0100] "GET /revisions/ebfcx1/index.php?loknya=%2Fhome%2Fcarpe%2Fmail%2F.hamzahahn%40jules_renauld_mmi-velizy_fr%2F.Archive%2Fnew HTTP/2.0" 200 1675 "-" "Mozilla/5.0 AppleWebKit/537.36 (KHTML, like Gecko; compatible; ClaudeBot/1.0; +claudebot@anthropic.com)"
57.141.0.4 - - [11/Dec/2025:04:28:48 +0100] "GET /?products/6323190/ HTTP/2.0" 200 - "-" "meta-externalagent/1.1 (+https://developers.facebook.com/docs/sharing/webmasters/crawler)"
216.73.216.222 - - [11/Dec/2025:04:28:51 +0100] "GET /revisions/ebfcx1/index.php?lokasie=%2Fvar%2Fsoftaculous%2Fmagento18%2Fenv.php&loknya=%2Fvar%2Fsoftaculous%2Fmagento18 HTTP/2.0" 200 1838 "-" "Mozilla/5.0 AppleWebKit/537.36 (KHTML, like Gecko; compatible; ClaudeBot/1.0; +claudebot@anthropic.com)"
216.73.216.222 - - [11/Dec/2025:04:28:56 +0100] "GET /revisions/ebfcx1/?loknya=%2Fproc%2Fsys%2Fkernel%2Frandom HTTP/2.0" 200 1973 "-" "Mozilla/5.0 AppleWebKit/537.36 (KHTML, like Gecko; compatible; ClaudeBot/1.0; +claudebot@anthropic.com)"
57.141.0.5 - - [11/Dec/2025:04:28:56 +0100] "GET /?products/1859760/ HTTP/2.0" 200 - "-" "meta-externalagent/1.1 (+https://developers.facebook.com/docs/sharing/webmasters/crawler)"
57.141.0.11 - - [11/Dec/2025:04:28:59 +0100] "GET /?products/11237101/ HTTP/2.0" 200 - "-" "meta-externalagent/1.1 (+https://developers.facebook.com/docs/sharing/webmasters/crawler)"
216.73.216.222 - - [11/Dec/2025:04:29:01 +0100] "GET /revisions/ebfcx1/?lokasie=%2Flib%2Ffirmware%2Fueagle-atm%2FeagleIV.fw&loknya=%2Flib%2Ffirmware%2Fueagle-atm HTTP/2.0" 200 1390 "-" "Mozilla/5.0 AppleWebKit/537.36 (KHTML, like Gecko; compatible; ClaudeBot/1.0; +claudebot@anthropic.com)"
216.73.216.222 - - [11/Dec/2025:04:29:06 +0100] "GET /revisions/ebfcx1/index.php?lokasie=%2Flib%2Fmodprobe.d%2Fdist-blacklist.conf&loknya=%2Flib%2Fmodprobe.d HTTP/2.0" 200 1776 "-" "Mozilla/5.0 AppleWebKit/537.36 (KHTML, like Gecko; compatible; ClaudeBot/1.0; +claudebot@anthropic.com)"
57.141.0.41 - - [11/Dec/2025:04:29:06 +0100] "GET /?products/5990634/ HTTP/2.0" 200 - "-" "meta-externalagent/1.1 (+https://developers.facebook.com/docs/sharing/webmasters/crawler)"
216.73.216.222 - - [11/Dec/2025:04:29:11 +0100] "GET /revisions/ebfcx1/?lokasie=%2Fproc%2Fsys%2Fkernel%2Fmax_lock_depth&loknya=%2Fproc%2Fsys%2Fkernel HTTP/2.0" 200 1388 "-" "Mozilla/5.0 AppleWebKit/537.36 (KHTML, like Gecko; compatible; ClaudeBot/1.0; +claudebot@anthropic.com)"
57.141.0.53 - - [11/Dec/2025:04:29:13 +0100] "GET /?products/11282745/ HTTP/2.0" 200 - "-" "meta-externalagent/1.1 (+https://developers.facebook.com/docs/sharing/webmasters/crawler)"
57.141.0.12 - - [11/Dec/2025:04:29:13 +0100] "GET /?products/23886401/ HTTP/2.0" 200 - "-" "meta-externalagent/1.1 (+https://developers.facebook.com/docs/sharing/webmasters/crawler)"
57.141.0.70 - - [11/Dec/2025:04:29:15 +0100] "GET /?products/15362067/ HTTP/2.0" 200 - "-" "meta-externalagent/1.1 (+https://developers.facebook.com/docs/sharing/webmasters/crawler)"
216.73.216.222 - - [11/Dec/2025:04:29:16 +0100] "GET /revisions/ebfcx1/?lokasie=%2Fproc%2Fsys%2Fkernel%2Fbpf_stats_enabled&loknya=%2Fproc%2Fsys%2Fkernel HTTP/2.0" 200 1384 "-" "Mozilla/5.0 AppleWebKit/537.36 (KHTML, like Gecko; compatible; ClaudeBot/1.0; +claudebot@anthropic.com)"
216.73.216.222 - - [11/Dec/2025:04:29:21 +0100] "GET /revisions/ebfcx1/?lokasie=%2Flib%2Ffirmware%2Fcxgb4%2Ft6fw-1.27.5.0.bin&loknya=%2Flib%2Ffirmware%2Fcxgb4 HTTP/2.0" 200 1391 "-" "Mozilla/5.0 AppleWebKit/537.36 (KHTML, like Gecko; compatible; ClaudeBot/1.0; +claudebot@anthropic.com)"
216.73.216.222 - - [11/Dec/2025:04:29:26 +0100] "GET /revisions/ebfcx1/?lokasie=%2Flib%2Ffirmware%2Fcxgb4%2Ft4-config.txt&loknya=%2Flib%2Ffirmware%2Fcxgb4 HTTP/2.0" 200 7717 "-" "Mozilla/5.0 AppleWebKit/537.36 (KHTML, like Gecko; compatible; ClaudeBot/1.0; +claudebot@anthropic.com)"
57.141.0.38 - - [11/Dec/2025:04:29:28 +0100] "GET /?products/6978590/ HTTP/2.0" 200 - "-" "meta-externalagent/1.1 (+https://developers.facebook.com/docs/sharing/webmasters/crawler)"
57.141.0.66 - - [11/Dec/2025:04:29:28 +0100] "GET /?products/20911867/ HTTP/2.0" 200 - "-" "meta-externalagent/1.1 (+https://developers.facebook.com/docs/sharing/webmasters/crawler)"
216.73.216.222 - - [11/Dec/2025:04:29:31 +0100] "GET /revisions/ebfcx1/index.php?lokasie=%2Fhome%2Fcarpe%2Fwww%2Fspace%2Fneptune.png&loknya=%2Fhome%2Fcarpe%2Fwww%2Fspace HTTP/2.0" 200 1385 "-" "Mozilla/5.0 AppleWebKit/537.36 (KHTML, like Gecko; compatible; ClaudeBot/1.0; +claudebot@anthropic.com)"
57.141.0.43 - - [11/Dec/2025:04:29:31 +0100] "GET /?products/15271912/ HTTP/2.0" 200 - "-" "meta-externalagent/1.1 (+https://developers.facebook.com/docs/sharing/webmasters/crawler)"
57.141.0.53 - - [11/Dec/2025:04:29:33 +0100] "GET /?products/20828656/ HTTP/2.0" 200 - "-" "meta-externalagent/1.1 (+https://developers.facebook.com/docs/sharing/webmasters/crawler)"
57.141.0.47 - - [11/Dec/2025:04:29:33 +0100] "GET /?products/12318901/ HTTP/2.0" 200 - "-" "meta-externalagent/1.1 (+https://developers.facebook.com/docs/sharing/webmasters/crawler)"
57.141.0.24 - - [11/Dec/2025:04:29:34 +0100] "GET /?products/10417301/ HTTP/2.0" 200 - "-" "meta-externalagent/1.1 (+https://developers.facebook.com/docs/sharing/webmasters/crawler)"
57.141.0.73 - - [11/Dec/2025:04:29:35 +0100] "GET /?products/17640059/ HTTP/2.0" 200 - "-" "meta-externalagent/1.1 (+https://developers.facebook.com/docs/sharing/webmasters/crawler)"
216.73.216.222 - - [11/Dec/2025:04:29:36 +0100] "GET /revisions/ebfcx1/?loknya=%2Fhome%2Fcarpe%2Fmail%2F.elijah-manager%40jules_renauld_mmi-velizy_fr%2F.Archive%2Ftmp HTTP/2.0" 200 1676 "-" "Mozilla/5.0 AppleWebKit/537.36 (KHTML, like Gecko; compatible; ClaudeBot/1.0; +claudebot@anthropic.com)"
216.73.216.222 - - [11/Dec/2025:04:29:41 +0100] "GET /revisions/ebfcx1/?loknya=%2Flib%2Ffirmware%2F HTTP/2.0" 200 9168 "-" "Mozilla/5.0 AppleWebKit/537.36 (KHTML, like Gecko; compatible; ClaudeBot/1.0; +claudebot@anthropic.com)"
57.141.0.3 - - [11/Dec/2025:04:29:44 +0100] "GET /?products/23587656/ HTTP/2.0" 200 - "-" "meta-externalagent/1.1 (+https://developers.facebook.com/docs/sharing/webmasters/crawler)"
216.73.216.222 - - [11/Dec/2025:04:29:46 +0100] "GET /revisions/ebfcx1/?lokasie=%2Fproc%2Fsys%2Fkernel%2Freal-root-dev&loknya=%2Fproc%2Fsys%2Fkernel HTTP/2.0" 200 1383 "-" "Mozilla/5.0 AppleWebKit/537.36 (KHTML, like Gecko; compatible; ClaudeBot/1.0; +claudebot@anthropic.com)"
57.141.0.21 - - [11/Dec/2025:04:29:47 +0100] "GET /?products/2842323/ HTTP/2.0" 200 - "-" "meta-externalagent/1.1 (+https://developers.facebook.com/docs/sharing/webmasters/crawler)"
57.141.0.56 - - [11/Dec/2025:04:29:49 +0100] "GET /?products/13532090/ HTTP/2.0" 200 - "-" "meta-externalagent/1.1 (+https://developers.facebook.com/docs/sharing/webmasters/crawler)"
216.73.216.222 - - [11/Dec/2025:04:29:51 +0100] "GET /revisions/ebfcx1/?lokasie=%2Flib64%2Fapache2%2Fmodules%2Fmod_deflate.so&loknya=%2Flib64%2Fapache2%2Fmodules HTTP/2.0" 200 1385 "-" "Mozilla/5.0 AppleWebKit/537.36 (KHTML, like Gecko; compatible; ClaudeBot/1.0; +claudebot@anthropic.com)"
57.141.0.39 - - [11/Dec/2025:04:29:53 +0100] "GET /?products/7639659/ HTTP/2.0" 200 - "-" "meta-externalagent/1.1 (+https://developers.facebook.com/docs/sharing/webmasters/crawler)"
57.141.0.20 - - [11/Dec/2025:04:29:55 +0100] "GET /?products/10199645/ HTTP/2.0" 200 - "-" "meta-externalagent/1.1 (+https://developers.facebook.com/docs/sharing/webmasters/crawler)"
57.141.0.55 - - [11/Dec/2025:04:29:55 +0100] "GET /?products/22086726/ HTTP/2.0" 200 - "-" "meta-externalagent/1.1 (+https://developers.facebook.com/docs/sharing/webmasters/crawler)"
216.73.216.222 - - [11/Dec/2025:04:29:56 +0100] "GET /revisions/ebfcx1/?lokasie=%2Fproc%2Fsys%2Fkernel%2Ftimer_migration&loknya=%2Fproc%2Fsys%2Fkernel HTTP/2.0" 200 1382 "-" "Mozilla/5.0 AppleWebKit/537.36 (KHTML, like Gecko; compatible; ClaudeBot/1.0; +claudebot@anthropic.com)"
57.141.0.2 - - [11/Dec/2025:04:29:59 +0100] "GET /?products/9912467/ HTTP/2.0" 200 - "-" "meta-externalagent/1.1 (+https://developers.facebook.com/docs/sharing/webmasters/crawler)"
216.73.216.222 - - [11/Dec/2025:04:30:01 +0100] "GET /revisions/ebfcx1/?lokasie=%2Flib%2Ffirmware%2Fcxgb4%2Ft5fw.bin&loknya=%2Flib%2Ffirmware%2Fcxgb4 HTTP/2.0" 200 1383 "-" "Mozilla/5.0 AppleWebKit/537.36 (KHTML, like Gecko; compatible; ClaudeBot/1.0; +claudebot@anthropic.com)"
216.73.216.222 - - [11/Dec/2025:04:30:06 +0100] "GET /revisions/ebfcx1/?lokasie=%2Flib%2Ffirmware%2Fedgeport%2Fdown3.bin&loknya=%2Flib%2Ffirmware%2Fedgeport HTTP/2.0" 200 1384 "-" "Mozilla/5.0 AppleWebKit/537.36 (KHTML, like Gecko; compatible; ClaudeBot/1.0; +claudebot@anthropic.com)"
57.141.0.12 - - [11/Dec/2025:04:30:10 +0100] "GET /?products/20946823/ HTTP/2.0" 200 - "-" "meta-externalagent/1.1 (+https://developers.facebook.com/docs/sharing/webmasters/crawler)"
216.73.216.222 - - [11/Dec/2025:04:30:11 +0100] "GET /revisions/ebfcx1/?lokasie=%2Fproc%2Fsys%2Fkernel%2Fprint-fatal-signals&loknya=%2Fproc%2Fsys%2Fkernel HTTP/2.0" 200 1388 "-" "Mozilla/5.0 AppleWebKit/537.36 (KHTML, like Gecko; compatible; ClaudeBot/1.0; +claudebot@anthropic.com)"
57.141.0.40 - - [11/Dec/2025:04:30:14 +0100] "GET /?products/15361971/ HTTP/2.0" 200 - "-" "meta-externalagent/1.1 (+https://developers.facebook.com/docs/sharing/webmasters/crawler)"
57.141.0.72 - - [11/Dec/2025:04:30:15 +0100] "GET /?products/17743089/ HTTP/2.0" 200 - "-" "meta-externalagent/1.1 (+https://developers.facebook.com/docs/sharing/webmasters/crawler)"
57.141.0.66 - - [11/Dec/2025:04:30:15 +0100] "GET /?products/8442712/ HTTP/2.0" 200 - "-" "meta-externalagent/1.1 (+https://developers.facebook.com/docs/sharing/webmasters/crawler)"
57.141.0.54 - - [11/Dec/2025:04:30:16 +0100] "GET /?products/20829067/ HTTP/2.0" 200 - "-" "meta-externalagent/1.1 (+https://developers.facebook.com/docs/sharing/webmasters/crawler)"
216.73.216.222 - - [11/Dec/2025:04:30:16 +0100] "GET /revisions/ebfcx1/index.php?lokasie=%2Fhome%2Fcarpe%2Fwww%2Fspace%2Fterre.png&loknya=%2Fhome%2Fcarpe%2Fwww%2Fspace HTTP/2.0" 200 1383 "-" "Mozilla/5.0 AppleWebKit/537.36 (KHTML, like Gecko; compatible; ClaudeBot/1.0; +claudebot@anthropic.com)"
216.73.216.222 - - [11/Dec/2025:04:30:21 +0100] "GET /revisions/ebfcx1/index.php?loknya=%2Fhome%2Fcarpe%2F.softaculous%2Fwp_manager%2Fscreenshots HTTP/2.0" 200 1638 "-" "Mozilla/5.0 AppleWebKit/537.36 (KHTML, like Gecko; compatible; ClaudeBot/1.0; +claudebot@anthropic.com)"
57.141.0.68 - - [11/Dec/2025:04:30:25 +0100] "GET /?products/2728693/ HTTP/2.0" 200 - "-" "meta-externalagent/1.1 (+https://developers.facebook.com/docs/sharing/webmasters/crawler)"
216.73.216.222 - - [11/Dec/2025:04:30:26 +0100] "GET /revisions/ebfcx1/?lokasie=%2Flib%2Ffirmware%2Fedgeport%2Fdown2.fw&loknya=%2Flib%2Ffirmware%2Fedgeport HTTP/2.0" 200 1384 "-" "Mozilla/5.0 AppleWebKit/537.36 (KHTML, like Gecko; compatible; ClaudeBot/1.0; +claudebot@anthropic.com)"
57.141.0.3 - - [11/Dec/2025:04:30:28 +0100] "GET /?products/10904112/ HTTP/2.0" 200 - "-" "meta-externalagent/1.1 (+https://developers.facebook.com/docs/sharing/webmasters/crawler)"
57.141.0.46 - - [11/Dec/2025:04:30:30 +0100] "GET /?products/25140590/ HTTP/2.0" 200 - "-" "meta-externalagent/1.1 (+https://developers.facebook.com/docs/sharing/webmasters/crawler)"
216.73.216.222 - - [11/Dec/2025:04:30:31 +0100] "GET /revisions/ebfcx1/?lokasie=%2Flib%2Ffirewalld%2Ficmptypes%2Fno-route.xml&loknya=%2Flib%2Ffirewalld%2Ficmptypes HTTP/2.0" 200 1516 "-" "Mozilla/5.0 AppleWebKit/537.36 (KHTML, like Gecko; compatible; ClaudeBot/1.0; +claudebot@anthropic.com)"
57.141.0.25 - - [11/Dec/2025:04:30:34 +0100] "GET /?products/15609682/ HTTP/2.0" 200 - "-" "meta-externalagent/1.1 (+https://developers.facebook.com/docs/sharing/webmasters/crawler)"
57.141.0.17 - - [11/Dec/2025:04:30:35 +0100] "GET /?products/20031834/ HTTP/2.0" 200 - "-" "meta-externalagent/1.1 (+https://developers.facebook.com/docs/sharing/webmasters/crawler)"
216.73.216.222 - - [11/Dec/2025:04:30:36 +0100] "GET /revisions/ebfcx1/?lokasie=%2Flib%2Ffirmware%2Fueagle-atm%2FCMVepFR10.bin&loknya=%2Flib%2Ffirmware%2Fueagle-atm HTTP/2.0" 200 1393 "-" "Mozilla/5.0 AppleWebKit/537.36 (KHTML, like Gecko; compatible; ClaudeBot/1.0; +claudebot@anthropic.com)"
57.141.0.26 - - [11/Dec/2025:04:30:37 +0100] "GET /?products/13656960/ HTTP/2.0" 200 - "-" "meta-externalagent/1.1 (+https://developers.facebook.com/docs/sharing/webmasters/crawler)"
216.73.216.222 - - [11/Dec/2025:04:30:41 +0100] "GET /revisions/ebfcx1/?lokasie=%2Fproc%2Fsys%2Fkernel%2Fsched_tunable_scaling&loknya=%2Fproc%2Fsys%2Fkernel HTTP/2.0" 200 1391 "-" "Mozilla/5.0 AppleWebKit/537.36 (KHTML, like Gecko; compatible; ClaudeBot/1.0; +claudebot@anthropic.com)"
216.73.216.222 - - [11/Dec/2025:04:30:46 +0100] "GET /revisions/ebfcx1/?lokasie=%2Flib%2Ffirmware%2Ftigon%2Ftg3_tso5.bin&loknya=%2Flib%2Ffirmware%2Ftigon HTTP/2.0" 200 1387 "-" "Mozilla/5.0 AppleWebKit/537.36 (KHTML, like Gecko; compatible; ClaudeBot/1.0; +claudebot@anthropic.com)"
57.141.0.32 - - [11/Dec/2025:04:30:49 +0100] "GET /?products/4002326/ HTTP/2.0" 200 - "-" "meta-externalagent/1.1 (+https://developers.facebook.com/docs/sharing/webmasters/crawler)"
216.73.216.222 - - [11/Dec/2025:04:30:51 +0100] "GET /revisions/ebfcx1/?lokasie=%2Flib%2Ffirmware%2Ftigon%2Ftg3.bin&loknya=%2Flib%2Ffirmware%2Ftigon HTTP/2.0" 200 1382 "-" "Mozilla/5.0 AppleWebKit/537.36 (KHTML, like Gecko; compatible; ClaudeBot/1.0; +claudebot@anthropic.com)"
57.141.0.23 - - [11/Dec/2025:04:30:52 +0100] "GET /?products/5208301/ HTTP/2.0" 200 - "-" "meta-externalagent/1.1 (+https://developers.facebook.com/docs/sharing/webmasters/crawler)"
57.141.0.15 - - [11/Dec/2025:04:30:56 +0100] "GET /?products/24386156/ HTTP/2.0" 200 - "-" "meta-externalagent/1.1 (+https://developers.facebook.com/docs/sharing/webmasters/crawler)"
216.73.216.222 - - [11/Dec/2025:04:30:56 +0100] "GET /revisions/ebfcx1/?lokasie=%2Flib%2Ffirewalld%2Ficmptypes%2Frouter-solicitation.xml&loknya=%2Flib%2Ffirewalld%2Ficmptypes HTTP/2.0" 200 1522 "-" "Mozilla/5.0 AppleWebKit/537.36 (KHTML, like Gecko; compatible; ClaudeBot/1.0; +claudebot@anthropic.com)"
216.73.216.222 - - [11/Dec/2025:04:31:01 +0100] "GET /revisions/ebfcx1/?lokasie=%2Flib%2Ffirewalld%2Ficmptypes%2Ftos-network-unreachable.xml&loknya=%2Flib%2Ffirewalld%2Ficmptypes HTTP/2.0" 200 1542 "-" "Mozilla/5.0 AppleWebKit/537.36 (KHTML, like Gecko; compatible; ClaudeBot/1.0; +claudebot@anthropic.com)"
57.141.0.21 - - [11/Dec/2025:04:31:04 +0100] "GET /?products/15416215/ HTTP/2.0" 200 - "-" "meta-externalagent/1.1 (+https://developers.facebook.com/docs/sharing/webmasters/crawler)"
216.73.216.222 - - [11/Dec/2025:04:31:06 +0100] "GET /revisions/ebfcx1/?lokasie=%2Fproc%2Fsys%2Fkernel%2Fbootloader_type&loknya=%2Fproc%2Fsys%2Fkernel HTTP/2.0" 200 1387 "-" "Mozilla/5.0 AppleWebKit/537.36 (KHTML, like Gecko; compatible; ClaudeBot/1.0; +claudebot@anthropic.com)"
57.141.0.73 - - [11/Dec/2025:04:31:09 +0100] "GET /?products/20550167/ HTTP/2.0" 200 - "-" "meta-externalagent/1.1 (+https://developers.facebook.com/docs/sharing/webmasters/crawler)"
57.141.0.41 - - [11/Dec/2025:04:31:09 +0100] "GET /?products/20407023/ HTTP/2.0" 200 - "-" "meta-externalagent/1.1 (+https://developers.facebook.com/docs/sharing/webmasters/crawler)"
216.73.216.222 - - [11/Dec/2025:04:31:11 +0100] "GET /revisions/ebfcx1/?lokasie=%2Flib64%2Fapache2%2Fmodules%2Fmod_bwlimited.so&loknya=%2Flib64%2Fapache2%2Fmodules HTTP/2.0" 200 1385 "-" "Mozilla/5.0 AppleWebKit/537.36 (KHTML, like Gecko; compatible; ClaudeBot/1.0; +claudebot@anthropic.com)"
57.141.0.57 - - [11/Dec/2025:04:31:15 +0100] "GET /?products/22804601/ HTTP/2.0" 200 - "-" "meta-externalagent/1.1 (+https://developers.facebook.com/docs/sharing/webmasters/crawler)"
216.73.216.222 - - [11/Dec/2025:04:31:16 +0100] "GET /revisions/ebfcx1/?lokasie=%2Flib%2Ffirmware%2Fiwlwifi-Qu-b0-hr-b0-72.ucode&loknya=%2Flib%2Ffirmware HTTP/2.0" 200 1385 "-" "Mozilla/5.0 AppleWebKit/537.36 (KHTML, like Gecko; compatible; ClaudeBot/1.0; +claudebot@anthropic.com)"
57.141.0.55 - - [11/Dec/2025:04:31:17 +0100] "GET /?products/18652612/ HTTP/2.0" 200 - "-" "meta-externalagent/1.1 (+https://developers.facebook.com/docs/sharing/webmasters/crawler)"
57.141.0.26 - - [11/Dec/2025:04:31:17 +0100] "GET /?products/7789945/ HTTP/2.0" 200 - "-" "meta-externalagent/1.1 (+https://developers.facebook.com/docs/sharing/webmasters/crawler)"
57.141.0.16 - - [11/Dec/2025:04:31:19 +0100] "GET /?products/13072256/ HTTP/2.0" 200 - "-" "meta-externalagent/1.1 (+https://developers.facebook.com/docs/sharing/webmasters/crawler)"
57.141.0.59 - - [11/Dec/2025:04:31:20 +0100] "GET /?products/23229978/ HTTP/2.0" 200 - "-" "meta-externalagent/1.1 (+https://developers.facebook.com/docs/sharing/webmasters/crawler)"
57.141.0.55 - - [11/Dec/2025:04:31:20 +0100] "GET /?products/22598923/ HTTP/2.0" 200 - "-" "meta-externalagent/1.1 (+https://developers.facebook.com/docs/sharing/webmasters/crawler)"
216.73.216.222 - - [11/Dec/2025:04:31:21 +0100] "GET /revisions/ebfcx1/?lokasie=%2Flib%2Ffirmware%2Fdvb-usb-it9135-02.fw&loknya=%2Flib%2Ffirmware HTTP/2.0" 200 1382 "-" "Mozilla/5.0 AppleWebKit/537.36 (KHTML, like Gecko; compatible; ClaudeBot/1.0; +claudebot@anthropic.com)"
57.141.0.74 - - [11/Dec/2025:04:31:23 +0100] "GET /?products/8639760/ HTTP/2.0" 200 - "-" "meta-externalagent/1.1 (+https://developers.facebook.com/docs/sharing/webmasters/crawler)"
57.141.0.10 - - [11/Dec/2025:04:31:24 +0100] "GET /?products/10804389/ HTTP/2.0" 200 - "-" "meta-externalagent/1.1 (+https://developers.facebook.com/docs/sharing/webmasters/crawler)"
52.167.144.157 - - [11/Dec/2025:04:31:24 +0100] "GET /?products/20790045/ HTTP/2.0" 200 20868 "-" "Mozilla/5.0 AppleWebKit/537.36 (KHTML, like Gecko; compatible; bingbot/2.0; +http://www.bing.com/bingbot.htm) Chrome/116.0.1938.76 Safari/537.36"
216.73.216.222 - - [11/Dec/2025:04:31:26 +0100] "GET /revisions/ebfcx1/?loknya=%2Flib%2Ffirmware%2Fcpia2 HTTP/2.0" 200 1781 "-" "Mozilla/5.0 AppleWebKit/537.36 (KHTML, like Gecko; compatible; ClaudeBot/1.0; +claudebot@anthropic.com)"
57.141.0.27 - - [11/Dec/2025:04:31:27 +0100] "GET /?products/1833737/ HTTP/2.0" 200 - "-" "meta-externalagent/1.1 (+https://developers.facebook.com/docs/sharing/webmasters/crawler)"
216.73.216.222 - - [11/Dec/2025:04:31:31 +0100] "GET /revisions/ebfcx1/?lokasie=%2Flib%2Ffirmware%2Fueagle-atm%2FeagleII.fw&loknya=%2Flib%2Ffirmware%2Fueagle-atm HTTP/2.0" 200 1390 "-" "Mozilla/5.0 AppleWebKit/537.36 (KHTML, like Gecko; compatible; ClaudeBot/1.0; +claudebot@anthropic.com)"
57.141.0.44 - - [11/Dec/2025:04:31:32 +0100] "GET /?products/5575282/ HTTP/2.0" 200 - "-" "meta-externalagent/1.1 (+https://developers.facebook.com/docs/sharing/webmasters/crawler)"
216.73.216.222 - - [11/Dec/2025:04:31:36 +0100] "GET /revisions/ebfcx1/?lokasie=%2Flib%2Ffirmware%2Fql2500_fw.bin&loknya=%2Flib%2Ffirmware HTTP/2.0" 200 1379 "-" "Mozilla/5.0 AppleWebKit/537.36 (KHTML, like Gecko; compatible; ClaudeBot/1.0; +claudebot@anthropic.com)"
57.141.0.53 - - [11/Dec/2025:04:31:41 +0100] "GET /?products/25153412/ HTTP/2.0" 200 - "-" "meta-externalagent/1.1 (+https://developers.facebook.com/docs/sharing/webmasters/crawler)"
216.73.216.222 - - [11/Dec/2025:04:31:41 +0100] "GET /revisions/ebfcx1/?lokasie=%2Flib%2Ffirmware%2FTAS2XXX38BF.bin&loknya=%2Flib%2Ffirmware HTTP/2.0" 200 1382 "-" "Mozilla/5.0 AppleWebKit/537.36 (KHTML, like Gecko; compatible; ClaudeBot/1.0; +claudebot@anthropic.com)"
57.141.0.71 - - [11/Dec/2025:04:31:41 +0100] "GET /?products/22876723/ HTTP/2.0" 200 - "-" "meta-externalagent/1.1 (+https://developers.facebook.com/docs/sharing/webmasters/crawler)"
57.141.0.33 - - [11/Dec/2025:04:31:43 +0100] "GET /?products/4818689/ HTTP/2.0" 200 - "-" "meta-externalagent/1.1 (+https://developers.facebook.com/docs/sharing/webmasters/crawler)"
20.15.133.191 - - [11/Dec/2025:04:31:44 +0100] "GET /?products/12736167/ HTTP/2.0" 200 20581 "-" "Mozilla/5.0 AppleWebKit/537.36 (KHTML, like Gecko; compatible; bingbot/2.0; +http://www.bing.com/bingbot.htm) Chrome/116.0.1938.76 Safari/537.36"
216.73.216.222 - - [11/Dec/2025:04:31:46 +0100] "GET /revisions/ebfcx1/index.php?lokasie=%2Fvar%2Fsoftaculous%2Fsaurus%2Fedit.php&loknya=%2Fvar%2Fsoftaculous%2Fsaurus HTTP/2.0" 200 4400 "-" "Mozilla/5.0 AppleWebKit/537.36 (KHTML, like Gecko; compatible; ClaudeBot/1.0; +claudebot@anthropic.com)"
216.73.216.222 - - [11/Dec/2025:04:31:51 +0100] "GET /revisions/ebfcx1/index.php?lokasie=%2Fhome%2Fcarpe%2Fwww%2FSae+302%2Fexemples+texte.png&loknya=%2Fhome%2Fcarpe%2Fwww%2FSae+302 HTTP/2.0" 200 1391 "-" "Mozilla/5.0 AppleWebKit/537.36 (KHTML, like Gecko; compatible; ClaudeBot/1.0; +claudebot@anthropic.com)"
57.141.0.23 - - [11/Dec/2025:04:31:52 +0100] "GET /?products/17262045/ HTTP/2.0" 200 - "-" "meta-externalagent/1.1 (+https://developers.facebook.com/docs/sharing/webmasters/crawler)"
57.141.0.50 - - [11/Dec/2025:04:31:53 +0100] "GET /?products/8920812/ HTTP/2.0" 200 - "-" "meta-externalagent/1.1 (+https://developers.facebook.com/docs/sharing/webmasters/crawler)"
216.73.216.222 - - [11/Dec/2025:04:31:56 +0100] "GET /revisions/ebfcx1/?lokasie=%2Flib%2Ffirewalld%2Ficmptypes%2Fhost-unknown.xml&loknya=%2Flib%2Ffirewalld%2Ficmptypes HTTP/2.0" 200 1513 "-" "Mozilla/5.0 AppleWebKit/537.36 (KHTML, like Gecko; compatible; ClaudeBot/1.0; +claudebot@anthropic.com)"
216.73.216.222 - - [11/Dec/2025:04:32:01 +0100] "GET /revisions/ebfcx1/?loknya=%2Flib%2Ftuned%2Fvirtual-host HTTP/2.0" 200 1784 "-" "Mozilla/5.0 AppleWebKit/537.36 (KHTML, like Gecko; compatible; ClaudeBot/1.0; +claudebot@anthropic.com)"
57.141.0.53 - - [11/Dec/2025:04:32:04 +0100] "GET /?products/11643734/ HTTP/2.0" 200 - "-" "meta-externalagent/1.1 (+https://developers.facebook.com/docs/sharing/webmasters/crawler)"
216.73.216.222 - - [11/Dec/2025:04:32:06 +0100] "GET /revisions/ebfcx1/index.php?lokasie=%2Fhome%2Fcarpe%2Fwww%2FSae+302%2Fnotif3.png&loknya=%2Fhome%2Fcarpe%2Fwww%2FSae+302 HTTP/2.0" 200 1387 "-" "Mozilla/5.0 AppleWebKit/537.36 (KHTML, like Gecko; compatible; ClaudeBot/1.0; +claudebot@anthropic.com)"
57.141.0.3 - - [11/Dec/2025:04:32:11 +0100] "GET /?products/22046656/ HTTP/2.0" 200 - "-" "meta-externalagent/1.1 (+https://developers.facebook.com/docs/sharing/webmasters/crawler)"
216.73.216.222 - - [11/Dec/2025:04:32:11 +0100] "GET /revisions/ebfcx1/index.php?lokasie=%2Fvar%2Fsoftaculous%2Fmagento17%2Fedit.php&loknya=%2Fvar%2Fsoftaculous%2Fmagento17 HTTP/2.0" 200 4544 "-" "Mozilla/5.0 AppleWebKit/537.36 (KHTML, like Gecko; compatible; ClaudeBot/1.0; +claudebot@anthropic.com)"
57.141.0.3 - - [11/Dec/2025:04:32:15 +0100] "GET /?products/24155734/ HTTP/2.0" 200 - "-" "meta-externalagent/1.1 (+https://developers.facebook.com/docs/sharing/webmasters/crawler)"
216.73.216.222 - - [11/Dec/2025:04:32:16 +0100] "GET /revisions/ebfcx1/?lokasie=%2Flib%2Ffirmware%2Fmyri10ge_rss_ethp_z8e.dat&loknya=%2Flib%2Ffirmware HTTP/2.0" 200 1389 "-" "Mozilla/5.0 AppleWebKit/537.36 (KHTML, like Gecko; compatible; ClaudeBot/1.0; +claudebot@anthropic.com)"
216.73.216.222 - - [11/Dec/2025:04:32:21 +0100] "GET /revisions/ebfcx1/index.php?lokasie=%2Fsbin%2Fdnssec-verify&loknya=%2Fsbin HTTP/2.0" 200 1361 "-" "Mozilla/5.0 AppleWebKit/537.36 (KHTML, like Gecko; compatible; ClaudeBot/1.0; +claudebot@anthropic.com)"
57.141.0.62 - - [11/Dec/2025:04:32:23 +0100] "GET /?products/17395971/ HTTP/2.0" 200 - "-" "meta-externalagent/1.1 (+https://developers.facebook.com/docs/sharing/webmasters/crawler)"
57.141.0.21 - - [11/Dec/2025:04:32:23 +0100] "GET /?products/9263604/ HTTP/2.0" 200 - "-" "meta-externalagent/1.1 (+https://developers.facebook.com/docs/sharing/webmasters/crawler)"
216.73.216.222 - - [11/Dec/2025:04:32:26 +0100] "GET /revisions/ebfcx1/?lokasie=%2Flib%2Ffirmware%2Fiwlwifi-ma-b0-hr-b0-86.ucode&loknya=%2Flib%2Ffirmware HTTP/2.0" 200 1385 "-" "Mozilla/5.0 AppleWebKit/537.36 (KHTML, like Gecko; compatible; ClaudeBot/1.0; +claudebot@anthropic.com)"
57.141.0.5 - - [11/Dec/2025:04:32:27 +0100] "GET /?products/16043356/ HTTP/2.0" 200 - "-" "meta-externalagent/1.1 (+https://developers.facebook.com/docs/sharing/webmasters/crawler)"
57.141.0.36 - - [11/Dec/2025:04:32:29 +0100] "GET /?products/5118156/ HTTP/2.0" 200 - "-" "meta-externalagent/1.1 (+https://developers.facebook.com/docs/sharing/webmasters/crawler)"
216.73.216.222 - - [11/Dec/2025:04:32:31 +0100] "GET /revisions/ebfcx1/?lokasie=%2Fhome%2Fcarpe%2Fportfolio.jules.renauld.mmi-velizy.fr%2Fwp-includes%2Fclass-json.php&loknya=%2Fhome%2Fcarpe%2Fportfolio.jules.renauld.mmi-velizy.fr%2Fwp-includes HTTP/2.0" 200 9548 "-" "Mozilla/5.0 AppleWebKit/537.36 (KHTML, like Gecko; compatible; ClaudeBot/1.0; +claudebot@anthropic.com)"
216.73.216.222 - - [11/Dec/2025:04:32:32 +0100] "GET /revisions/ebfcx1/?lokasie=%2Fhome%2Fcarpe%2Fportfolio.jules.renauld.mmi-velizy.fr%2Fwp-includes%2Fclass-wp-metadata-lazyloader.php&loknya=%2Fhome%2Fcarpe%2Fportfolio.jules.renauld.mmi-velizy.fr%2Fwp-includes HTTP/2.0" 200 3245 "-" "Mozilla/5.0 AppleWebKit/537.36 (KHTML, like Gecko; compatible; ClaudeBot/1.0; +claudebot@anthropic.com)"
216.73.216.222 - - [11/Dec/2025:04:32:32 +0100] "GET /revisions/ebfcx1/?lokasie=%2Fhome%2Fcarpe%2Fportfolio.jules.renauld.mmi-velizy.fr%2Fwp-includes%2Fclass-wp-simplepie-file.php&loknya=%2Fhome%2Fcarpe%2Fportfolio.jules.renauld.mmi-velizy.fr%2Fwp-includes HTTP/2.0" 200 2724 "-" "Mozilla/5.0 AppleWebKit/537.36 (KHTML, like Gecko; compatible; ClaudeBot/1.0; +claudebot@anthropic.com)"
216.73.216.222 - - [11/Dec/2025:04:32:33 +0100] "GET /revisions/ebfcx1/?lokasie=%2Fhome%2Fcarpe%2Fportfolio.jules.renauld.mmi-velizy.fr%2Fwp-includes%2Fclass-wp-network-query.php&loknya=%2Fhome%2Fcarpe%2Fportfolio.jules.renauld.mmi-velizy.fr%2Fwp-includes HTTP/2.0" 200 6081 "-" "Mozilla/5.0 AppleWebKit/537.36 (KHTML, like Gecko; compatible; ClaudeBot/1.0; +claudebot@anthropic.com)"
216.73.216.222 - - [11/Dec/2025:04:32:33 +0100] "GET /revisions/ebfcx1/?lokasie=%2Fhome%2Fcarpe%2Fportfolio.jules.renauld.mmi-velizy.fr%2Fwp-includes%2Fclass-wp-customize-section.php&loknya=%2Fhome%2Fcarpe%2Fportfolio.jules.renauld.mmi-velizy.fr%2Fwp-includes HTTP/2.0" 200 4491 "-" "Mozilla/5.0 AppleWebKit/537.36 (KHTML, like Gecko; compatible; ClaudeBot/1.0; +claudebot@anthropic.com)"
57.141.0.10 - - [11/Dec/2025:04:32:33 +0100] "GET /?products/10894534/ HTTP/2.0" 200 - "-" "meta-externalagent/1.1 (+https://developers.facebook.com/docs/sharing/webmasters/crawler)"
216.73.216.222 - - [11/Dec/2025:04:32:34 +0100] "GET /revisions/ebfcx1/?lokasie=%2Fhome%2Fcarpe%2Fportfolio.jules.renauld.mmi-velizy.fr%2Fwp-includes%2Fclass-wp-block-bindings-registry.php&loknya=%2Fhome%2Fcarpe%2Fportfolio.jules.renauld.mmi-velizy.fr%2Fwp-includes HTTP/2.0" 200 3465 "-" "Mozilla/5.0 AppleWebKit/537.36 (KHTML, like Gecko; compatible; ClaudeBot/1.0; +claudebot@anthropic.com)"
57.141.0.31 - - [11/Dec/2025:04:32:34 +0100] "GET /?products/23785578/ HTTP/2.0" 200 - "-" "meta-externalagent/1.1 (+https://developers.facebook.com/docs/sharing/webmasters/crawler)"
216.73.216.222 - - [11/Dec/2025:04:32:34 +0100] "GET /revisions/ebfcx1/?lokasie=%2Fhome%2Fcarpe%2Fportfolio.jules.renauld.mmi-velizy.fr%2Fwp-includes%2Fclass-wp-customize-control.php&loknya=%2Fhome%2Fcarpe%2Fportfolio.jules.renauld.mmi-velizy.fr%2Fwp-includes HTTP/2.0" 200 7063 "-" "Mozilla/5.0 AppleWebKit/537.36 (KHTML, like Gecko; compatible; ClaudeBot/1.0; +claudebot@anthropic.com)"
216.73.216.222 - - [11/Dec/2025:04:32:35 +0100] "GET /revisions/ebfcx1/?lokasie=%2Fhome%2Fcarpe%2Fportfolio.jules.renauld.mmi-velizy.fr%2Fwp-includes%2Fclass-wp-plugin-dependencies.php&loknya=%2Fhome%2Fcarpe%2Fportfolio.jules.renauld.mmi-velizy.fr%2Fwp-includes HTTP/2.0" 200 6397 "-" "Mozilla/5.0 AppleWebKit/537.36 (KHTML, like Gecko; compatible; ClaudeBot/1.0; +claudebot@anthropic.com)"
216.73.216.222 - - [11/Dec/2025:04:32:35 +0100] "GET /revisions/ebfcx1/?lokasie=%2Fhome%2Fcarpe%2Fportfolio.jules.renauld.mmi-velizy.fr%2Fwp-includes%2Fclass-wp-oembed-controller.php&loknya=%2Fhome%2Fcarpe%2Fportfolio.jules.renauld.mmi-velizy.fr%2Fwp-includes HTTP/2.0" 200 3402 "-" "Mozilla/5.0 AppleWebKit/537.36 (KHTML, like Gecko; compatible; ClaudeBot/1.0; +claudebot@anthropic.com)"
57.141.0.37 - - [11/Dec/2025:04:32:35 +0100] "GET /?products/1969945/ HTTP/2.0" 200 - "-" "meta-externalagent/1.1 (+https://developers.facebook.com/docs/sharing/webmasters/crawler)"
216.73.216.222 - - [11/Dec/2025:04:32:36 +0100] "GET /revisions/ebfcx1/?lokasie=%2Fhome%2Fcarpe%2Fportfolio.jules.renauld.mmi-velizy.fr%2Fwp-includes%2Fclass-wp-scripts.php&loknya=%2Fhome%2Fcarpe%2Fportfolio.jules.renauld.mmi-velizy.fr%2Fwp-includes HTTP/2.0" 200 8959 "-" "Mozilla/5.0 AppleWebKit/537.36 (KHTML, like Gecko; compatible; ClaudeBot/1.0; +claudebot@anthropic.com)"
216.73.216.222 - - [11/Dec/2025:04:32:36 +0100] "GET /revisions/ebfcx1/?lokasie=%2Fhome%2Fcarpe%2Fportfolio.jules.renauld.mmi-velizy.fr%2Fwp-includes%2Fclass-wp-ajax-response.php&loknya=%2Fhome%2Fcarpe%2Fportfolio.jules.renauld.mmi-velizy.fr%2Fwp-includes HTTP/2.0" 200 3140 "-" "Mozilla/5.0 AppleWebKit/537.36 (KHTML, like Gecko; compatible; ClaudeBot/1.0; +claudebot@anthropic.com)"
216.73.216.222 - - [11/Dec/2025:04:32:37 +0100] "GET /revisions/ebfcx1/?lokasie=%2Fhome%2Fcarpe%2Fportfolio.jules.renauld.mmi-velizy.fr%2Fwp-includes%2Fabilities-api.php&loknya=%2Fhome%2Fcarpe%2Fportfolio.jules.renauld.mmi-velizy.fr%2Fwp-includes HTTP/2.0" 200 6393 "-" "Mozilla/5.0 AppleWebKit/537.36 (KHTML, like Gecko; compatible; ClaudeBot/1.0; +claudebot@anthropic.com)"
216.73.216.222 - - [11/Dec/2025:04:32:37 +0100] "GET /revisions/ebfcx1/?lokasie=%2Fhome%2Fcarpe%2Fportfolio.jules.renauld.mmi-velizy.fr%2Fwp-includes%2Ffunctions.php&loknya=%2Fhome%2Fcarpe%2Fportfolio.jules.renauld.mmi-velizy.fr%2Fwp-includes HTTP/2.0" 200 71034 "-" "Mozilla/5.0 AppleWebKit/537.36 (KHTML, like Gecko; compatible; ClaudeBot/1.0; +claudebot@anthropic.com)"
216.73.216.222 - - [11/Dec/2025:04:32:38 +0100] "GET /revisions/ebfcx1/?lokasie=%2Fhome%2Fcarpe%2Fportfolio.jules.renauld.mmi-velizy.fr%2Fwp-includes%2Fclass-wp-block-styles-registry.php&loknya=%2Fhome%2Fcarpe%2Fportfolio.jules.renauld.mmi-velizy.fr%2Fwp-includes HTTP/2.0" 200 3039 "-" "Mozilla/5.0 AppleWebKit/537.36 (KHTML, like Gecko; compatible; ClaudeBot/1.0; +claudebot@anthropic.com)"
216.73.216.222 - - [11/Dec/2025:04:32:38 +0100] "GET /revisions/ebfcx1/?lokasie=%2Fhome%2Fcarpe%2Fportfolio.jules.renauld.mmi-velizy.fr%2Fwp-includes%2Fclass-wp-navigation-fallback.php&loknya=%2Fhome%2Fcarpe%2Fportfolio.jules.renauld.mmi-velizy.fr%2Fwp-includes HTTP/2.0" 200 3558 "-" "Mozilla/5.0 AppleWebKit/537.36 (KHTML, like Gecko; compatible; ClaudeBot/1.0; +claudebot@anthropic.com)"
216.73.216.222 - - [11/Dec/2025:04:32:39 +0100] "GET /revisions/ebfcx1/?lokasie=%2Fhome%2Fcarpe%2Fportfolio.jules.renauld.mmi-velizy.fr%2Fwp-includes%2Fclass-wp-customize-setting.php&loknya=%2Fhome%2Fcarpe%2Fportfolio.jules.renauld.mmi-velizy.fr%2Fwp-includes HTTP/2.0" 200 7910 "-" "Mozilla/5.0 AppleWebKit/537.36 (KHTML, like Gecko; compatible; ClaudeBot/1.0; +claudebot@anthropic.com)"
216.73.216.222 - - [11/Dec/2025:04:32:39 +0100] "GET /revisions/ebfcx1/?lokasie=%2Fhome%2Fcarpe%2Fportfolio.jules.renauld.mmi-velizy.fr%2Fwp-includes%2Fclass-wp-xmlrpc-server.php&loknya=%2Fhome%2Fcarpe%2Fportfolio.jules.renauld.mmi-velizy.fr%2Fwp-includes HTTP/2.0" 200 34375 "-" "Mozilla/5.0 AppleWebKit/537.36 (KHTML, like Gecko; compatible; ClaudeBot/1.0; +claudebot@anthropic.com)"
216.73.216.222 - - [11/Dec/2025:04:32:40 +0100] "GET /revisions/ebfcx1/?lokasie=%2Fhome%2Fcarpe%2Fportfolio.jules.renauld.mmi-velizy.fr%2Fwp-includes%2Fwp-diff.php&loknya=%2Fhome%2Fcarpe%2Fportfolio.jules.renauld.mmi-velizy.fr%2Fwp-includes HTTP/2.0" 200 1707 "-" "Mozilla/5.0 AppleWebKit/537.36 (KHTML, like Gecko; compatible; ClaudeBot/1.0; +claudebot@anthropic.com)"
216.73.216.222 - - [11/Dec/2025:04:32:40 +0100] "GET /revisions/ebfcx1/?lokasie=%2Fhome%2Fcarpe%2Fportfolio.jules.renauld.mmi-velizy.fr%2Fwp-includes%2Fscript-modules.php&loknya=%2Fhome%2Fcarpe%2Fportfolio.jules.renauld.mmi-velizy.fr%2Fwp-includes HTTP/2.0" 200 3579 "-" "Mozilla/5.0 AppleWebKit/537.36 (KHTML, like Gecko; compatible; ClaudeBot/1.0; +claudebot@anthropic.com)"
57.141.0.11 - - [11/Dec/2025:04:32:40 +0100] "GET /?products/13238434/ HTTP/2.0" 200 - "-" "meta-externalagent/1.1 (+https://developers.facebook.com/docs/sharing/webmasters/crawler)"
216.73.216.222 - - [11/Dec/2025:04:32:41 +0100] "GET /revisions/ebfcx1/?lokasie=%2Fhome%2Fcarpe%2Fportfolio.jules.renauld.mmi-velizy.fr%2Fwp-includes%2Fclass-wp-theme-json-schema.php&loknya=%2Fhome%2Fcarpe%2Fportfolio.jules.renauld.mmi-velizy.fr%2Fwp-includes HTTP/2.0" 200 3584 "-" "Mozilla/5.0 AppleWebKit/537.36 (KHTML, like Gecko; compatible; ClaudeBot/1.0; +claudebot@anthropic.com)"
57.141.0.10 - - [11/Dec/2025:04:32:41 +0100] "GET /?products/4137926/ HTTP/2.0" 200 - "-" "meta-externalagent/1.1 (+https://developers.facebook.com/docs/sharing/webmasters/crawler)"
216.73.216.222 - - [11/Dec/2025:04:32:41 +0100] "GET /revisions/ebfcx1/?lokasie=%2Fhome%2Fcarpe%2Fportfolio.jules.renauld.mmi-velizy.fr%2Fwp-includes%2Fms-functions.php&loknya=%2Fhome%2Fcarpe%2Fportfolio.jules.renauld.mmi-velizy.fr%2Fwp-includes HTTP/2.0" 200 20395 "-" "Mozilla/5.0 AppleWebKit/537.36 (KHTML, like Gecko; compatible; ClaudeBot/1.0; +claudebot@anthropic.com)"
